132.191.1.237 - - [15/Jun/2025:01:35:21 -0500] "GET /wp-admin/js/iris.min.js?ver=1.1.1 HTTP/1.1" 200 8092 "http://dev.todocafe.pe/wp-admin/post.php?post=7&action=edit" "Mozilla/5.0 (X11; Linux x86_64; rv:134.0) Gecko/20100101 Firefox/134.0"
132.191.1.237 - - [15/Jun/2025:01:35:21 -0500] "GET /wp-admin/js/color-picker.min.js?ver=6.7 HTTP/1.1" 200 1217 "http://dev.todocafe.pe/wp-admin/post.php?post=7&action=edit" "Mozilla/5.0 (X11; Linux x86_64; rv:134.0) Gecko/20100101 Firefox/134.0"
132.191.1.237 - - [15/Jun/2025:01:35:22 -0500] "GET /wp-content/plugins/elementor/assets/js/ai-gutenberg.min.js?ver=3.29.2 HTTP/1.1" 200 162787 "http://dev.todocafe.pe/wp-admin/post.php?post=7&action=edit" "Mozilla/5.0 (X11; Linux x86_64; rv:134.0) Gecko/20100101 Firefox/134.0"
132.191.1.237 - - [15/Jun/2025:01:35:22 -0500] "GET /wp-json/wp/v2/users/me?context=edit&_locale=user HTTP/1.1" 200 804 "http://dev.todocafe.pe/wp-admin/post.php?post=7&action=edit" "Mozilla/5.0 (X11; Linux x86_64; rv:134.0) Gecko/20100101 Firefox/134.0"
132.191.1.237 - - [15/Jun/2025:01:35:22 -0500] "GET /wp-includes/js/dist/block-editor.min.js?ver=dc2875dbcee52519979b HTTP/1.1" 200 255619 "http://dev.todocafe.pe/wp-admin/post.php?post=7&action=edit" "Mozilla/5.0 (X11; Linux x86_64; rv:134.0) Gecko/20100101 Firefox/134.0"
132.191.1.237 - - [15/Jun/2025:01:35:23 -0500] "GET /wp-includes/css/dist/components/style.min.css?ver=6.7 HTTP/1.1" 200 12428 "-" "Mozilla/5.0 (X11; Linux x86_64; rv:134.0) Gecko/20100101 Firefox/134.0"
132.191.1.237 - - [15/Jun/2025:01:35:23 -0500] "GET /wp-includes/css/dist/preferences/style.min.css?ver=6.7 HTTP/1.1" 200 567 "-" "Mozilla/5.0 (X11; Linux x86_64; rv:134.0) Gecko/20100101 Firefox/134.0"
132.191.1.237 - - [15/Jun/2025:01:35:23 -0500] "GET /wp-includes/css/dist/block-editor/style.min.css?ver=6.7 HTTP/1.1" 200 16081 "-" "Mozilla/5.0 (X11; Linux x86_64; rv:134.0) Gecko/20100101 Firefox/134.0"
132.191.1.237 - - [15/Jun/2025:01:35:23 -0500] "GET /wp-includes/css/dist/reusable-blocks/style.min.css?ver=6.7 HTTP/1.1" 200 268 "-" "Mozilla/5.0 (X11; Linux x86_64; rv:134.0) Gecko/20100101 Firefox/134.0"
132.191.1.237 - - [15/Jun/2025:01:35:23 -0500] "GET /wp-includes/css/dist/editor/style.min.css?ver=6.7 HTTP/1.1" 200 9442 "-" "Mozilla/5.0 (X11; Linux x86_64; rv:134.0) Gecko/20100101 Firefox/134.0"
132.191.1.237 - - [15/Jun/2025:01:35:23 -0500] "GET /wp-includes/css/dist/patterns/style.min.css?ver=6.7 HTTP/1.1" 200 699 "-" "Mozilla/5.0 (X11; Linux x86_64; rv:134.0) Gecko/20100101 Firefox/134.0"
132.191.1.237 - - [15/Jun/2025:01:35:23 -0500] "GET /wp-admin/css/common.min.css?ver=6.7 HTTP/1.1" 200 13032 "-" "Mozilla/5.0 (X11; Linux x86_64; rv:134.0) Gecko/20100101 Firefox/134.0"
132.191.1.237 - - [15/Jun/2025:01:35:23 -0500] "GET /favicon.ico HTTP/1.1" 302 5 "http://dev.todocafe.pe/wp-admin/post.php?post=7&action=edit" "Mozilla/5.0 (X11; Linux x86_64; rv:134.0) Gecko/20100101 Firefox/134.0"
132.191.1.237 - - [15/Jun/2025:01:35:23 -0500] "GET /wp-includes/css/dist/block-library/reset.min.css?ver=6.7 HTTP/1.1" 200 489 "-" "Mozilla/5.0 (X11; Linux x86_64; rv:134.0) Gecko/20100101 Firefox/134.0"
132.191.1.237 - - [15/Jun/2025:01:35:24 -0500] "GET /wp-includes/css/dist/block-library/style.min.css?ver=6.7 HTTP/1.1" 200 15190 "-" "Mozilla/5.0 (X11; Linux x86_64; rv:134.0) Gecko/20100101 Firefox/134.0"
132.191.1.237 - - [15/Jun/2025:01:35:24 -0500] "GET /wp-includes/css/dist/edit-post/classic.min.css?ver=6.7 HTTP/1.1" 200 619 "-" "Mozilla/5.0 (X11; Linux x86_64; rv:134.0) Gecko/20100101 Firefox/134.0"
132.191.1.237 - - [15/Jun/2025:01:35:24 -0500] "GET /wp-includes/css/dist/block-editor/content.min.css?ver=6.7 HTTP/1.1" 200 4672 "-" "Mozilla/5.0 (X11; Linux x86_64; rv:134.0) Gecko/20100101 Firefox/134.0"
132.191.1.237 - - [15/Jun/2025:01:35:24 -0500] "GET /wp-includes/css/dist/block-library/theme.min.css?ver=6.7 HTTP/1.1" 200 729 "-" "Mozilla/5.0 (X11; Linux x86_64; rv:134.0) Gecko/20100101 Firefox/134.0"
132.191.1.237 - - [15/Jun/2025:01:35:24 -0500] "GET /wp-includes/css/dist/block-library/editor.min.css?ver=6.7 HTTP/1.1" 200 11836 "-" "Mozilla/5.0 (X11; Linux x86_64; rv:134.0) Gecko/20100101 Firefox/134.0"
132.191.1.237 - - [15/Jun/2025:01:35:24 -0500] "GET /wp-admin/load-scripts.php?c=0&load%5Bchunk_0%5D=wp-polyfill&ver=6.7 HTTP/1.1" 200 13529 "-" "Mozilla/5.0 (X11; Linux x86_64; rv:134.0) Gecko/20100101 Firefox/134.0"
132.191.1.237 - - [15/Jun/2025:01:35:24 -0500] "POST /wp-json/wp/v2/users/me?_locale=user HTTP/1.1" 200 847 "http://dev.todocafe.pe/wp-admin/post.php?post=7&action=edit" "Mozilla/5.0 (X11; Linux x86_64; rv:134.0) Gecko/20100101 Firefox/134.0"
132.191.1.237 - - [15/Jun/2025:01:35:25 -0500] "OPTIONS /wp-json/wp/v2/settings?_locale=user HTTP/1.1" 200 1248 "http://dev.todocafe.pe/wp-admin/post.php?post=7&action=edit" "Mozilla/5.0 (X11; Linux x86_64; rv:134.0) Gecko/20100101 Firefox/134.0"
132.191.1.237 - - [15/Jun/2025:01:35:25 -0500] "GET /wp-json/?_fields=description%2Cgmt_offset%2Chome%2Cname%2Csite_icon%2Csite_icon_url%2Csite_logo%2Ctimezone_string%2Curl&_locale=user HTTP/1.1" 200 174 "http://dev.todocafe.pe/wp-admin/post.php?post=7&action=edit" "Mozilla/5.0 (X11; Linux x86_64; rv:134.0) Gecko/20100101 Firefox/134.0"
132.191.1.237 - - [15/Jun/2025:01:35:26 -0500] "GET /wp-json/wp/v2/block-patterns/categories?_locale=user HTTP/1.1" 200 770 "http://dev.todocafe.pe/wp-admin/post.php?post=7&action=edit" "Mozilla/5.0 (X11; Linux x86_64; rv:134.0) Gecko/20100101 Firefox/134.0"
132.191.1.237 - - [15/Jun/2025:01:35:26 -0500] "GET /wp-json/wp/v2/users?context=view&who=authors&per_page=50&_fields=id%2Cname&_locale=user HTTP/1.1" 200 73 "http://dev.todocafe.pe/wp-admin/post.php?post=7&action=edit" "Mozilla/5.0 (X11; Linux x86_64; rv:134.0) Gecko/20100101 Firefox/134.0"
132.191.1.237 - - [15/Jun/2025:01:35:26 -0500] "GET /wp-json/wp/v2/blocks?context=edit&per_page=100&_locale=user HTTP/1.1" 200 44 "http://dev.todocafe.pe/wp-admin/post.php?post=7&action=edit" "Mozilla/5.0 (X11; Linux x86_64; rv:134.0) Gecko/20100101 Firefox/134.0"
132.191.1.237 - - [15/Jun/2025:01:35:26 -0500] "GET /wp-includes/images/w-logo-blue-white-bg.png HTTP/1.1" 200 4157 "http://dev.todocafe.pe/wp-admin/post.php?post=7&action=edit" "Mozilla/5.0 (X11; Linux x86_64; rv:134.0) Gecko/20100101 Firefox/134.0"
132.191.1.237 - - [15/Jun/2025:01:35:27 -0500] "GET /wp-json/wp/v2/types?context=view&_locale=user HTTP/1.1" 200 861 "http://dev.todocafe.pe/wp-admin/post.php?post=7&action=edit" "Mozilla/5.0 (X11; Linux x86_64; rv:134.0) Gecko/20100101 Firefox/134.0"
132.191.1.237 - - [15/Jun/2025:01:35:27 -0500] "GET /wp-json/wp/v2/taxonomies?context=edit&per_page=100&_locale=user HTTP/1.1" 200 1651 "http://dev.todocafe.pe/wp-admin/post.php?post=7&action=edit" "Mozilla/5.0 (X11; Linux x86_64; rv:134.0) Gecko/20100101 Firefox/134.0"
132.191.1.237 - - [15/Jun/2025:01:35:27 -0500] "GET /wp-json/wp/v2/wp_pattern_category?context=view&per_page=100&_fields=id%2Cname%2Cdescription%2Cslug&_locale=user HTTP/1.1" 200 44 "http://dev.todocafe.pe/wp-admin/post.php?post=7&action=edit" "Mozilla/5.0 (X11; Linux x86_64; rv:134.0) Gecko/20100101 Firefox/134.0"
132.191.1.237 - - [15/Jun/2025:01:35:27 -0500] "GET /wp-json/wp/v2/users/1?context=view&_fields=id%2Cname&_locale=user HTTP/1.1" 200 71 "http://dev.todocafe.pe/wp-admin/post.php?post=7&action=edit" "Mozilla/5.0 (X11; Linux x86_64; rv:134.0) Gecko/20100101 Firefox/134.0"
132.191.1.237 - - [15/Jun/2025:01:35:28 -0500] "GET /wp-json/wp/v2/block-patterns/patterns?_locale=user HTTP/1.1" 200 37664 "http://dev.todocafe.pe/wp-admin/post.php?post=7&action=edit" "Mozilla/5.0 (X11; Linux x86_64; rv:134.0) Gecko/20100101 Firefox/134.0"
132.191.1.237 - - [15/Jun/2025:01:35:34 -0500] "POST /wp-admin/admin-ajax.php HTTP/1.1" 200 124 "http://dev.todocafe.pe/wp-admin/post.php?post=7&action=edit" "Mozilla/5.0 (X11; Linux x86_64; rv:134.0) Gecko/20100101 Firefox/134.0"
52.21.90.90 - - [15/Jun/2025:01:35:48 -0500] "GET / HTTP/1.1" 301 5 "-" "okhttp/4.9.2"
132.191.1.237 - - [15/Jun/2025:01:35:49 -0500] "POST /wp-json/wp/v2/users/me?_locale=user HTTP/1.1" 200 872 "http://dev.todocafe.pe/wp-admin/post.php?post=7&action=edit" "Mozilla/5.0 (X11; Linux x86_64; rv:134.0) Gecko/20100101 Firefox/134.0"
52.21.90.90 - - [15/Jun/2025:01:35:50 -0500] "GET / HTTP/1.1" 200 7332 "-" "okhttp/4.9.2"
132.191.1.237 - - [15/Jun/2025:01:35:51 -0500] "POST /wp-admin/admin-ajax.php HTTP/1.1" 499 0 "http://dev.todocafe.pe/wp-admin/post.php?post=7&action=edit" "Mozilla/5.0 (X11; Linux x86_64; rv:134.0) Gecko/20100101 Firefox/134.0"
132.191.1.237 - - [15/Jun/2025:01:35:51 -0500] "GET /wp-admin/edit.php?post_type=page HTTP/1.1" 200 45869 "http://dev.todocafe.pe/wp-admin/post.php?post=7&action=edit" "Mozilla/5.0 (X11; Linux x86_64; rv:134.0) Gecko/20100101 Firefox/134.0"
132.191.1.237 - - [15/Jun/2025:01:35:51 -0500] "GET /wp-admin/js/tags-suggest.min.js?ver=6.7 HTTP/1.1" 200 1097 "http://dev.todocafe.pe/wp-admin/edit.php?post_type=page" "Mozilla/5.0 (X11; Linux x86_64; rv:134.0) Gecko/20100101 Firefox/134.0"
132.191.1.237 - - [15/Jun/2025:01:35:51 -0500] "GET /wp-admin/js/inline-edit-post.min.js?ver=6.7 HTTP/1.1" 200 3320 "http://dev.todocafe.pe/wp-admin/edit.php?post_type=page" "Mozilla/5.0 (X11; Linux x86_64; rv:134.0) Gecko/20100101 Firefox/134.0"
132.191.1.237 - - [15/Jun/2025:01:35:51 -0500] "POST /wp-admin/admin-ajax.php HTTP/1.1" 200 1 "http://dev.todocafe.pe/wp-admin/post.php?post=7&action=edit" "Mozilla/5.0 (X11; Linux x86_64; rv:134.0) Gecko/20100101 Firefox/134.0"
52.21.90.90 - - [15/Jun/2025:01:35:51 -0500] "GET /favicon.ico HTTP/1.1" 302 5 "-" "okhttp/4.9.2"
52.21.90.90 - - [15/Jun/2025:01:35:52 -0500] "GET /wp-includes/images/w-logo-blue-white-bg.png HTTP/1.1" 200 4157 "-" "okhttp/4.9.2"
132.191.1.237 - - [15/Jun/2025:01:35:52 -0500] "POST /wp-admin/admin-ajax.php HTTP/1.1" 200 89 "http://dev.todocafe.pe/wp-admin/edit.php?post_type=page" "Mozilla/5.0 (X11; Linux x86_64; rv:134.0) Gecko/20100101 Firefox/134.0"
52.21.90.90 - - [15/Jun/2025:01:35:53 -0500] "GET /favicon.png HTTP/1.1" 404 6493 "-" "okhttp/4.9.2"
132.191.1.237 - - [15/Jun/2025:01:35:57 -0500] "GET /wp-admin/plugin-install.php?tab=plugin-information&plugin=contact-form-7& HTTP/1.1" 200 43510 "http://dev.todocafe.pe/wp-admin/edit.php?post_type=page" "Mozilla/5.0 (X11; Linux x86_64; rv:134.0) Gecko/20100101 Firefox/134.0"
132.191.1.237 - - [15/Jun/2025:01:36:01 -0500] "POST /wp-admin/admin-ajax.php HTTP/1.1" 200 209 "http://dev.todocafe.pe/wp-admin/plugin-install.php?tab=plugin-information&plugin=contact-form-7" "Mozilla/5.0 (X11; Linux x86_64; rv:134.0) Gecko/20100101 Firefox/134.0"
132.191.1.237 - - [15/Jun/2025:01:36:02 -0500] "POST /wp-admin/admin-ajax.php HTTP/1.1" 200 89 "http://dev.todocafe.pe/wp-admin/edit.php?post_type=page" "Mozilla/5.0 (X11; Linux x86_64; rv:134.0) Gecko/20100101 Firefox/134.0"
132.191.1.237 - - [15/Jun/2025:01:36:03 -0500] "POST /wp-admin/admin-ajax.php HTTP/1.1" 200 235 "http://dev.todocafe.pe/wp-admin/plugin-install.php?tab=plugin-information&plugin=contact-form-7" "Mozilla/5.0 (X11; Linux x86_64; rv:134.0) Gecko/20100101 Firefox/134.0"
52.21.90.90 - - [15/Jun/2025:01:36:05 -0500] "GET / HTTP/1.1" 301 5 "-" "Mozilla/5.0 (X11; Linux aarch64) AppleWebKit/537.36 (KHTML, like Gecko) HeadlessChrome/131.0.6778.33 Safari/537.36"
52.21.90.90 - - [15/Jun/2025:01:36:06 -0500] "GET /wp-includes/css/dist/block-library/style.min.css?ver=6.7 HTTP/1.1" 200 15190 "https://dev.todocafe.pe/" "Mozilla/5.0 (X11; Linux aarch64) AppleWebKit/537.36 (KHTML, like Gecko) HeadlessChrome/131.0.6778.33 Safari/537.36"
52.21.90.90 - - [15/Jun/2025:01:36:06 -0500] "GET /wp-content/themes/benous/assets/css/libs.css?ver=6.7 HTTP/1.1" 200 50125 "https://dev.todocafe.pe/" "Mozilla/5.0 (X11; Linux aarch64) AppleWebKit/537.36 (KHTML, like Gecko) HeadlessChrome/131.0.6778.33 Safari/537.36"
52.21.90.90 - - [15/Jun/2025:01:36:06 -0500] "GET /wp-content/uploads/wp-less-cache/benous-theme-styles.css?ver=1749969350 HTTP/1.1" 200 63970 "https://dev.todocafe.pe/" "Mozilla/5.0 (X11; Linux aarch64) AppleWebKit/537.36 (KHTML, like Gecko) HeadlessChrome/131.0.6778.33 Safari/537.36"
52.21.90.90 - - [15/Jun/2025:01:36:06 -0500] "GET /wp-content/themes/benous-child/style.css?ver=6.7 HTTP/1.1" 200 218 "https://dev.todocafe.pe/" "Mozilla/5.0 (X11; Linux aarch64) AppleWebKit/537.36 (KHTML, like Gecko) HeadlessChrome/131.0.6778.33 Safari/537.36"
52.21.90.90 - - [15/Jun/2025:01:36:06 -0500] "GET /wp-content/themes/benous/style.css?ver=6.7 HTTP/1.1" 200 23145 "https://dev.todocafe.pe/" "Mozilla/5.0 (X11; Linux aarch64) AppleWebKit/537.36 (KHTML, like Gecko) HeadlessChrome/131.0.6778.33 Safari/537.36"
52.21.90.90 - - [15/Jun/2025:01:36:06 -0500] "GET /wp-includes/js/jquery/jquery.min.js?ver=3.7.1 HTTP/1.1" 200 30432 "https://dev.todocafe.pe/" "Mozilla/5.0 (X11; Linux aarch64) AppleWebKit/537.36 (KHTML, like Gecko) HeadlessChrome/131.0.6778.33 Safari/537.36"
52.21.90.90 - - [15/Jun/2025:01:36:06 -0500] "GET / HTTP/1.1" 200 7332 "-" "Mozilla/5.0 (X11; Linux aarch64) AppleWebKit/537.36 (KHTML, like Gecko) HeadlessChrome/131.0.6778.33 Safari/537.36"
52.21.90.90 - - [15/Jun/2025:01:36:06 -0500] "GET /wp-content/themes/benous/assets/js/bootstrap.js?ver=6.7 HTTP/1.1" 200 9753 "https://dev.todocafe.pe/" "Mozilla/5.0 (X11; Linux aarch64) AppleWebKit/537.36 (KHTML, like Gecko) HeadlessChrome/131.0.6778.33 Safari/537.36"
52.21.90.90 - - [15/Jun/2025:01:36:06 -0500] "GET /wp-includes/js/jquery/jquery-migrate.min.js?ver=3.4.1 HTTP/1.1" 200 4885 "https://dev.todocafe.pe/" "Mozilla/5.0 (X11; Linux aarch64) AppleWebKit/537.36 (KHTML, like Gecko) HeadlessChrome/131.0.6778.33 Safari/537.36"
52.21.90.90 - - [15/Jun/2025:01:36:06 -0500] "GET /wp-includes/js/imagesloaded.min.js?ver=5.0.0 HTTP/1.1" 200 1815 "https://dev.todocafe.pe/" "Mozilla/5.0 (X11; Linux aarch64) AppleWebKit/537.36 (KHTML, like Gecko) HeadlessChrome/131.0.6778.33 Safari/537.36"
52.21.90.90 - - [15/Jun/2025:01:36:06 -0500] "GET /wp-includes/js/masonry.min.js?ver=4.2.2 HTTP/1.1" 200 7395 "https://dev.todocafe.pe/" "Mozilla/5.0 (X11; Linux aarch64) AppleWebKit/537.36 (KHTML, like Gecko) HeadlessChrome/131.0.6778.33 Safari/537.36"
52.21.90.90 - - [15/Jun/2025:01:36:06 -0500] "GET /wp-content/themes/benous/assets/js/lib/jquery.smooth-scroll.js?ver=6.7 HTTP/1.1" 200 1493 "https://dev.todocafe.pe/" "Mozilla/5.0 (X11; Linux aarch64) AppleWebKit/537.36 (KHTML, like Gecko) HeadlessChrome/131.0.6778.33 Safari/537.36"
52.21.90.90 - - [15/Jun/2025:01:36:06 -0500] "GET /wp-content/themes/benous/assets/js/lib/owl.carousel.js?ver=6.7 HTTP/1.1" 200 11428 "https://dev.todocafe.pe/" "Mozilla/5.0 (X11; Linux aarch64) AppleWebKit/537.36 (KHTML, like Gecko) HeadlessChrome/131.0.6778.33 Safari/537.36"
52.21.90.90 - - [15/Jun/2025:01:36:06 -0500] "GET /wp-content/themes/benous/assets/js/lib/jsparallax.js?ver=6.7 HTTP/1.1" 200 1335 "https://dev.todocafe.pe/" "Mozilla/5.0 (X11; Linux aarch64) AppleWebKit/537.36 (KHTML, like Gecko) HeadlessChrome/131.0.6778.33 Safari/537.36"
52.21.90.90 - - [15/Jun/2025:01:36:06 -0500] "GET /wp-content/themes/benous/assets/js/lib/waypoint.js?ver=6.7 HTTP/1.1" 200 2606 "https://dev.todocafe.pe/" "Mozilla/5.0 (X11; Linux aarch64) AppleWebKit/537.36 (KHTML, like Gecko) HeadlessChrome/131.0.6778.33 Safari/537.36"
52.21.90.90 - - [15/Jun/2025:01:36:06 -0500] "GET /wp-content/themes/benous/assets/js/lib/jquery.counterup.js?ver=6.7 HTTP/1.1" 200 591 "https://dev.todocafe.pe/" "Mozilla/5.0 (X11; Linux aarch64) AppleWebKit/537.36 (KHTML, like Gecko) HeadlessChrome/131.0.6778.33 Safari/537.36"
52.21.90.90 - - [15/Jun/2025:01:36:06 -0500] "GET /wp-content/themes/benous/assets/js/lib/jquery.countdown.js?ver=6.7 HTTP/1.1" 200 2186 "https://dev.todocafe.pe/" "Mozilla/5.0 (X11; Linux aarch64) AppleWebKit/537.36 (KHTML, like Gecko) HeadlessChrome/131.0.6778.33 Safari/537.36"
52.21.90.90 - - [15/Jun/2025:01:36:06 -0500] "GET /wp-content/themes/benous/assets/js/lib/lightbox.js?ver=6.7 HTTP/1.1" 200 2377 "https://dev.todocafe.pe/" "Mozilla/5.0 (X11; Linux aarch64) AppleWebKit/537.36 (KHTML, like Gecko) HeadlessChrome/131.0.6778.33 Safari/537.36"
52.21.90.90 - - [15/Jun/2025:01:36:06 -0500] "GET /wp-content/themes/benous/assets/js/lib/jquery.mb.YTPlayer.js?ver=6.7 HTTP/1.1" 200 8668 "https://dev.todocafe.pe/" "Mozilla/5.0 (X11; Linux aarch64) AppleWebKit/537.36 (KHTML, like Gecko) HeadlessChrome/131.0.6778.33 Safari/537.36"
52.21.90.90 - - [15/Jun/2025:01:36:06 -0500] "GET /wp-content/themes/benous/assets/js/lib/fluidvids.js?ver=6.7 HTTP/1.1" 200 751 "https://dev.todocafe.pe/" "Mozilla/5.0 (X11; Linux aarch64) AppleWebKit/537.36 (KHTML, like Gecko) HeadlessChrome/131.0.6778.33 Safari/537.36"
52.21.90.90 - - [15/Jun/2025:01:36:06 -0500] "GET /wp-content/themes/benous/assets/js/lib/jquery.mCustomScrollbar.js?ver=6.7 HTTP/1.1" 200 12718 "https://dev.todocafe.pe/" "Mozilla/5.0 (X11; Linux aarch64) AppleWebKit/537.36 (KHTML, like Gecko) HeadlessChrome/131.0.6778.33 Safari/537.36"
52.21.90.90 - - [15/Jun/2025:01:36:06 -0500] "GET /wp-content/themes/benous/assets/js/lib/modernizr.js?ver=6.7 HTTP/1.1" 200 3654 "https://dev.todocafe.pe/" "Mozilla/5.0 (X11; Linux aarch64) AppleWebKit/537.36 (KHTML, like Gecko) HeadlessChrome/131.0.6778.33 Safari/537.36"
52.21.90.90 - - [15/Jun/2025:01:36:06 -0500] "GET /wp-content/themes/benous/assets/js/lib/classie.js?ver=6.7 HTTP/1.1" 200 385 "https://dev.todocafe.pe/" "Mozilla/5.0 (X11; Linux aarch64) AppleWebKit/537.36 (KHTML, like Gecko) HeadlessChrome/131.0.6778.33 Safari/537.36"
52.21.90.90 - - [15/Jun/2025:01:36:06 -0500] "GET /wp-content/themes/benous/assets/js/lib/isotope.pkgd.js?ver=6.7 HTTP/1.1" 200 9692 "https://dev.todocafe.pe/" "Mozilla/5.0 (X11; Linux aarch64) AppleWebKit/537.36 (KHTML, like Gecko) HeadlessChrome/131.0.6778.33 Safari/537.36"
52.21.90.90 - - [15/Jun/2025:01:36:06 -0500] "GET /wp-content/themes/benous/assets/js/lib/animOnScroll.js?ver=6.7 HTTP/1.1" 200 988 "https://dev.todocafe.pe/" "Mozilla/5.0 (X11; Linux aarch64) AppleWebKit/537.36 (KHTML, like Gecko) HeadlessChrome/131.0.6778.33 Safari/537.36"
52.21.90.90 - - [15/Jun/2025:01:36:06 -0500] "GET /wp-content/themes/benous/assets/js/lib/iscroll.js?ver=6.7 HTTP/1.1" 200 8788 "https://dev.todocafe.pe/" "Mozilla/5.0 (X11; Linux aarch64) AppleWebKit/537.36 (KHTML, like Gecko) HeadlessChrome/131.0.6778.33 Safari/537.36"
52.21.90.90 - - [15/Jun/2025:01:36:06 -0500] "GET /wp-content/themes/benous/assets/js/lib/fullpage.js?ver=6.7 HTTP/1.1" 200 10082 "https://dev.todocafe.pe/" "Mozilla/5.0 (X11; Linux aarch64) AppleWebKit/537.36 (KHTML, like Gecko) HeadlessChrome/131.0.6778.33 Safari/537.36"
52.21.90.90 - - [15/Jun/2025:01:36:06 -0500] "GET /wp-content/themes/benous/assets/fonts/themify.woff HTTP/1.1" 200 56108 "https://dev.todocafe.pe/wp-content/themes/benous/assets/css/libs.css?ver=6.7" "Mozilla/5.0 (X11; Linux aarch64) AppleWebKit/537.36 (KHTML, like Gecko) HeadlessChrome/131.0.6778.33 Safari/537.36"
52.21.90.90 - - [15/Jun/2025:01:36:06 -0500] "GET /wp-content/themes/benous/assets/js/scripts.js?ver=6.7 HTTP/1.1" 200 5964 "https://dev.todocafe.pe/" "Mozilla/5.0 (X11; Linux aarch64) AppleWebKit/537.36 (KHTML, like Gecko) HeadlessChrome/131.0.6778.33 Safari/537.36"
52.21.90.90 - - [15/Jun/2025:01:36:06 -0500] "GET /wp-includes/js/wp-emoji-release.min.js?ver=6.7 HTTP/1.1" 200 5069 "https://dev.todocafe.pe/" "Mozilla/5.0 (X11; Linux aarch64) AppleWebKit/537.36 (KHTML, like Gecko) HeadlessChrome/131.0.6778.33 Safari/537.36"
52.21.90.90 - - [15/Jun/2025:01:36:06 -0500] "GET /wp-content/themes/benous/assets/img/lightbox/loading.gif HTTP/1.1" 200 2158 "https://dev.todocafe.pe/wp-content/themes/benous/assets/css/libs.css?ver=6.7" "Mozilla/5.0 (X11; Linux aarch64) AppleWebKit/537.36 (KHTML, like Gecko) HeadlessChrome/131.0.6778.33 Safari/537.36"
52.21.90.90 - - [15/Jun/2025:01:36:08 -0500] "GET /wp-includes/images/w-logo-blue-white-bg.png HTTP/1.1" 200 4157 "https://dev.todocafe.pe/" "Mozilla/5.0 (X11; Linux aarch64) AppleWebKit/537.36 (KHTML, like Gecko) HeadlessChrome/131.0.6778.33 Safari/537.36"
52.21.90.90 - - [15/Jun/2025:01:36:08 -0500] "GET /favicon.ico HTTP/1.1" 302 5 "https://dev.todocafe.pe/" "Mozilla/5.0 (X11; Linux aarch64) AppleWebKit/537.36 (KHTML, like Gecko) HeadlessChrome/131.0.6778.33 Safari/537.36"
132.191.1.237 - - [15/Jun/2025:01:36:09 -0500] "GET /wp-admin/plugins.php?_wpnonce=b72435f4f6&action=activate&plugin=contact-form-7/wp-contact-form-7.php HTTP/1.1" 302 5 "http://dev.todocafe.pe/wp-admin/plugin-install.php?tab=plugin-information&plugin=contact-form-7" "Mozilla/5.0 (X11; Linux x86_64; rv:134.0) Gecko/20100101 Firefox/134.0"
132.191.1.237 - - [15/Jun/2025:01:36:10 -0500] "GET /wp-admin/plugins.php?activate=true&plugin_status=all&paged=1&s= HTTP/1.1" 200 48297 "http://dev.todocafe.pe/wp-admin/plugin-install.php?tab=plugin-information&plugin=contact-form-7" "Mozilla/5.0 (X11; Linux x86_64; rv:134.0) Gecko/20100101 Firefox/134.0"
132.191.1.237 - - [15/Jun/2025:01:36:10 -0500] "GET /wp-content/plugins/elementor/assets/js/admin-feedback.min.js?ver=3.29.2 HTTP/1.1" 200 899 "http://dev.todocafe.pe/wp-admin/plugins.php?plugin_status=all&paged=1&s" "Mozilla/5.0 (X11; Linux x86_64; rv:134.0) Gecko/20100101 Firefox/134.0"
132.191.1.237 - - [15/Jun/2025:01:37:12 -0500] "POST /wp-admin/admin-ajax.php HTTP/1.1" 200 89 "http://dev.todocafe.pe/wp-admin/plugins.php?plugin_status=all&paged=1&s" "Mozilla/5.0 (X11; Linux x86_64; rv:134.0) Gecko/20100101 Firefox/134.0"
132.191.1.237 - - [15/Jun/2025:01:38:11 -0500] "POST /wp-admin/admin-ajax.php HTTP/1.1" 200 89 "http://dev.todocafe.pe/wp-admin/plugins.php?plugin_status=all&paged=1&s" "Mozilla/5.0 (X11; Linux x86_64; rv:134.0) Gecko/20100101 Firefox/134.0"
132.191.1.237 - - [15/Jun/2025:01:38:18 -0500] "GET /wp-admin/plugin-install.php?tab=plugin-information&plugin=woocommerce& HTTP/1.1" 200 51278 "http://dev.todocafe.pe/wp-admin/plugins.php?plugin_status=all&paged=1&s" "Mozilla/5.0 (X11; Linux x86_64; rv:134.0) Gecko/20100101 Firefox/134.0"
132.191.1.237 - - [15/Jun/2025:01:38:28 -0500] "POST /wp-admin/admin-ajax.php HTTP/1.1" 200 202 "http://dev.todocafe.pe/wp-admin/plugin-install.php?tab=plugin-information&plugin=woocommerce" "Mozilla/5.0 (X11; Linux x86_64; rv:134.0) Gecko/20100101 Firefox/134.0"
132.191.1.237 - - [15/Jun/2025:01:38:30 -0500] "POST /wp-admin/admin-ajax.php HTTP/1.1" 200 226 "http://dev.todocafe.pe/wp-admin/plugin-install.php?tab=plugin-information&plugin=woocommerce" "Mozilla/5.0 (X11; Linux x86_64; rv:134.0) Gecko/20100101 Firefox/134.0"
132.191.1.237 - - [15/Jun/2025:01:38:38 -0500] "GET /wp-admin/plugins.php?plugin_status=all&paged=1&s HTTP/1.1" 200 48548 "http://dev.todocafe.pe/wp-admin/plugin-install.php?tab=plugin-information&plugin=contact-form-7" "Mozilla/5.0 (X11; Linux x86_64; rv:134.0) Gecko/20100101 Firefox/134.0"
132.191.1.237 - - [15/Jun/2025:01:38:48 -0500] "GET /wp-admin/plugins.php HTTP/1.1" 200 48622 "http://dev.todocafe.pe/wp-admin/plugins.php?plugin_status=all&paged=1&s" "Mozilla/5.0 (X11; Linux x86_64; rv:134.0) Gecko/20100101 Firefox/134.0"
34.248.137.227 - - [15/Jun/2025:01:38:55 -0500] "GET / HTTP/1.1" 200 7892 "-" "Mozilla/5.0 (X11; Linux x86_64; rv:83.0) Gecko/20100101 Firefox/83.0"
198.199.72.26 - - [15/Jun/2025:01:38:58 -0500] "POST /wp-cron.php?doing_wp_cron=1749969537.2793250083923339843750 HTTP/1.1" 200 0 "-" "WordPress/6.7; https://dev.todocafe.pe"
34.248.137.227 - - [15/Jun/2025:01:38:58 -0500] "GET / HTTP/1.1" 200 7842 "-" "Mozilla/5.0 (X11; Linux x86_64) AppleWebKit/537.36 (KHTML, like Gecko) Chrome/132.0.0.0 Safari/537.36"
34.248.137.227 - - [15/Jun/2025:01:38:58 -0500] "GET /wp-includes/css/dist/block-library/style.min.css?ver=6.7 HTTP/1.1" 200 15190 "https://dev.todocafe.pe/" "Mozilla/5.0 (X11; Linux x86_64) AppleWebKit/537.36 (KHTML, like Gecko) Chrome/132.0.0.0 Safari/537.36"
34.248.137.227 - - [15/Jun/2025:01:38:58 -0500] "GET /wp-content/plugins/contact-form-7/includes/css/styles.css?ver=6.0.6 HTTP/1.1" 200 1027 "https://dev.todocafe.pe/" "Mozilla/5.0 (X11; Linux x86_64) AppleWebKit/537.36 (KHTML, like Gecko) Chrome/132.0.0.0 Safari/537.36"
34.248.137.227 - - [15/Jun/2025:01:38:58 -0500] "GET /wp-content/themes/benous/assets/css/libs.css?ver=6.7 HTTP/1.1" 200 50125 "https://dev.todocafe.pe/" "Mozilla/5.0 (X11; Linux x86_64) AppleWebKit/537.36 (KHTML, like Gecko) Chrome/132.0.0.0 Safari/537.36"
34.248.137.227 - - [15/Jun/2025:01:38:58 -0500] "GET /wp-content/themes/benous/style.css?ver=6.7 HTTP/1.1" 200 23145 "https://dev.todocafe.pe/" "Mozilla/5.0 (X11; Linux x86_64) AppleWebKit/537.36 (KHTML, like Gecko) Chrome/132.0.0.0 Safari/537.36"
34.248.137.227 - - [15/Jun/2025:01:38:58 -0500] "GET /wp-content/uploads/wp-less-cache/benous-theme-styles.css?ver=1749969350 HTTP/1.1" 200 63970 "https://dev.todocafe.pe/" "Mozilla/5.0 (X11; Linux x86_64) AppleWebKit/537.36 (KHTML, like Gecko) Chrome/132.0.0.0 Safari/537.36"
34.248.137.227 - - [15/Jun/2025:01:38:58 -0500] "GET /wp-content/themes/benous-child/style.css?ver=6.7 HTTP/1.1" 200 218 "https://dev.todocafe.pe/" "Mozilla/5.0 (X11; Linux x86_64) AppleWebKit/537.36 (KHTML, like Gecko) Chrome/132.0.0.0 Safari/537.36"
34.248.137.227 - - [15/Jun/2025:01:38:58 -0500] "GET /wp-includes/js/jquery/jquery.min.js?ver=3.7.1 HTTP/1.1" 200 30432 "https://dev.todocafe.pe/" "Mozilla/5.0 (X11; Linux x86_64) AppleWebKit/537.36 (KHTML, like Gecko) Chrome/132.0.0.0 Safari/537.36"
34.248.137.227 - - [15/Jun/2025:01:38:58 -0500] "GET /wp-includes/js/jquery/jquery-migrate.min.js?ver=3.4.1 HTTP/1.1" 200 4885 "https://dev.todocafe.pe/" "Mozilla/5.0 (X11; Linux x86_64) AppleWebKit/537.36 (KHTML, like Gecko) Chrome/132.0.0.0 Safari/537.36"
34.248.137.227 - - [15/Jun/2025:01:38:58 -0500] "GET /wp-includes/js/dist/hooks.min.js?ver=4d63a3d491d11ffd8ac6 HTTP/1.1" 200 1660 "https://dev.todocafe.pe/" "Mozilla/5.0 (X11; Linux x86_64) AppleWebKit/537.36 (KHTML, like Gecko) Chrome/132.0.0.0 Safari/537.36"
34.248.137.227 - - [15/Jun/2025:01:38:58 -0500] "GET /wp-includes/js/dist/i18n.min.js?ver=5e580eb46a90c2b997e6 HTTP/1.1" 200 3679 "https://dev.todocafe.pe/" "Mozilla/5.0 (X11; Linux x86_64) AppleWebKit/537.36 (KHTML, like Gecko) Chrome/132.0.0.0 Safari/537.36"
34.248.137.227 - - [15/Jun/2025:01:38:58 -0500] "GET /wp-content/plugins/contact-form-7/includes/swv/js/index.js?ver=6.0.6 HTTP/1.1" 200 3515 "https://dev.todocafe.pe/" "Mozilla/5.0 (X11; Linux x86_64) AppleWebKit/537.36 (KHTML, like Gecko) Chrome/132.0.0.0 Safari/537.36"
34.248.137.227 - - [15/Jun/2025:01:38:58 -0500] "GET /wp-content/plugins/contact-form-7/includes/js/index.js?ver=6.0.6 HTTP/1.1" 200 4278 "https://dev.todocafe.pe/" "Mozilla/5.0 (X11; Linux x86_64) AppleWebKit/537.36 (KHTML, like Gecko) Chrome/132.0.0.0 Safari/537.36"
34.248.137.227 - - [15/Jun/2025:01:38:58 -0500] "GET /wp-content/themes/benous/assets/js/bootstrap.js?ver=6.7 HTTP/1.1" 200 9753 "https://dev.todocafe.pe/" "Mozilla/5.0 (X11; Linux x86_64) AppleWebKit/537.36 (KHTML, like Gecko) Chrome/132.0.0.0 Safari/537.36"
34.248.137.227 - - [15/Jun/2025:01:38:58 -0500] "GET /wp-includes/js/imagesloaded.min.js?ver=5.0.0 HTTP/1.1" 200 1815 "https://dev.todocafe.pe/" "Mozilla/5.0 (X11; Linux x86_64) AppleWebKit/537.36 (KHTML, like Gecko) Chrome/132.0.0.0 Safari/537.36"
34.248.137.227 - - [15/Jun/2025:01:38:58 -0500] "GET /wp-includes/js/masonry.min.js?ver=4.2.2 HTTP/1.1" 200 7395 "https://dev.todocafe.pe/" "Mozilla/5.0 (X11; Linux x86_64) AppleWebKit/537.36 (KHTML, like Gecko) Chrome/132.0.0.0 Safari/537.36"
34.248.137.227 - - [15/Jun/2025:01:38:59 -0500] "GET /wp-content/themes/benous/assets/js/lib/jquery.smooth-scroll.js?ver=6.7 HTTP/1.1" 200 1493 "https://dev.todocafe.pe/" "Mozilla/5.0 (X11; Linux x86_64) AppleWebKit/537.36 (KHTML, like Gecko) Chrome/132.0.0.0 Safari/537.36"
34.248.137.227 - - [15/Jun/2025:01:38:59 -0500] "GET /wp-content/themes/benous/assets/js/lib/owl.carousel.js?ver=6.7 HTTP/1.1" 200 11428 "https://dev.todocafe.pe/" "Mozilla/5.0 (X11; Linux x86_64) AppleWebKit/537.36 (KHTML, like Gecko) Chrome/132.0.0.0 Safari/537.36"
34.248.137.227 - - [15/Jun/2025:01:38:59 -0500] "GET /wp-content/themes/benous/assets/js/lib/jsparallax.js?ver=6.7 HTTP/1.1" 200 1335 "https://dev.todocafe.pe/" "Mozilla/5.0 (X11; Linux x86_64) AppleWebKit/537.36 (KHTML, like Gecko) Chrome/132.0.0.0 Safari/537.36"
34.248.137.227 - - [15/Jun/2025:01:38:59 -0500] "GET /wp-content/themes/benous/assets/js/lib/waypoint.js?ver=6.7 HTTP/1.1" 200 2606 "https://dev.todocafe.pe/" "Mozilla/5.0 (X11; Linux x86_64) AppleWebKit/537.36 (KHTML, like Gecko) Chrome/132.0.0.0 Safari/537.36"
34.248.137.227 - - [15/Jun/2025:01:38:59 -0500] "GET /wp-content/themes/benous/assets/js/lib/jquery.counterup.js?ver=6.7 HTTP/1.1" 200 591 "https://dev.todocafe.pe/" "Mozilla/5.0 (X11; Linux x86_64) AppleWebKit/537.36 (KHTML, like Gecko) Chrome/132.0.0.0 Safari/537.36"
34.248.137.227 - - [15/Jun/2025:01:38:59 -0500] "GET /wp-content/themes/benous/assets/js/lib/lightbox.js?ver=6.7 HTTP/1.1" 200 2377 "https://dev.todocafe.pe/" "Mozilla/5.0 (X11; Linux x86_64) AppleWebKit/537.36 (KHTML, like Gecko) Chrome/132.0.0.0 Safari/537.36"
34.248.137.227 - - [15/Jun/2025:01:38:59 -0500] "GET /wp-content/themes/benous/assets/js/lib/jquery.mb.YTPlayer.js?ver=6.7 HTTP/1.1" 200 8668 "https://dev.todocafe.pe/" "Mozilla/5.0 (X11; Linux x86_64) AppleWebKit/537.36 (KHTML, like Gecko) Chrome/132.0.0.0 Safari/537.36"
34.248.137.227 - - [15/Jun/2025:01:38:59 -0500] "GET /wp-content/themes/benous/assets/js/lib/jquery.countdown.js?ver=6.7 HTTP/1.1" 200 2186 "https://dev.todocafe.pe/" "Mozilla/5.0 (X11; Linux x86_64) AppleWebKit/537.36 (KHTML, like Gecko) Chrome/132.0.0.0 Safari/537.36"
34.248.137.227 - - [15/Jun/2025:01:38:59 -0500] "GET /wp-content/themes/benous/assets/js/lib/fluidvids.js?ver=6.7 HTTP/1.1" 200 751 "https://dev.todocafe.pe/" "Mozilla/5.0 (X11; Linux x86_64) AppleWebKit/537.36 (KHTML, like Gecko) Chrome/132.0.0.0 Safari/537.36"
198.199.72.26 - - [15/Jun/2025:01:38:59 -0500] "GET /wp-content/uploads/woocommerce_uploads/ HTTP/1.1" 403 199 "-" "WordPress/6.7; http://dev.todocafe.pe"
34.248.137.227 - - [15/Jun/2025:01:38:59 -0500] "GET /wp-content/themes/benous/assets/js/lib/jquery.mCustomScrollbar.js?ver=6.7 HTTP/1.1" 200 12718 "https://dev.todocafe.pe/" "Mozilla/5.0 (X11; Linux x86_64) AppleWebKit/537.36 (KHTML, like Gecko) Chrome/132.0.0.0 Safari/537.36"
34.248.137.227 - - [15/Jun/2025:01:38:59 -0500] "GET /wp-content/themes/benous/assets/js/lib/modernizr.js?ver=6.7 HTTP/1.1" 200 3654 "https://dev.todocafe.pe/" "Mozilla/5.0 (X11; Linux x86_64) AppleWebKit/537.36 (KHTML, like Gecko) Chrome/132.0.0.0 Safari/537.36"
34.248.137.227 - - [15/Jun/2025:01:38:59 -0500] "GET /wp-content/themes/benous/assets/js/lib/classie.js?ver=6.7 HTTP/1.1" 200 385 "https://dev.todocafe.pe/" "Mozilla/5.0 (X11; Linux x86_64) AppleWebKit/537.36 (KHTML, like Gecko) Chrome/132.0.0.0 Safari/537.36"
132.191.1.237 - - [15/Jun/2025:01:38:59 -0500] "GET /wp-admin/plugins.php?action=activate&plugin=woocommerce%2Fwoocommerce.php&plugin_status=all&paged=1&s&_wpnonce=4631831ad3 HTTP/1.1" 302 5 "http://dev.todocafe.pe/wp-admin/plugins.php" "Mozilla/5.0 (X11; Linux x86_64; rv:134.0) Gecko/20100101 Firefox/134.0"
34.248.137.227 - - [15/Jun/2025:01:38:59 -0500] "GET /wp-content/themes/benous/assets/js/lib/animOnScroll.js?ver=6.7 HTTP/1.1" 200 988 "https://dev.todocafe.pe/" "Mozilla/5.0 (X11; Linux x86_64) AppleWebKit/537.36 (KHTML, like Gecko) Chrome/132.0.0.0 Safari/537.36"
34.248.137.227 - - [15/Jun/2025:01:38:59 -0500] "GET /wp-content/themes/benous/assets/js/lib/isotope.pkgd.js?ver=6.7 HTTP/1.1" 200 9692 "https://dev.todocafe.pe/" "Mozilla/5.0 (X11; Linux x86_64) AppleWebKit/537.36 (KHTML, like Gecko) Chrome/132.0.0.0 Safari/537.36"
34.248.137.227 - - [15/Jun/2025:01:38:59 -0500] "GET /wp-content/themes/benous/assets/js/lib/iscroll.js?ver=6.7 HTTP/1.1" 200 8788 "https://dev.todocafe.pe/" "Mozilla/5.0 (X11; Linux x86_64) AppleWebKit/537.36 (KHTML, like Gecko) Chrome/132.0.0.0 Safari/537.36"
34.248.137.227 - - [15/Jun/2025:01:38:59 -0500] "GET /wp-content/themes/benous/assets/js/lib/fullpage.js?ver=6.7 HTTP/1.1" 200 10082 "https://dev.todocafe.pe/" "Mozilla/5.0 (X11; Linux x86_64) AppleWebKit/537.36 (KHTML, like Gecko) Chrome/132.0.0.0 Safari/537.36"
34.248.137.227 - - [15/Jun/2025:01:38:59 -0500] "GET /wp-content/themes/benous/assets/js/scripts.js?ver=6.7 HTTP/1.1" 200 5964 "https://dev.todocafe.pe/" "Mozilla/5.0 (X11; Linux x86_64) AppleWebKit/537.36 (KHTML, like Gecko) Chrome/132.0.0.0 Safari/537.36"
34.248.137.227 - - [15/Jun/2025:01:38:59 -0500] "GET /wp-content/themes/benous/assets/img/lightbox/loading.gif HTTP/1.1" 200 2158 "https://dev.todocafe.pe/wp-content/themes/benous/assets/css/libs.css?ver=6.7" "Mozilla/5.0 (X11; Linux x86_64) AppleWebKit/537.36 (KHTML, like Gecko) Chrome/132.0.0.0 Safari/537.36"
34.248.137.227 - - [15/Jun/2025:01:38:59 -0500] "GET /wp-content/themes/benous/assets/fonts/themify.woff HTTP/1.1" 200 56108 "https://dev.todocafe.pe/wp-content/themes/benous/assets/css/libs.css?ver=6.7" "Mozilla/5.0 (X11; Linux x86_64) AppleWebKit/537.36 (KHTML, like Gecko) Chrome/132.0.0.0 Safari/537.36"
34.248.137.227 - - [15/Jun/2025:01:39:01 -0500] "GET /favicon.ico HTTP/1.1" 302 5 "https://dev.todocafe.pe/" "Mozilla/5.0 (X11; Linux x86_64) AppleWebKit/537.36 (KHTML, like Gecko) Chrome/132.0.0.0 Safari/537.36"
34.248.137.227 - - [15/Jun/2025:01:39:01 -0500] "GET /wp-includes/images/w-logo-blue-white-bg.png HTTP/1.1" 200 4157 "https://dev.todocafe.pe/" "Mozilla/5.0 (X11; Linux x86_64) AppleWebKit/537.36 (KHTML, like Gecko) Chrome/132.0.0.0 Safari/537.36"
34.248.137.227 - - [15/Jun/2025:01:39:02 -0500] "GET / HTTP/1.1" 200 11711 "-" "Mozilla/5.0 (Macintosh; Intel Mac OS X 10_9_2) AppleWebKit/537.36 (KHTML, like Gecko) Chrome/33.0.1750.152 Safari/537.36"
198.199.72.26 - - [15/Jun/2025:01:39:02 -0500] "POST /wp-cron.php?doing_wp_cron=1749969541.7623400688171386718750 HTTP/1.1" 499 0 "-" "WordPress/6.7; http://dev.todocafe.pe"
132.191.1.237 - - [15/Jun/2025:01:39:04 -0500] "GET /wp-admin/plugins.php?activate=true&plugin_status=all&paged=1&s= HTTP/1.1" 302 5 "http://dev.todocafe.pe/wp-admin/plugins.php" "Mozilla/5.0 (X11; Linux x86_64; rv:134.0) Gecko/20100101 Firefox/134.0"
34.248.137.227 - - [15/Jun/2025:01:39:04 -0500] "HEAD /favicon.ico HTTP/1.1" 200 0 "-" "Mozilla/5.0 (Macintosh; Intel Mac OS X 10_9_2) AppleWebKit/537.36 (KHTML, like Gecko) Chrome/33.0.1750.152 Safari/537.36"
34.248.137.227 - - [15/Jun/2025:01:39:06 -0500] "GET /favicon.ico HTTP/1.1" 302 5 "-" "Mozilla/5.0 (Windows NT 10.0; Win64; x64) AppleWebKit/537.36 (KHTML, like Gecko) Chrome/99.0.4844.84 Safari/537.36"
34.248.137.227 - - [15/Jun/2025:01:39:06 -0500] "GET /wp-includes/images/w-logo-blue-white-bg.png HTTP/1.1" 200 4157 "-" "Mozilla/5.0 (Windows NT 10.0; Win64; x64) AppleWebKit/537.36 (KHTML, like Gecko) Chrome/99.0.4844.84 Safari/537.36"
198.199.72.26 - - [15/Jun/2025:01:39:06 -0500] "POST /wp-cron.php?doing_wp_cron=1749969545.7897090911865234375000 HTTP/1.1" 499 0 "-" "WordPress/6.7; http://dev.todocafe.pe"
132.191.1.237 - - [15/Jun/2025:01:39:07 -0500] "GET /wp-admin/admin.php?page=wc-admin HTTP/1.1" 302 5 "http://dev.todocafe.pe/wp-admin/plugins.php" "Mozilla/5.0 (X11; Linux x86_64; rv:134.0) Gecko/20100101 Firefox/134.0"
132.191.1.237 - - [15/Jun/2025:01:39:09 -0500] "GET /wp-content/plugins/woocommerce/assets/client/admin/components/style.css?ver=a06619a5bd7336fa9d10 HTTP/1.1" 200 19404 "http://dev.todocafe.pe/wp-admin/admin.php?page=wc-admin&path=/setup-wizard" "Mozilla/5.0 (X11; Linux x86_64; rv:134.0) Gecko/20100101 Firefox/134.0"
132.191.1.237 - - [15/Jun/2025:01:39:09 -0500] "GET /wp-content/plugins/woocommerce/assets/client/admin/app/style.css?ver=77b70e4f8a207d51b2ea HTTP/1.1" 200 9037 "http://dev.todocafe.pe/wp-admin/admin.php?page=wc-admin&path=/setup-wizard" "Mozilla/5.0 (X11; Linux x86_64; rv:134.0) Gecko/20100101 Firefox/134.0"
132.191.1.237 - - [15/Jun/2025:01:39:10 -0500] "GET /wp-content/plugins/woocommerce/assets/css/brands-admin.css?ver=9.9.3 HTTP/1.1" 200 61 "http://dev.todocafe.pe/wp-admin/admin.php?page=wc-admin&path=/setup-wizard" "Mozilla/5.0 (X11; Linux x86_64; rv:134.0) Gecko/20100101 Firefox/134.0"
132.191.1.237 - - [15/Jun/2025:01:39:10 -0500] "GET /wp-content/plugins/woocommerce/assets/client/admin/admin-layout/style.css?ver=6f8f9d67673f1cab456f HTTP/1.1" 200 482 "http://dev.todocafe.pe/wp-admin/admin.php?page=wc-admin&path=/setup-wizard" "Mozilla/5.0 (X11; Linux x86_64; rv:134.0) Gecko/20100101 Firefox/134.0"
132.191.1.237 - - [15/Jun/2025:01:39:10 -0500] "GET /wp-content/plugins/woocommerce/assets/css/menu.css?ver=9.9.3 HTTP/1.1" 200 1197 "http://dev.todocafe.pe/wp-admin/admin.php?page=wc-admin&path=/setup-wizard" "Mozilla/5.0 (X11; Linux x86_64; rv:134.0) Gecko/20100101 Firefox/134.0"
132.191.1.237 - - [15/Jun/2025:01:39:10 -0500] "GET /wp-content/plugins/woocommerce/assets/client/admin/app/index.js?ver=64467b9fe6bfde7d9061 HTTP/1.1" 200 79694 "http://dev.todocafe.pe/wp-admin/admin.php?page=wc-admin&path=/setup-wizard" "Mozilla/5.0 (X11; Linux x86_64; rv:134.0) Gecko/20100101 Firefox/134.0"
132.191.1.237 - - [15/Jun/2025:01:39:10 -0500] "GET /wp-admin/load-styles.php?c=0&dir=ltr&load%5Bchunk_0%5D=dashicons,admin-bar,common,forms,admin-menu,dashboard,list-tables,edit,revisions,media,themes,about,nav-menus,wp-pointer,widgets&load%5Bchunk_1%5D=,site-icon,l10n,buttons,wp-auth-check,wp-components,media-views&ver=6.7 HTTP/1.1" 200 120508 "http://dev.todocafe.pe/wp-admin/admin.php?page=wc-admin&path=/setup-wizard" "Mozilla/5.0 (X11; Linux x86_64; rv:134.0) Gecko/20100101 Firefox/134.0"
132.191.1.237 - - [15/Jun/2025:01:39:10 -0500] "GET /wp-content/plugins/woocommerce/assets/client/admin/customer-effort-score/style.css?ver=wc-9.9.3 HTTP/1.1" 200 979 "http://dev.todocafe.pe/wp-admin/admin.php?page=wc-admin&path=/setup-wizard" "Mozilla/5.0 (X11; Linux x86_64; rv:134.0) Gecko/20100101 Firefox/134.0"
132.191.1.237 - - [15/Jun/2025:01:39:10 -0500] "GET /wp-content/plugins/woocommerce/assets/client/admin/components/index.js?ver=8766c66c5a0c9803fe76 HTTP/1.1" 200 229619 "http://dev.todocafe.pe/wp-admin/admin.php?page=wc-admin&path=/setup-wizard" "Mozilla/5.0 (X11; Linux x86_64; rv:134.0) Gecko/20100101 Firefox/134.0"
132.191.1.237 - - [15/Jun/2025:01:39:10 -0500] "GET /wp-content/plugins/woocommerce/assets/client/admin/experimental/style.css?ver=4b4284f1e832278df8ce HTTP/1.1" 200 2444 "http://dev.todocafe.pe/wp-admin/admin.php?page=wc-admin&path=/setup-wizard" "Mozilla/5.0 (X11; Linux x86_64; rv:134.0) Gecko/20100101 Firefox/134.0"
132.191.1.237 - - [15/Jun/2025:01:39:10 -0500] "GET /wp-content/plugins/woocommerce/assets/client/admin/onboarding/style.css?ver=55f245b698fa1db3258c HTTP/1.1" 200 1685 "http://dev.todocafe.pe/wp-admin/admin.php?page=wc-admin&path=/setup-wizard" "Mozilla/5.0 (X11; Linux x86_64; rv:134.0) Gecko/20100101 Firefox/134.0"
132.191.1.237 - - [15/Jun/2025:01:39:10 -0500] "GET /wp-admin/admin.php?page=wc-admin&path=/setup-wizard HTTP/1.1" 200 186988 "http://dev.todocafe.pe/wp-admin/plugins.php" "Mozilla/5.0 (X11; Linux x86_64; rv:134.0) Gecko/20100101 Firefox/134.0"
132.191.1.237 - - [15/Jun/2025:01:39:10 -0500] "GET /wp-includes/js/dist/vendor/lodash.min.js?ver=4.17.21 HTTP/1.1" 200 24943 "http://dev.todocafe.pe/wp-admin/admin.php?page=wc-admin&path=/setup-wizard" "Mozilla/5.0 (X11; Linux x86_64; rv:134.0) Gecko/20100101 Firefox/134.0"
132.191.1.237 - - [15/Jun/2025:01:39:10 -0500] "GET /wp-content/plugins/woocommerce/assets/client/blocks/wc-settings.js?ver=f90cafcdd4c1f0e3651b HTTP/1.1" 200 2182 "http://dev.todocafe.pe/wp-admin/admin.php?page=wc-admin&path=/setup-wizard" "Mozilla/5.0 (X11; Linux x86_64; rv:134.0) Gecko/20100101 Firefox/134.0"
132.191.1.237 - - [15/Jun/2025:01:39:10 -0500] "GET /wp-content/plugins/woocommerce/assets/client/admin/number/index.js?ver=d3897f08e2d5f8459306 HTTP/1.1" 200 1043 "http://dev.todocafe.pe/wp-admin/admin.php?page=wc-admin&path=/setup-wizard" "Mozilla/5.0 (X11; Linux x86_64; rv:134.0) Gecko/20100101 Firefox/134.0"
132.191.1.237 - - [15/Jun/2025:01:39:10 -0500] "GET /wp-content/plugins/woocommerce/assets/client/admin/currency/index.js?ver=992e6acba98302d099bc HTTP/1.1" 200 2039 "http://dev.todocafe.pe/wp-admin/admin.php?page=wc-admin&path=/setup-wizard" "Mozilla/5.0 (X11; Linux x86_64; rv:134.0) Gecko/20100101 Firefox/134.0"
132.191.1.237 - - [15/Jun/2025:01:39:10 -0500] "GET /wp-content/plugins/woocommerce/assets/client/admin/date/index.js?ver=43b5c0ca1706f1dcaa7e HTTP/1.1" 200 13914 "http://dev.todocafe.pe/wp-admin/admin.php?page=wc-admin&path=/setup-wizard" "Mozilla/5.0 (X11; Linux x86_64; rv:134.0) Gecko/20100101 Firefox/134.0"
132.191.1.237 - - [15/Jun/2025:01:39:10 -0500] "GET /wp-content/plugins/woocommerce/assets/client/admin/navigation/index.js?ver=095ac570a6988ebd7f08 HTTP/1.1" 200 14358 "http://dev.todocafe.pe/wp-admin/admin.php?page=wc-admin&path=/setup-wizard" "Mozilla/5.0 (X11; Linux x86_64; rv:134.0) Gecko/20100101 Firefox/134.0"
132.191.1.237 - - [15/Jun/2025:01:39:10 -0500] "GET /wp-content/plugins/woocommerce/assets/client/admin/tracks/index.js?ver=96fc959be9642997d68c HTTP/1.1" 200 3519 "http://dev.todocafe.pe/wp-admin/admin.php?page=wc-admin&path=/setup-wizard" "Mozilla/5.0 (X11; Linux x86_64; rv:134.0) Gecko/20100101 Firefox/134.0"
132.191.1.237 - - [15/Jun/2025:01:39:10 -0500] "GET /wp-includes/js/dist/data-controls.min.js?ver=49f5587e8b90f9e7cc7e HTTP/1.1" 200 648 "http://dev.todocafe.pe/wp-admin/admin.php?page=wc-admin&path=/setup-wizard" "Mozilla/5.0 (X11; Linux x86_64; rv:134.0) Gecko/20100101 Firefox/134.0"
132.191.1.237 - - [15/Jun/2025:01:39:10 -0500] "GET /wp-content/plugins/woocommerce/assets/client/admin/data/index.js?ver=e80c789b2e79ff495cb0 HTTP/1.1" 200 44507 "http://dev.todocafe.pe/wp-admin/admin.php?page=wc-admin&path=/setup-wizard" "Mozilla/5.0 (X11; Linux x86_64; rv:134.0) Gecko/20100101 Firefox/134.0"
132.191.1.237 - - [15/Jun/2025:01:39:10 -0500] "GET /wp-content/plugins/woocommerce/assets/client/admin/admin-layout/index.js?ver=092d36684bd43b3c307d HTTP/1.1" 200 1056 "http://dev.todocafe.pe/wp-admin/admin.php?page=wc-admin&path=/setup-wizard" "Mozilla/5.0 (X11; Linux x86_64; rv:134.0) Gecko/20100101 Firefox/134.0"
132.191.1.237 - - [15/Jun/2025:01:39:10 -0500] "GET /wp-content/plugins/woocommerce/assets/client/admin/csv-export/index.js?ver=566af0e2bd0969360ba3 HTTP/1.1" 200 2237 "http://dev.todocafe.pe/wp-admin/admin.php?page=wc-admin&path=/setup-wizard" "Mozilla/5.0 (X11; Linux x86_64; rv:134.0) Gecko/20100101 Firefox/134.0"
132.191.1.237 - - [15/Jun/2025:01:39:10 -0500] "GET /wp-content/plugins/woocommerce/assets/client/admin/experimental/index.js?ver=eb12c55b9c3c552fda42 HTTP/1.1" 200 17723 "http://dev.todocafe.pe/wp-admin/admin.php?page=wc-admin&path=/setup-wizard" "Mozilla/5.0 (X11; Linux x86_64; rv:134.0) Gecko/20100101 Firefox/134.0"
132.191.1.237 - - [15/Jun/2025:01:39:10 -0500] "GET /wp-content/plugins/woocommerce/assets/client/admin/customer-effort-score/index.js?ver=02f7a2e1496459cb9229 HTTP/1.1" 200 6001 "http://dev.todocafe.pe/wp-admin/admin.php?page=wc-admin&path=/setup-wizard" "Mozilla/5.0 (X11; Linux x86_64; rv:134.0) Gecko/20100101 Firefox/134.0"
132.191.1.237 - - [15/Jun/2025:01:39:10 -0500] "GET /wp-content/plugins/woocommerce/assets/client/admin/explat/index.js?ver=d65bd85b5bebd517b6ab HTTP/1.1" 200 14822 "http://dev.todocafe.pe/wp-admin/admin.php?page=wc-admin&path=/setup-wizard" "Mozilla/5.0 (X11; Linux x86_64; rv:134.0) Gecko/20100101 Firefox/134.0"
132.191.1.237 - - [15/Jun/2025:01:39:10 -0500] "GET /wp-content/plugins/woocommerce/assets/client/admin/notices/index.js?ver=89484f9388cf6ea2d413 HTTP/1.1" 200 835 "http://dev.todocafe.pe/wp-admin/admin.php?page=wc-admin&path=/setup-wizard" "Mozilla/5.0 (X11; Linux x86_64; rv:134.0) Gecko/20100101 Firefox/134.0"
132.191.1.237 - - [15/Jun/2025:01:39:11 -0500] "GET /wp-content/plugins/woocommerce/assets/client/admin/remote-logging/index.js?ver=ce414084e6b119013259 HTTP/1.1" 200 8307 "http://dev.todocafe.pe/wp-admin/admin.php?page=wc-admin&path=/setup-wizard" "Mozilla/5.0 (X11; Linux x86_64; rv:134.0) Gecko/20100101 Firefox/134.0"
132.191.1.237 - - [15/Jun/2025:01:39:11 -0500] "GET /wp-content/plugins/woocommerce/assets/client/admin/wp-admin-scripts/wcsettings-deprecation.js?ver=152f4925a74629e40842 HTTP/1.1" 200 728 "http://dev.todocafe.pe/wp-admin/admin.php?page=wc-admin&path=/setup-wizard" "Mozilla/5.0 (X11; Linux x86_64; rv:134.0) Gecko/20100101 Firefox/134.0"
132.191.1.237 - - [15/Jun/2025:01:39:11 -0500] "GET /wp-content/plugins/woocommerce/assets/client/admin/chunks/9590.js?ver=d9f37367346d08b252da HTTP/1.1" 200 14119 "http://dev.todocafe.pe/wp-admin/admin.php?page=wc-admin&path=%2Fsetup-wizard" "Mozilla/5.0 (X11; Linux x86_64; rv:134.0) Gecko/20100101 Firefox/134.0"
132.191.1.237 - - [15/Jun/2025:01:39:11 -0500] "GET /wp-content/plugins/woocommerce/assets/client/admin/chunks/624.js?ver=6e2148fdf07db6611ec8 HTTP/1.1" 200 14458 "http://dev.todocafe.pe/wp-admin/admin.php?page=wc-admin&path=%2Fsetup-wizard" "Mozilla/5.0 (X11; Linux x86_64; rv:134.0) Gecko/20100101 Firefox/134.0"
132.191.1.237 - - [15/Jun/2025:01:39:11 -0500] "GET /wp-content/plugins/woocommerce/assets/client/admin/chunks/2152.style.css?ver=0f2f1cab8f4ebf5d356a HTTP/1.1" 200 8455 "http://dev.todocafe.pe/wp-admin/admin.php?page=wc-admin&path=%2Fsetup-wizard" "Mozilla/5.0 (X11; Linux x86_64; rv:134.0) Gecko/20100101 Firefox/134.0"
132.191.1.237 - - [15/Jun/2025:01:39:11 -0500] "GET /wp-content/plugins/woocommerce/assets/client/admin/chunks/core-profiler.js?ver=c1504ef78b6784252fc7 HTTP/1.1" 200 25794 "http://dev.todocafe.pe/wp-admin/admin.php?page=wc-admin&path=%2Fsetup-wizard" "Mozilla/5.0 (X11; Linux x86_64; rv:134.0) Gecko/20100101 Firefox/134.0"
132.191.1.237 - - [15/Jun/2025:01:39:11 -0500] "GET /wp-content/plugins/woocommerce/assets/client/admin/chunks/3240.js?ver=e875968cbf383cfdb9fe HTTP/1.1" 200 8614 "http://dev.todocafe.pe/wp-admin/admin.php?page=wc-admin&path=%2Fsetup-wizard" "Mozilla/5.0 (X11; Linux x86_64; rv:134.0) Gecko/20100101 Firefox/134.0"
132.191.1.237 - - [15/Jun/2025:01:39:11 -0500] "GET /wp-content/plugins/woocommerce/assets/client/admin/chunks/9994.js?ver=2bfe57964e976d1cbdd2 HTTP/1.1" 200 50201 "http://dev.todocafe.pe/wp-admin/admin.php?page=wc-admin&path=%2Fsetup-wizard" "Mozilla/5.0 (X11; Linux x86_64; rv:134.0) Gecko/20100101 Firefox/134.0"
132.191.1.237 - - [15/Jun/2025:01:39:15 -0500] "GET /wp-json/wc-admin/plugins/active?_locale=user HTTP/1.1" 200 110 "http://dev.todocafe.pe/wp-admin/admin.php?page=wc-admin&path=%2Fsetup-wizard" "Mozilla/5.0 (X11; Linux x86_64; rv:134.0) Gecko/20100101 Firefox/134.0"
132.191.1.237 - - [15/Jun/2025:01:39:15 -0500] "GET /wp-json/wc-admin/options?options=woocommerce_admin_transient_notices_queue%2Cwoocommerce_admin_install_timestamp&_locale=user HTTP/1.1" 200 123 "http://dev.todocafe.pe/wp-admin/admin.php?page=wc-admin&path=%2Fsetup-wizard" "Mozilla/5.0 (X11; Linux x86_64; rv:134.0) Gecko/20100101 Firefox/134.0"
132.191.1.237 - - [15/Jun/2025:01:39:16 -0500] "GET /wp-json/wc-admin/options?options=woocommerce_ces_tracks_queue&_locale=user HTTP/1.1" 200 80 "http://dev.todocafe.pe/wp-admin/admin.php?page=wc-admin&path=%2Fsetup-wizard" "Mozilla/5.0 (X11; Linux x86_64; rv:134.0) Gecko/20100101 Firefox/134.0"
198.199.72.26 - - [15/Jun/2025:01:39:16 -0500] "POST /wp-cron.php?doing_wp_cron=1749969555.0734720230102539062500 HTTP/1.1" 499 0 "-" "WordPress/6.7; http://dev.todocafe.pe"
132.191.1.237 - - [15/Jun/2025:01:39:16 -0500] "GET /wp-json/jetpack/v4/connection?_locale=user HTTP/1.1" 200 163 "http://dev.todocafe.pe/wp-admin/admin.php?page=wc-admin&path=%2Fsetup-wizard" "Mozilla/5.0 (X11; Linux x86_64; rv:134.0) Gecko/20100101 Firefox/134.0"
132.191.1.237 - - [15/Jun/2025:01:39:16 -0500] "GET /wp-json/wc-admin/plugins/installed?_locale=user HTTP/1.1" 200 124 "http://dev.todocafe.pe/wp-admin/admin.php?page=wc-admin&path=%2Fsetup-wizard" "Mozilla/5.0 (X11; Linux x86_64; rv:134.0) Gecko/20100101 Firefox/134.0"
132.191.1.237 - - [15/Jun/2025:01:39:16 -0500] "OPTIONS /wp-json/wp/v2/settings?_locale=user HTTP/1.1" 200 1929 "http://dev.todocafe.pe/wp-admin/admin.php?page=wc-admin&path=%2Fsetup-wizard" "Mozilla/5.0 (X11; Linux x86_64; rv:134.0) Gecko/20100101 Firefox/134.0"
34.248.137.227 - - [15/Jun/2025:01:39:19 -0500] "GET / HTTP/1.1" 301 5 "-" "Mozilla/5.0 (X11; Linux x86_64; rv:83.0) Gecko/20100101 Firefox/83.0"
132.191.1.237 - - [15/Jun/2025:01:39:20 -0500] "GET /wp-json/wc-admin/onboarding/profile?_locale=user HTTP/1.1" 200 186 "http://dev.todocafe.pe/wp-admin/admin.php?page=wc-admin&path=%2Fsetup-wizard" "Mozilla/5.0 (X11; Linux x86_64; rv:134.0) Gecko/20100101 Firefox/134.0"
132.191.1.237 - - [15/Jun/2025:01:39:21 -0500] "GET /wp-json/wc-admin/onboarding/profile/progress?_locale=user HTTP/1.1" 200 53 "http://dev.todocafe.pe/wp-admin/admin.php?page=wc-admin&path=%2Fsetup-wizard" "Mozilla/5.0 (X11; Linux x86_64; rv:134.0) Gecko/20100101 Firefox/134.0"
132.191.1.237 - - [15/Jun/2025:01:39:21 -0500] "GET /wp-json/wc-analytics/settings/advanced/woocommerce_allow_tracking?_locale=user HTTP/1.1" 200 472 "http://dev.todocafe.pe/wp-admin/admin.php?page=wc-admin&path=%2Fsetup-wizard" "Mozilla/5.0 (X11; Linux x86_64; rv:134.0) Gecko/20100101 Firefox/134.0"
132.191.1.237 - - [15/Jun/2025:01:39:21 -0500] "GET /wp-json/wc-admin/onboarding/free-extensions?_locale=user HTTP/1.1" 200 1912 "http://dev.todocafe.pe/wp-admin/admin.php?page=wc-admin&path=%2Fsetup-wizard" "Mozilla/5.0 (X11; Linux x86_64; rv:134.0) Gecko/20100101 Firefox/134.0"
132.191.1.237 - - [15/Jun/2025:01:39:21 -0500] "GET /wp-content/plugins/woocommerce/assets/client/admin/d070003c8575faa9f2fc.svg HTTP/1.1" 200 3145 "http://dev.todocafe.pe/wp-content/plugins/woocommerce/assets/client/admin/chunks/2152.style.css?ver=0f2f1cab8f4ebf5d356a" "Mozilla/5.0 (X11; Linux x86_64; rv:134.0) Gecko/20100101 Firefox/134.0"
