132.191.1.237 - - [15/Jun/2025:01:39:22 -0500] "GET /wp-json/wc-analytics/settings/general/woocommerce_default_country?_locale=user HTTP/1.1" 200 22782 "http://dev.todocafe.pe/wp-admin/admin.php?page=wc-admin&path=%2Fsetup-wizard" "Mozilla/5.0 (X11; Linux x86_64; rv:134.0) Gecko/20100101 Firefox/134.0"
34.248.137.227 - - [15/Jun/2025:01:39:22 -0500] "GET / HTTP/1.1" 200 11899 "-" "Mozilla/5.0 (X11; Linux x86_64; rv:83.0) Gecko/20100101 Firefox/83.0"
132.191.1.237 - - [15/Jun/2025:01:39:23 -0500] "GET /wp-json/wc-analytics/data/countries?_locale=user HTTP/1.1" 200 23545 "http://dev.todocafe.pe/wp-admin/admin.php?page=wc-admin&path=%2Fsetup-wizard" "Mozilla/5.0 (X11; Linux x86_64; rv:134.0) Gecko/20100101 Firefox/134.0"
132.191.1.237 - - [15/Jun/2025:01:39:23 -0500] "GET /wp-json/wp/v2/settings?_locale=user HTTP/1.1" 200 398 "http://dev.todocafe.pe/wp-admin/admin.php?page=wc-admin&path=%2Fsetup-wizard" "Mozilla/5.0 (X11; Linux x86_64; rv:134.0) Gecko/20100101 Firefox/134.0"
34.248.137.227 - - [15/Jun/2025:01:39:24 -0500] "GET / HTTP/1.1" 301 5 "-" "Mozilla/5.0 (X11; Linux x86_64) AppleWebKit/537.36 (KHTML, like Gecko) Chrome/132.0.0.0 Safari/537.36"
34.248.137.227 - - [15/Jun/2025:01:39:25 -0500] "GET / HTTP/1.1" 200 11919 "-" "Mozilla/5.0 (X11; Linux x86_64) AppleWebKit/537.36 (KHTML, like Gecko) Chrome/132.0.0.0 Safari/537.36"
34.248.137.227 - - [15/Jun/2025:01:39:25 -0500] "GET /wp-content/plugins/woocommerce/assets/client/blocks/woocommerce/add-to-cart-form-style.css?ver=6.7 HTTP/1.1" 200 1494 "https://dev.todocafe.pe/" "Mozilla/5.0 (X11; Linux x86_64) AppleWebKit/537.36 (KHTML, like Gecko) Chrome/132.0.0.0 Safari/537.36"
34.248.137.227 - - [15/Jun/2025:01:39:25 -0500] "GET /wp-content/plugins/woocommerce/assets/client/blocks/woocommerce/product-filter-price-slider-style.css?ver=6.7 HTTP/1.1" 200 1074 "https://dev.todocafe.pe/" "Mozilla/5.0 (X11; Linux x86_64) AppleWebKit/537.36 (KHTML, like Gecko) Chrome/132.0.0.0 Safari/537.36"
34.248.137.227 - - [15/Jun/2025:01:39:25 -0500] "GET /wp-content/plugins/woocommerce/assets/client/blocks/woocommerce/product-gallery-style.css?ver=6.7 HTTP/1.1" 200 2584 "https://dev.todocafe.pe/" "Mozilla/5.0 (X11; Linux x86_64) AppleWebKit/537.36 (KHTML, like Gecko) Chrome/132.0.0.0 Safari/537.36"
34.248.137.227 - - [15/Jun/2025:01:39:25 -0500] "GET /wp-content/plugins/woocommerce/assets/css/woocommerce-layout.css?ver=9.9.3 HTTP/1.1" 200 3424 "https://dev.todocafe.pe/" "Mozilla/5.0 (X11; Linux x86_64) AppleWebKit/537.36 (KHTML, like Gecko) Chrome/132.0.0.0 Safari/537.36"
34.248.137.227 - - [15/Jun/2025:01:39:25 -0500] "GET /wp-content/plugins/woocommerce/assets/css/woocommerce.css?ver=9.9.3 HTTP/1.1" 200 10830 "https://dev.todocafe.pe/" "Mozilla/5.0 (X11; Linux x86_64) AppleWebKit/537.36 (KHTML, like Gecko) Chrome/132.0.0.0 Safari/537.36"
34.248.137.227 - - [15/Jun/2025:01:39:25 -0500] "GET /wp-content/plugins/woocommerce/assets/css/brands.css?ver=9.9.3 HTTP/1.1" 200 696 "https://dev.todocafe.pe/" "Mozilla/5.0 (X11; Linux x86_64) AppleWebKit/537.36 (KHTML, like Gecko) Chrome/132.0.0.0 Safari/537.36"
34.248.137.227 - - [15/Jun/2025:01:39:25 -0500] "GET /wp-content/plugins/woocommerce/assets/client/blocks/wc-blocks.css?ver=wc-9.9.3 HTTP/1.1" 200 2587 "https://dev.todocafe.pe/" "Mozilla/5.0 (X11; Linux x86_64) AppleWebKit/537.36 (KHTML, like Gecko) Chrome/132.0.0.0 Safari/537.36"
34.248.137.227 - - [15/Jun/2025:01:39:26 -0500] "GET /wp-content/plugins/woocommerce/assets/js/sourcebuster/sourcebuster.min.js?ver=9.9.3 HTTP/1.1" 200 4820 "https://dev.todocafe.pe/" "Mozilla/5.0 (X11; Linux x86_64) AppleWebKit/537.36 (KHTML, like Gecko) Chrome/132.0.0.0 Safari/537.36"
34.248.137.227 - - [15/Jun/2025:01:39:26 -0500] "GET /wp-content/plugins/woocommerce/assets/js/frontend/order-attribution.min.js?ver=9.9.3 HTTP/1.1" 200 1140 "https://dev.todocafe.pe/" "Mozilla/5.0 (X11; Linux x86_64) AppleWebKit/537.36 (KHTML, like Gecko) Chrome/132.0.0.0 Safari/537.36"
34.248.137.227 - - [15/Jun/2025:01:39:26 -0500] "GET /wp-content/plugins/woocommerce/assets/js/jquery-blockui/jquery.blockUI.min.js?ver=2.7.0-wc.9.9.3 HTTP/1.1" 200 3549 "https://dev.todocafe.pe/" "Mozilla/5.0 (X11; Linux x86_64) AppleWebKit/537.36 (KHTML, like Gecko) Chrome/132.0.0.0 Safari/537.36"
34.248.137.227 - - [15/Jun/2025:01:39:26 -0500] "GET /wp-content/plugins/woocommerce/assets/js/js-cookie/js.cookie.min.js?ver=2.1.4-wc.9.9.3 HTTP/1.1" 200 845 "https://dev.todocafe.pe/" "Mozilla/5.0 (X11; Linux x86_64) AppleWebKit/537.36 (KHTML, like Gecko) Chrome/132.0.0.0 Safari/537.36"
34.248.137.227 - - [15/Jun/2025:01:39:26 -0500] "GET /wp-content/plugins/woocommerce/assets/js/frontend/add-to-cart.min.js?ver=9.9.3 HTTP/1.1" 200 1380 "https://dev.todocafe.pe/" "Mozilla/5.0 (X11; Linux x86_64) AppleWebKit/537.36 (KHTML, like Gecko) Chrome/132.0.0.0 Safari/537.36"
34.248.137.227 - - [15/Jun/2025:01:39:26 -0500] "GET /wp-content/plugins/woocommerce/assets/js/frontend/cart-fragments.min.js?ver=9.9.3 HTTP/1.1" 200 1057 "https://dev.todocafe.pe/" "Mozilla/5.0 (X11; Linux x86_64) AppleWebKit/537.36 (KHTML, like Gecko) Chrome/132.0.0.0 Safari/537.36"
34.248.137.227 - - [15/Jun/2025:01:39:26 -0500] "GET /wp-content/plugins/woocommerce/assets/js/frontend/woocommerce.min.js?ver=9.9.3 HTTP/1.1" 200 1461 "https://dev.todocafe.pe/" "Mozilla/5.0 (X11; Linux x86_64) AppleWebKit/537.36 (KHTML, like Gecko) Chrome/132.0.0.0 Safari/537.36"
34.248.137.227 - - [15/Jun/2025:01:39:26 -0500] "GET /wp-content/plugins/woocommerce/assets/css/woocommerce-smallscreen.css?ver=9.9.3 HTTP/1.1" 200 1291 "https://dev.todocafe.pe/" "Mozilla/5.0 (X11; Linux x86_64) AppleWebKit/537.36 (KHTML, like Gecko) Chrome/132.0.0.0 Safari/537.36"
34.248.137.227 - - [15/Jun/2025:01:39:26 -0500] "POST /?wc-ajax=get_refreshed_fragments HTTP/1.1" 403 199 "https://dev.todocafe.pe/" "Mozilla/5.0 (X11; Linux x86_64) AppleWebKit/537.36 (KHTML, like Gecko) Chrome/132.0.0.0 Safari/537.36"
34.248.137.227 - - [15/Jun/2025:01:39:26 -0500] "GET /wp-content/themes/benous/assets/fonts/Simple-Line-Icons.woff HTTP/1.1" 200 59324 "https://dev.todocafe.pe/wp-content/themes/benous/assets/css/libs.css?ver=6.7" "Mozilla/5.0 (X11; Linux x86_64) AppleWebKit/537.36 (KHTML, like Gecko) Chrome/132.0.0.0 Safari/537.36"
34.248.137.227 - - [15/Jun/2025:01:39:28 -0500] "GET / HTTP/1.1" 200 11919 "-" "Mozilla/5.0 (Macintosh; Intel Mac OS X 10_9_2) AppleWebKit/537.36 (KHTML, like Gecko) Chrome/33.0.1750.152 Safari/537.36"
34.248.137.227 - - [15/Jun/2025:01:39:30 -0500] "HEAD /favicon.ico HTTP/1.1" 200 0 "-" "Mozilla/5.0 (Macintosh; Intel Mac OS X 10_9_2) AppleWebKit/537.36 (KHTML, like Gecko) Chrome/33.0.1750.152 Safari/537.36"
34.248.137.227 - - [15/Jun/2025:01:39:32 -0500] "GET /favicon.ico HTTP/1.1" 302 5 "-" "Mozilla/5.0 (Windows NT 10.0; Win64; x64) AppleWebKit/537.36 (KHTML, like Gecko) Chrome/99.0.4844.84 Safari/537.36"
34.248.137.227 - - [15/Jun/2025:01:39:32 -0500] "GET /wp-includes/images/w-logo-blue-white-bg.png HTTP/1.1" 200 4157 "-" "Mozilla/5.0 (Windows NT 10.0; Win64; x64) AppleWebKit/537.36 (KHTML, like Gecko) Chrome/99.0.4844.84 Safari/537.36"
132.191.1.237 - - [15/Jun/2025:01:39:39 -0500] "POST /wp-json/wc-admin/onboarding/profile/progress/core-profiler/complete?_locale=user HTTP/1.1" 200 142 "http://dev.todocafe.pe/wp-admin/admin.php?page=wc-admin&path=%2Fsetup-wizard&step=skip-guided-setup" "Mozilla/5.0 (X11; Linux x86_64; rv:134.0) Gecko/20100101 Firefox/134.0"
132.191.1.237 - - [15/Jun/2025:01:39:39 -0500] "POST /wp-json/wc-analytics/settings/advanced/woocommerce_allow_tracking?_locale=user HTTP/1.1" 200 472 "http://dev.todocafe.pe/wp-admin/admin.php?page=wc-admin&path=%2Fsetup-wizard&step=skip-guided-setup" "Mozilla/5.0 (X11; Linux x86_64; rv:134.0) Gecko/20100101 Firefox/134.0"
132.191.1.237 - - [15/Jun/2025:01:39:58 -0500] "POST /wp-json/wc-admin/onboarding/profile?_locale=user HTTP/1.1" 200 124 "http://dev.todocafe.pe/wp-admin/admin.php?page=wc-admin&path=%2Fsetup-wizard&step=skip-guided-setup" "Mozilla/5.0 (X11; Linux x86_64; rv:134.0) Gecko/20100101 Firefox/134.0"
132.191.1.237 - - [15/Jun/2025:01:39:58 -0500] "POST /wp-json/wc-admin/onboarding/profile/progress/core-profiler/complete?_locale=user HTTP/1.1" 200 161 "http://dev.todocafe.pe/wp-admin/admin.php?page=wc-admin&path=%2Fsetup-wizard&step=skip-guided-setup" "Mozilla/5.0 (X11; Linux x86_64; rv:134.0) Gecko/20100101 Firefox/134.0"
132.191.1.237 - - [15/Jun/2025:01:39:58 -0500] "POST /wp-json/wc-admin/onboarding/profile/update-store-currency-and-measurement-units?_locale=user HTTP/1.1" 204 0 "http://dev.todocafe.pe/wp-admin/admin.php?page=wc-admin&path=%2Fsetup-wizard&step=skip-guided-setup" "Mozilla/5.0 (X11; Linux x86_64; rv:134.0) Gecko/20100101 Firefox/134.0"
132.191.1.237 - - [15/Jun/2025:01:39:58 -0500] "POST /wp-json/wc-analytics/settings/general/woocommerce_default_country?_locale=user HTTP/1.1" 200 22780 "http://dev.todocafe.pe/wp-admin/admin.php?page=wc-admin&path=%2Fsetup-wizard&step=skip-guided-setup" "Mozilla/5.0 (X11; Linux x86_64; rv:134.0) Gecko/20100101 Firefox/134.0"
132.191.1.237 - - [15/Jun/2025:01:40:00 -0500] "GET /wp-content/plugins/woocommerce/assets/client/admin/bfec8d1574ef61285fc9.svg HTTP/1.1" 200 3865 "http://dev.todocafe.pe/wp-admin/admin.php?page=wc-admin&path=%2Fsetup-wizard&step=skip-guided-setup" "Mozilla/5.0 (X11; Linux x86_64; rv:134.0) Gecko/20100101 Firefox/134.0"
198.199.72.26 - - [15/Jun/2025:01:40:04 -0500] "POST /wp-cron.php?doing_wp_cron=1749969603.6216859817504882812500 HTTP/1.1" 499 0 "-" "WordPress/6.7; http://dev.todocafe.pe"
132.191.1.237 - - [15/Jun/2025:01:40:04 -0500] "POST /wp-json/wc-admin/launch-your-store/initialize-coming-soon?_locale=user HTTP/1.1" 200 46 "http://dev.todocafe.pe/wp-admin/admin.php?page=wc-admin&path=%2Fsetup-wizard&step=skip-guided-setup" "Mozilla/5.0 (X11; Linux x86_64; rv:134.0) Gecko/20100101 Firefox/134.0"
132.191.1.237 - - [15/Jun/2025:01:40:07 -0500] "GET /wp-content/plugins/elementor/assets/lib/eicons/fonts/eicons.woff2?5.41.0 HTTP/1.1" 200 103012 "http://dev.todocafe.pe/wp-content/plugins/elementor/assets/lib/eicons/css/elementor-icons.min.css?ver=5.40.0" "Mozilla/5.0 (X11; Linux x86_64; rv:134.0) Gecko/20100101 Firefox/134.0"
132.191.1.237 - - [15/Jun/2025:01:40:07 -0500] "GET /wp-admin/admin.php?page=wc-admin HTTP/1.1" 200 186968 "http://dev.todocafe.pe/wp-admin/admin.php?page=wc-admin&path=%2Fsetup-wizard&step=skip-guided-setup" "Mozilla/5.0 (X11; Linux x86_64; rv:134.0) Gecko/20100101 Firefox/134.0"
132.191.1.237 - - [15/Jun/2025:01:40:08 -0500] "GET /wp-content/plugins/woocommerce/assets/client/admin/chunks/store-alerts.js?ver=e14a1b76936d2b76ae49 HTTP/1.1" 200 2569 "http://dev.todocafe.pe/wp-admin/admin.php?page=wc-admin" "Mozilla/5.0 (X11; Linux x86_64; rv:134.0) Gecko/20100101 Firefox/134.0"
132.191.1.237 - - [15/Jun/2025:01:40:08 -0500] "GET /wp-content/plugins/woocommerce/assets/client/admin/chunks/1438.style.css?ver=1a0ef7160a89435a3a20 HTTP/1.1" 200 1252 "http://dev.todocafe.pe/wp-admin/admin.php?page=wc-admin" "Mozilla/5.0 (X11; Linux x86_64; rv:134.0) Gecko/20100101 Firefox/134.0"
132.191.1.237 - - [15/Jun/2025:01:40:08 -0500] "GET /wp-content/plugins/woocommerce/assets/client/admin/chunks/9719.js?ver=1d8b6a12ef3178de7990 HTTP/1.1" 200 491 "http://dev.todocafe.pe/wp-admin/admin.php?page=wc-admin" "Mozilla/5.0 (X11; Linux x86_64; rv:134.0) Gecko/20100101 Firefox/134.0"
132.191.1.237 - - [15/Jun/2025:01:40:08 -0500] "GET /wp-content/plugins/woocommerce/assets/client/admin/chunks/8276.js?ver=119ad8582a9f1b379900 HTTP/1.1" 200 4148 "http://dev.todocafe.pe/wp-admin/admin.php?page=wc-admin" "Mozilla/5.0 (X11; Linux x86_64; rv:134.0) Gecko/20100101 Firefox/134.0"
132.191.1.237 - - [15/Jun/2025:01:40:08 -0500] "GET /wp-content/plugins/woocommerce/assets/client/admin/chunks/4317.style.css?ver=baabe1753a0027ffd2dd HTTP/1.1" 200 5400 "http://dev.todocafe.pe/wp-admin/admin.php?page=wc-admin" "Mozilla/5.0 (X11; Linux x86_64; rv:134.0) Gecko/20100101 Firefox/134.0"
132.191.1.237 - - [15/Jun/2025:01:40:08 -0500] "GET /wp-content/plugins/woocommerce/assets/client/admin/chunks/6672.js?ver=dd444674a97e89930c9b HTTP/1.1" 200 7916 "http://dev.todocafe.pe/wp-admin/admin.php?page=wc-admin" "Mozilla/5.0 (X11; Linux x86_64; rv:134.0) Gecko/20100101 Firefox/134.0"
132.191.1.237 - - [15/Jun/2025:01:40:08 -0500] "GET /wp-content/plugins/woocommerce/assets/client/admin/chunks/1494.style.css?ver=3004cec16954b6016635 HTTP/1.1" 200 10843 "http://dev.todocafe.pe/wp-admin/admin.php?page=wc-admin" "Mozilla/5.0 (X11; Linux x86_64; rv:134.0) Gecko/20100101 Firefox/134.0"
132.191.1.237 - - [15/Jun/2025:01:40:08 -0500] "GET /wp-content/plugins/woocommerce/assets/client/admin/chunks/4317.js?ver=8fd0c82633d94dff5dbd HTTP/1.1" 200 35245 "http://dev.todocafe.pe/wp-admin/admin.php?page=wc-admin" "Mozilla/5.0 (X11; Linux x86_64; rv:134.0) Gecko/20100101 Firefox/134.0"
132.191.1.237 - - [15/Jun/2025:01:40:08 -0500] "GET /wp-content/plugins/woocommerce/assets/client/admin/chunks/homescreen.js?ver=6c5046ff3a253d568eb0 HTTP/1.1" 200 24201 "http://dev.todocafe.pe/wp-admin/admin.php?page=wc-admin" "Mozilla/5.0 (X11; Linux x86_64; rv:134.0) Gecko/20100101 Firefox/134.0"
132.191.1.237 - - [15/Jun/2025:01:40:08 -0500] "GET /wp-content/plugins/woocommerce/assets/client/admin/chunks/5841.js?ver=b10e966eeff222363542 HTTP/1.1" 200 1517 "http://dev.todocafe.pe/wp-admin/admin.php?page=wc-admin" "Mozilla/5.0 (X11; Linux x86_64; rv:134.0) Gecko/20100101 Firefox/134.0"
132.191.1.237 - - [15/Jun/2025:01:40:08 -0500] "GET /wp-content/plugins/woocommerce/assets/client/admin/chunks/9670.js?ver=d592638b01a089e98868 HTTP/1.1" 200 6240 "http://dev.todocafe.pe/wp-admin/admin.php?page=wc-admin" "Mozilla/5.0 (X11; Linux x86_64; rv:134.0) Gecko/20100101 Firefox/134.0"
132.191.1.237 - - [15/Jun/2025:01:40:08 -0500] "GET /wp-content/plugins/woocommerce/assets/client/admin/chunks/5841.style.css?ver=88a79bf0b361b4f9a077 HTTP/1.1" 200 1382 "http://dev.todocafe.pe/wp-admin/admin.php?page=wc-admin" "Mozilla/5.0 (X11; Linux x86_64; rv:134.0) Gecko/20100101 Firefox/134.0"
132.191.1.237 - - [15/Jun/2025:01:40:08 -0500] "GET /wp-content/plugins/woocommerce/assets/client/admin/chunks/6568.js?ver=0c69d708d17267963866 HTTP/1.1" 200 5392 "http://dev.todocafe.pe/wp-admin/admin.php?page=wc-admin" "Mozilla/5.0 (X11; Linux x86_64; rv:134.0) Gecko/20100101 Firefox/134.0"
132.191.1.237 - - [15/Jun/2025:01:40:11 -0500] "GET /wp-json/wc-admin/plugins/active?_locale=user HTTP/1.1" 200 110 "http://dev.todocafe.pe/wp-admin/admin.php?page=wc-admin" "Mozilla/5.0 (X11; Linux x86_64; rv:134.0) Gecko/20100101 Firefox/134.0"
132.191.1.237 - - [15/Jun/2025:01:40:12 -0500] "GET /wp-json/wc-analytics/products/reviews?page=1&per_page=1&status=hold&_embed=1&_fields%5B0%5D=id&_locale=user HTTP/1.1" 200 44 "http://dev.todocafe.pe/wp-admin/admin.php?page=wc-admin" "Mozilla/5.0 (X11; Linux x86_64; rv:134.0) Gecko/20100101 Firefox/134.0"
132.191.1.237 - - [15/Jun/2025:01:40:12 -0500] "GET /wp-json/wc-admin/plugins/installed?_locale=user HTTP/1.1" 200 124 "http://dev.todocafe.pe/wp-admin/admin.php?page=wc-admin" "Mozilla/5.0 (X11; Linux x86_64; rv:134.0) Gecko/20100101 Firefox/134.0"
132.191.1.237 - - [15/Jun/2025:01:40:13 -0500] "GET /wp-json/jetpack/v4/connection?_locale=user HTTP/1.1" 200 163 "http://dev.todocafe.pe/wp-admin/admin.php?page=wc-admin" "Mozilla/5.0 (X11; Linux x86_64; rv:134.0) Gecko/20100101 Firefox/134.0"
132.191.1.237 - - [15/Jun/2025:01:40:14 -0500] "GET /wp-json/wc-analytics/products/count-low-in-stock?status=publish&page=1&per_page=1&_locale=user HTTP/1.1" 200 53 "http://dev.todocafe.pe/wp-admin/admin.php?page=wc-admin" "Mozilla/5.0 (X11; Linux x86_64; rv:134.0) Gecko/20100101 Firefox/134.0"
132.191.1.237 - - [15/Jun/2025:01:40:14 -0500] "GET /wp-json/wc-analytics/orders?page=1&per_page=1&status%5B0%5D=processing&status%5B1%5D=on-hold&_fields%5B0%5D=id&_locale=user HTTP/1.1" 200 44 "http://dev.todocafe.pe/wp-admin/admin.php?page=wc-admin" "Mozilla/5.0 (X11; Linux x86_64; rv:134.0) Gecko/20100101 Firefox/134.0"
132.191.1.237 - - [15/Jun/2025:01:40:15 -0500] "GET /wp-json/wc-admin/options?options=woocommerce_ces_tracks_queue&_locale=user HTTP/1.1" 200 80 "http://dev.todocafe.pe/wp-admin/admin.php?page=wc-admin" "Mozilla/5.0 (X11; Linux x86_64; rv:134.0) Gecko/20100101 Firefox/134.0"
132.191.1.237 - - [15/Jun/2025:01:40:17 -0500] "GET /wp-json/wc-admin/options?options=woocommerce_coming_soon%2Cwoocommerce_store_pages_only%2Cwoocommerce_private_link%2Cwoocommerce_share_key%2Cwoocommerce_task_list_reminder_bar_hidden%2Cwoocommerce_admin_transient_notices_queue%2Cwoocommerce_admin_install_timestamp&_locale=user HTTP/1.1" 200 228 "http://dev.todocafe.pe/wp-admin/admin.php?page=wc-admin" "Mozilla/5.0 (X11; Linux x86_64; rv:134.0) Gecko/20100101 Firefox/134.0"
132.191.1.237 - - [15/Jun/2025:01:40:17 -0500] "GET /wp-json/wc-analytics/admin/notes?page=1&per_page=25&type=error%2Cupdate&status=unactioned&_locale=user HTTP/1.1" 200 44 "http://dev.todocafe.pe/wp-admin/admin.php?page=wc-admin" "Mozilla/5.0 (X11; Linux x86_64; rv:134.0) Gecko/20100101 Firefox/134.0"
132.191.1.237 - - [15/Jun/2025:01:40:18 -0500] "GET /wp-json/wc-admin/onboarding/tasks?_locale=user HTTP/1.1" 200 1409 "http://dev.todocafe.pe/wp-admin/admin.php?page=wc-admin" "Mozilla/5.0 (X11; Linux x86_64; rv:134.0) Gecko/20100101 Firefox/134.0"
132.191.1.237 - - [15/Jun/2025:01:40:18 -0500] "GET /wp-json/wc-admin/onboarding/profile?_locale=user HTTP/1.1" 200 191 "http://dev.todocafe.pe/wp-admin/admin.php?page=wc-admin" "Mozilla/5.0 (X11; Linux x86_64; rv:134.0) Gecko/20100101 Firefox/134.0"
132.191.1.237 - - [15/Jun/2025:01:40:18 -0500] "GET /wp-content/plugins/woocommerce/assets/images/task_list/customize-store-illustration.svg HTTP/1.1" 200 573 "http://dev.todocafe.pe/wp-admin/admin.php?page=wc-admin" "Mozilla/5.0 (X11; Linux x86_64; rv:134.0) Gecko/20100101 Firefox/134.0"
132.191.1.237 - - [15/Jun/2025:01:40:18 -0500] "GET /wp-json/wc-analytics/admin/notes?page=1&per_page=5&status=unactioned&type%5B0%5D=info&type%5B1%5D=marketing&type%5B2%5D=survey&type%5B3%5D=warning&orderby=date&order=desc&_fields%5B0%5D=id&_fields%5B1%5D=name&_fields%5B2%5D=title&_fields%5B3%5D=content&_fields%5B4%5D=type&_fields%5B5%5D=status&_fields%5B6%5D=actions&_fields%5B7%5D=date_created&_fields%5B8%5D=date_created_gmt&_fields%5B9%5D=layout&_fields%5B10%5D=image&_fields%5B11%5D=is_deleted&_fields%5B12%5D=is_read&_fields%5B13%5D=locale&_locale=user HTTP/1.1" 200 44 "http://dev.todocafe.pe/wp-admin/admin.php?page=wc-admin" "Mozilla/5.0 (X11; Linux x86_64; rv:134.0) Gecko/20100101 Firefox/134.0"
132.191.1.237 - - [15/Jun/2025:01:40:19 -0500] "GET /wp-json/wc-analytics/admin/notes?page=1&per_page=100&status=unactioned&type%5B0%5D=info&type%5B1%5D=marketing&type%5B2%5D=survey&type%5B3%5D=warning&orderby=date&order=desc&_fields%5B0%5D=id&_fields%5B1%5D=name&_fields%5B2%5D=title&_fields%5B3%5D=content&_fields%5B4%5D=type&_fields%5B5%5D=status&_fields%5B6%5D=actions&_fields%5B7%5D=date_created&_fields%5B8%5D=date_created_gmt&_fields%5B9%5D=layout&_fields%5B10%5D=image&_fields%5B11%5D=is_deleted&_fields%5B12%5D=is_read&_fields%5B13%5D=locale&is_read=false&_locale=user HTTP/1.1" 200 44 "http://dev.todocafe.pe/wp-admin/admin.php?page=wc-admin" "Mozilla/5.0 (X11; Linux x86_64; rv:134.0) Gecko/20100101 Firefox/134.0"
132.191.1.237 - - [15/Jun/2025:01:40:20 -0500] "GET /wp-json/wc-analytics/reports/performance-indicators?after=2025-06-15T00%3A00%3A00&before=2025-06-15T01%3A40%3A08&stats=revenue%2Ftotal_sales%2Corders%2Forders_count&_locale=user HTTP/1.1" 200 251 "http://dev.todocafe.pe/wp-admin/admin.php?page=wc-admin" "Mozilla/5.0 (X11; Linux x86_64; rv:134.0) Gecko/20100101 Firefox/134.0"
132.191.1.237 - - [15/Jun/2025:01:40:20 -0500] "GET /wp-json/wc-admin/options?options=woocommerce_show_lys_tour&_locale=user HTTP/1.1" 200 77 "http://dev.todocafe.pe/wp-admin/admin.php?page=wc-admin" "Mozilla/5.0 (X11; Linux x86_64; rv:134.0) Gecko/20100101 Firefox/134.0"
132.191.1.237 - - [15/Jun/2025:01:40:20 -0500] "GET /wp-json/wc-analytics/reports/performance-indicators?after=2025-06-14T00%3A00%3A00&before=2025-06-14T23%3A59%3A59&stats=revenue%2Ftotal_sales%2Corders%2Forders_count&_locale=user HTTP/1.1" 200 251 "http://dev.todocafe.pe/wp-admin/admin.php?page=wc-admin" "Mozilla/5.0 (X11; Linux x86_64; rv:134.0) Gecko/20100101 Firefox/134.0"
132.191.1.237 - - [15/Jun/2025:01:40:31 -0500] "GET /wp-admin/themes.php HTTP/1.1" 200 51349 "http://dev.todocafe.pe/wp-admin/admin.php?page=wc-admin" "Mozilla/5.0 (X11; Linux x86_64; rv:134.0) Gecko/20100101 Firefox/134.0"
132.191.1.237 - - [15/Jun/2025:01:40:32 -0500] "GET /wp-content/themes/benous-child/screenshot.png?ver=1.0.0 HTTP/1.1" 200 18083 "http://dev.todocafe.pe/wp-admin/themes.php" "Mozilla/5.0 (X11; Linux x86_64; rv:134.0) Gecko/20100101 Firefox/134.0"
132.191.1.237 - - [15/Jun/2025:01:40:32 -0500] "GET /wp-content/themes/benous/screenshot.png?ver=1.4 HTTP/1.1" 200 14750 "http://dev.todocafe.pe/wp-admin/themes.php" "Mozilla/5.0 (X11; Linux x86_64; rv:134.0) Gecko/20100101 Firefox/134.0"
132.191.1.237 - - [15/Jun/2025:01:40:32 -0500] "GET /wp-content/themes/twentytwentytwo/screenshot.png?ver=1.9 HTTP/1.1" 200 157442 "http://dev.todocafe.pe/wp-admin/themes.php" "Mozilla/5.0 (X11; Linux x86_64; rv:134.0) Gecko/20100101 Firefox/134.0"
132.191.1.237 - - [15/Jun/2025:01:40:32 -0500] "GET /wp-content/themes/twentytwentythree/screenshot.png?ver=1.6 HTTP/1.1" 200 75079 "http://dev.todocafe.pe/wp-admin/themes.php" "Mozilla/5.0 (X11; Linux x86_64; rv:134.0) Gecko/20100101 Firefox/134.0"
132.191.1.237 - - [15/Jun/2025:01:40:33 -0500] "GET /wp-content/themes/twentytwentyfive/screenshot.png?ver=1.0 HTTP/1.1" 200 213226 "http://dev.todocafe.pe/wp-admin/themes.php" "Mozilla/5.0 (X11; Linux x86_64; rv:134.0) Gecko/20100101 Firefox/134.0"
132.191.1.237 - - [15/Jun/2025:01:40:34 -0500] "GET /wp-content/themes/twentytwentyfour/screenshot.png?ver=1.3 HTTP/1.1" 200 720003 "http://dev.todocafe.pe/wp-admin/themes.php" "Mozilla/5.0 (X11; Linux x86_64; rv:134.0) Gecko/20100101 Firefox/134.0"
132.191.1.237 - - [15/Jun/2025:01:40:38 -0500] "GET /wp-admin/themes.php?page=one-click-demo HTTP/1.1" 200 44606 "http://dev.todocafe.pe/wp-admin/themes.php" "Mozilla/5.0 (X11; Linux x86_64; rv:134.0) Gecko/20100101 Firefox/134.0"
198.199.72.26 - - [15/Jun/2025:01:41:41 -0500] "POST /wp-cron.php?doing_wp_cron=1749969700.2225129604339599609375 HTTP/1.1" 499 0 "-" "WordPress/6.7; http://dev.todocafe.pe"
132.191.1.237 - - [15/Jun/2025:01:41:41 -0500] "POST /wp-admin/admin-ajax.php HTTP/1.1" 200 89 "http://dev.todocafe.pe/wp-admin/themes.php?page=one-click-demo" "Mozilla/5.0 (X11; Linux x86_64; rv:134.0) Gecko/20100101 Firefox/134.0"
198.199.72.26 - - [15/Jun/2025:01:42:05 -0500] "POST /wp-cron.php?doing_wp_cron=1749969724.1184830665588378906250 HTTP/1.1" 499 0 "-" "WordPress/6.7; http://dev.todocafe.pe"
68.183.235.105 - - [15/Jun/2025:01:42:05 -0500] "GET / HTTP/1.1" 301 5 "-" "Go-http-client/1.1"
68.183.235.105 - - [15/Jun/2025:01:42:06 -0500] "GET / HTTP/1.1" 499 0 "http://www.dev.todocafe.pe/" "Go-http-client/1.1"
132.191.1.237 - - [15/Jun/2025:01:42:40 -0500] "POST /wp-admin/admin-ajax.php HTTP/1.1" 200 89 "http://dev.todocafe.pe/wp-admin/themes.php?page=one-click-demo" "Mozilla/5.0 (X11; Linux x86_64; rv:134.0) Gecko/20100101 Firefox/134.0"
132.191.1.237 - - [15/Jun/2025:01:43:42 -0500] "POST /wp-admin/themes.php?page=one-click-demo HTTP/1.1" 500 538 "http://dev.todocafe.pe/wp-admin/themes.php?page=one-click-demo" "Mozilla/5.0 (X11; Linux x86_64; rv:134.0) Gecko/20100101 Firefox/134.0"
198.199.72.26 - - [15/Jun/2025:01:45:08 -0500] "POST /wp-cron.php?doing_wp_cron=1749969907.9155299663543701171875 HTTP/1.1" 499 0 "-" "WordPress/6.7; http://dev.todocafe.pe"
132.191.1.237 - - [15/Jun/2025:01:46:47 -0500] "POST /wp-admin/themes.php?page=one-click-demo HTTP/1.1" 499 0 "http://dev.todocafe.pe/wp-admin/themes.php?page=one-click-demo" "Mozilla/5.0 (X11; Linux x86_64; rv:134.0) Gecko/20100101 Firefox/134.0"
198.199.72.26 - - [15/Jun/2025:01:46:50 -0500] "POST /wp-cron.php?doing_wp_cron=1749970009.4117898941040039062500 HTTP/1.1" 499 0 "-" "WordPress/6.7; http://dev.todocafe.pe"
132.191.1.237 - - [15/Jun/2025:01:46:51 -0500] "GET /wp-admin/themes.php?page=one-click-demo HTTP/1.1" 200 44717 "-" "Mozilla/5.0 (X11; Linux x86_64; rv:134.0) Gecko/20100101 Firefox/134.0"
132.191.1.237 - - [15/Jun/2025:01:46:51 -0500] "GET /wp-content/plugins/elementor/assets/lib/eicons/fonts/eicons.woff2?5.41.0 HTTP/1.1" 304 0 "http://dev.todocafe.pe/wp-content/plugins/elementor/assets/lib/eicons/css/elementor-icons.min.css?ver=5.40.0" "Mozilla/5.0 (X11; Linux x86_64; rv:134.0) Gecko/20100101 Firefox/134.0"
132.191.1.237 - - [15/Jun/2025:01:46:51 -0500] "GET /wp-includes/js/thickbox/loadingAnimation.gif HTTP/1.1" 200 14942 "http://dev.todocafe.pe/wp-admin/themes.php?page=one-click-demo" "Mozilla/5.0 (X11; Linux x86_64; rv:134.0) Gecko/20100101 Firefox/134.0"
198.199.72.26 - - [15/Jun/2025:01:47:12 -0500] "HEAD /wp-content/uploads/2021/12/b6.jpg HTTP/1.1" 200 0 "-" "WordPress/6.7; http://dev.todocafe.pe"
198.199.72.26 - - [15/Jun/2025:01:47:12 -0500] "HEAD /wp-content/uploads/2021/12/b4.jpg HTTP/1.1" 200 0 "-" "WordPress/6.7; http://dev.todocafe.pe"
198.199.72.26 - - [15/Jun/2025:01:47:12 -0500] "HEAD /wp-content/uploads/2021/12/b6.jpg HTTP/1.1" 200 0 "-" "WordPress/6.7; http://dev.todocafe.pe"
198.199.72.26 - - [15/Jun/2025:01:47:13 -0500] "HEAD /wp-content/uploads/2021/12/b4.jpg HTTP/1.1" 200 0 "-" "WordPress/6.7; http://dev.todocafe.pe"
198.199.72.26 - - [15/Jun/2025:01:47:14 -0500] "HEAD /wp-content/uploads/2021/12/b6-1024x576.jpg HTTP/1.1" 200 0 "-" "WordPress/6.7; http://dev.todocafe.pe"
198.199.72.26 - - [15/Jun/2025:01:47:14 -0500] "HEAD /wp-content/uploads/2021/12/b5-1024x576.jpg HTTP/1.1" 200 0 "-" "WordPress/6.7; http://dev.todocafe.pe"
198.199.72.26 - - [15/Jun/2025:01:47:14 -0500] "HEAD /wp-content/uploads/2021/12/b6-1024x576.jpg HTTP/1.1" 200 0 "-" "WordPress/6.7; http://dev.todocafe.pe"
198.199.72.26 - - [15/Jun/2025:01:47:14 -0500] "HEAD /wp-content/uploads/2021/12/b5-1024x576.jpg HTTP/1.1" 200 0 "-" "WordPress/6.7; http://dev.todocafe.pe"
198.199.72.26 - - [15/Jun/2025:01:47:14 -0500] "HEAD /wp-content/uploads/2021/12/b9-1024x576.jpg HTTP/1.1" 200 0 "-" "WordPress/6.7; http://dev.todocafe.pe"
198.199.72.26 - - [15/Jun/2025:01:47:14 -0500] "HEAD /wp-content/uploads/2021/12/b9.jpg HTTP/1.1" 200 0 "-" "WordPress/6.7; http://dev.todocafe.pe"
198.199.72.26 - - [15/Jun/2025:01:47:15 -0500] "HEAD /wp-content/uploads/2021/12/b8-1024x576.jpg HTTP/1.1" 200 0 "-" "WordPress/6.7; http://dev.todocafe.pe"
198.199.72.26 - - [15/Jun/2025:01:47:15 -0500] "HEAD /wp-content/uploads/2021/12/b8.jpg HTTP/1.1" 200 0 "-" "WordPress/6.7; http://dev.todocafe.pe"
198.199.72.26 - - [15/Jun/2025:01:47:15 -0500] "HEAD /wp-content/uploads/2021/12/b9-1024x576.jpg HTTP/1.1" 200 0 "-" "WordPress/6.7; http://dev.todocafe.pe"
198.199.72.26 - - [15/Jun/2025:01:47:15 -0500] "HEAD /wp-content/uploads/2021/12/b9.jpg HTTP/1.1" 200 0 "-" "WordPress/6.7; http://dev.todocafe.pe"
198.199.72.26 - - [15/Jun/2025:01:47:15 -0500] "HEAD /wp-content/uploads/2021/12/b8-1024x576.jpg HTTP/1.1" 200 0 "-" "WordPress/6.7; http://dev.todocafe.pe"
198.199.72.26 - - [15/Jun/2025:01:47:15 -0500] "HEAD /wp-content/uploads/2021/12/b8.jpg HTTP/1.1" 200 0 "-" "WordPress/6.7; http://dev.todocafe.pe"
198.199.72.26 - - [15/Jun/2025:01:47:15 -0500] "HEAD /wp-content/uploads/2021/12/b9-1024x576.jpg HTTP/1.1" 200 0 "-" "WordPress/6.7; http://dev.todocafe.pe"
198.199.72.26 - - [15/Jun/2025:01:47:15 -0500] "HEAD /wp-content/uploads/2021/12/b9.jpg HTTP/1.1" 200 0 "-" "WordPress/6.7; http://dev.todocafe.pe"
198.199.72.26 - - [15/Jun/2025:01:47:15 -0500] "HEAD /wp-content/uploads/2021/12/b8-1024x576.jpg HTTP/1.1" 200 0 "-" "WordPress/6.7; http://dev.todocafe.pe"
198.199.72.26 - - [15/Jun/2025:01:47:15 -0500] "HEAD /wp-content/uploads/2021/12/b8.jpg HTTP/1.1" 200 0 "-" "WordPress/6.7; http://dev.todocafe.pe"
198.199.72.26 - - [15/Jun/2025:01:47:15 -0500] "HEAD /wp-content/uploads/2021/12/b9-1024x576.jpg HTTP/1.1" 200 0 "-" "WordPress/6.7; http://dev.todocafe.pe"
198.199.72.26 - - [15/Jun/2025:01:47:15 -0500] "HEAD /wp-content/uploads/2021/12/b9.jpg HTTP/1.1" 200 0 "-" "WordPress/6.7; http://dev.todocafe.pe"
198.199.72.26 - - [15/Jun/2025:01:47:16 -0500] "HEAD /wp-content/uploads/2021/12/b8-1024x576.jpg HTTP/1.1" 200 0 "-" "WordPress/6.7; http://dev.todocafe.pe"
198.199.72.26 - - [15/Jun/2025:01:47:16 -0500] "HEAD /wp-content/uploads/2021/12/b8.jpg HTTP/1.1" 200 0 "-" "WordPress/6.7; http://dev.todocafe.pe"
198.199.72.26 - - [15/Jun/2025:01:47:16 -0500] "HEAD /wp-content/uploads/2021/12/b9-1024x576.jpg HTTP/1.1" 200 0 "-" "WordPress/6.7; http://dev.todocafe.pe"
198.199.72.26 - - [15/Jun/2025:01:47:16 -0500] "HEAD /wp-content/uploads/2021/12/b9.jpg HTTP/1.1" 200 0 "-" "WordPress/6.7; http://dev.todocafe.pe"
198.199.72.26 - - [15/Jun/2025:01:47:16 -0500] "HEAD /wp-content/uploads/2021/12/b8-1024x576.jpg HTTP/1.1" 200 0 "-" "WordPress/6.7; http://dev.todocafe.pe"
198.199.72.26 - - [15/Jun/2025:01:47:16 -0500] "HEAD /wp-content/uploads/2021/12/b8.jpg HTTP/1.1" 200 0 "-" "WordPress/6.7; http://dev.todocafe.pe"
132.191.1.237 - - [15/Jun/2025:01:47:31 -0500] "POST /wp-admin/themes.php?page=one-click-demo HTTP/1.1" 200 47177 "http://dev.todocafe.pe/wp-admin/themes.php?page=one-click-demo" "Mozilla/5.0 (X11; Linux x86_64; rv:134.0) Gecko/20100101 Firefox/134.0"
198.199.72.26 - - [15/Jun/2025:01:48:34 -0500] "POST /wp-cron.php?doing_wp_cron=1749970113.9161460399627685546875 HTTP/1.1" 499 0 "-" "WordPress/6.7; http://dev.todocafe.pe"
198.199.72.26 - - [15/Jun/2025:01:48:36 -0500] "POST /wp-admin/admin-ajax.php?action=as_async_request_queue_runner&nonce=85e974b64b HTTP/1.1" 499 0 "-" "WordPress/6.7; http://dev.todocafe.pe"
132.191.1.237 - - [15/Jun/2025:01:48:36 -0500] "POST /wp-admin/admin-ajax.php HTTP/1.1" 200 89 "http://dev.todocafe.pe/wp-admin/themes.php?page=one-click-demo" "Mozilla/5.0 (X11; Linux x86_64; rv:134.0) Gecko/20100101 Firefox/134.0"
198.199.72.26 - - [15/Jun/2025:01:50:35 -0500] "POST /wp-cron.php?doing_wp_cron=1749970234.0783720016479492187500 HTTP/1.1" 499 0 "-" "WordPress/6.7; http://dev.todocafe.pe"
132.191.1.237 - - [15/Jun/2025:01:50:35 -0500] "POST /wp-admin/admin-ajax.php HTTP/1.1" 200 89 "http://dev.todocafe.pe/wp-admin/themes.php?page=one-click-demo" "Mozilla/5.0 (X11; Linux x86_64; rv:134.0) Gecko/20100101 Firefox/134.0"
198.199.72.26 - - [15/Jun/2025:01:52:34 -0500] "POST /wp-cron.php?doing_wp_cron=1749970353.9103679656982421875000 HTTP/1.1" 499 0 "-" "WordPress/6.7; http://dev.todocafe.pe"
132.191.1.237 - - [15/Jun/2025:01:52:35 -0500] "POST /wp-admin/admin-ajax.php HTTP/1.1" 200 89 "http://dev.todocafe.pe/wp-admin/themes.php?page=one-click-demo" "Mozilla/5.0 (X11; Linux x86_64; rv:134.0) Gecko/20100101 Firefox/134.0"
135.148.100.196 - - [15/Jun/2025:01:53:41 -0500] "GET / HTTP/1.1" 301 5 "-" "-"
198.199.72.26 - - [15/Jun/2025:01:53:41 -0500] "POST /wp-cron.php?doing_wp_cron=1749970420.9387691020965576171875 HTTP/1.1" 499 0 "-" "WordPress/6.7; http://dev.todocafe.pe"
132.191.1.237 - - [15/Jun/2025:01:53:42 -0500] "POST /wp-admin/admin-ajax.php HTTP/1.1" 200 89 "http://dev.todocafe.pe/wp-admin/themes.php?page=one-click-demo" "Mozilla/5.0 (X11; Linux x86_64; rv:134.0) Gecko/20100101 Firefox/134.0"
135.148.100.196 - - [15/Jun/2025:01:53:44 -0500] "GET / HTTP/1.1" 200 57685 "-" "-"
198.199.72.26 - - [15/Jun/2025:01:54:13 -0500] "POST /wp-cron.php?doing_wp_cron=1749970452.7259130477905273437500 HTTP/1.1" 499 0 "-" "WordPress/6.7; http://dev.todocafe.pe"
132.191.1.237 - - [15/Jun/2025:01:54:14 -0500] "GET / HTTP/1.1" 200 17870 "http://dev.todocafe.pe/wp-admin/themes.php?page=one-click-demo" "Mozilla/5.0 (X11; Linux x86_64; rv:134.0) Gecko/20100101 Firefox/134.0"
132.191.1.237 - - [15/Jun/2025:01:54:15 -0500] "GET /wp-includes/css/dashicons.min.css?ver=6.7 HTTP/1.1" 200 35762 "http://dev.todocafe.pe/" "Mozilla/5.0 (X11; Linux x86_64; rv:134.0) Gecko/20100101 Firefox/134.0"
132.191.1.237 - - [15/Jun/2025:01:54:15 -0500] "GET /wp-includes/css/admin-bar.min.css?ver=6.7 HTTP/1.1" 200 3830 "http://dev.todocafe.pe/" "Mozilla/5.0 (X11; Linux x86_64; rv:134.0) Gecko/20100101 Firefox/134.0"
132.191.1.237 - - [15/Jun/2025:01:54:15 -0500] "GET /wp-content/plugins/elementor/assets/lib/eicons/css/elementor-icons.min.css?ver=5.40.0 HTTP/1.1" 200 4353 "http://dev.todocafe.pe/" "Mozilla/5.0 (X11; Linux x86_64; rv:134.0) Gecko/20100101 Firefox/134.0"
132.191.1.237 - - [15/Jun/2025:01:54:15 -0500] "GET /wp-content/plugins/elementor/assets/css/common.min.css?ver=3.29.2 HTTP/1.1" 200 3394 "http://dev.todocafe.pe/" "Mozilla/5.0 (X11; Linux x86_64; rv:134.0) Gecko/20100101 Firefox/134.0"
132.191.1.237 - - [15/Jun/2025:01:54:15 -0500] "GET /wp-content/plugins/elementor/assets/css/theme-light.min.css?ver=3.29.2 HTTP/1.1" 200 744 "http://dev.todocafe.pe/" "Mozilla/5.0 (X11; Linux x86_64; rv:134.0) Gecko/20100101 Firefox/134.0"
132.191.1.237 - - [15/Jun/2025:01:54:15 -0500] "GET /wp-content/plugins/woocommerce/assets/client/blocks/woocommerce/add-to-cart-form-style.css?ver=6.7 HTTP/1.1" 200 1494 "http://dev.todocafe.pe/" "Mozilla/5.0 (X11; Linux x86_64; rv:134.0) Gecko/20100101 Firefox/134.0"
132.191.1.237 - - [15/Jun/2025:01:54:15 -0500] "GET /wp-content/plugins/woocommerce/assets/client/blocks/woocommerce/product-filter-price-slider-style.css?ver=6.7 HTTP/1.1" 200 1074 "http://dev.todocafe.pe/" "Mozilla/5.0 (X11; Linux x86_64; rv:134.0) Gecko/20100101 Firefox/134.0"
132.191.1.237 - - [15/Jun/2025:01:54:15 -0500] "GET /wp-content/plugins/woocommerce/assets/client/blocks/woocommerce/product-gallery-style.css?ver=6.7 HTTP/1.1" 200 2584 "http://dev.todocafe.pe/" "Mozilla/5.0 (X11; Linux x86_64; rv:134.0) Gecko/20100101 Firefox/134.0"
132.191.1.237 - - [15/Jun/2025:01:54:15 -0500] "GET /wp-content/plugins/woocommerce/assets/css/woocommerce-layout.css?ver=9.9.3 HTTP/1.1" 200 3424 "http://dev.todocafe.pe/" "Mozilla/5.0 (X11; Linux x86_64; rv:134.0) Gecko/20100101 Firefox/134.0"
132.191.1.237 - - [15/Jun/2025:01:54:15 -0500] "GET /wp-content/plugins/contact-form-7/includes/css/styles.css?ver=6.0.6 HTTP/1.1" 200 1027 "http://dev.todocafe.pe/" "Mozilla/5.0 (X11; Linux x86_64; rv:134.0) Gecko/20100101 Firefox/134.0"
132.191.1.237 - - [15/Jun/2025:01:54:15 -0500] "GET /wp-content/plugins/woocommerce/assets/css/woocommerce.css?ver=9.9.3 HTTP/1.1" 200 10830 "http://dev.todocafe.pe/" "Mozilla/5.0 (X11; Linux x86_64; rv:134.0) Gecko/20100101 Firefox/134.0"
132.191.1.237 - - [15/Jun/2025:01:54:15 -0500] "GET /wp-content/plugins/woocommerce/assets/css/coming-soon.css?ver=9.9.3 HTTP/1.1" 200 558 "http://dev.todocafe.pe/" "Mozilla/5.0 (X11; Linux x86_64; rv:134.0) Gecko/20100101 Firefox/134.0"
132.191.1.237 - - [15/Jun/2025:01:54:15 -0500] "GET /wp-content/plugins/woocommerce/assets/css/brands.css?ver=9.9.3 HTTP/1.1" 200 696 "http://dev.todocafe.pe/" "Mozilla/5.0 (X11; Linux x86_64; rv:134.0) Gecko/20100101 Firefox/134.0"
132.191.1.237 - - [15/Jun/2025:01:54:15 -0500] "GET /wp-content/plugins/elementor/assets/css/frontend.min.css?ver=3.29.2 HTTP/1.1" 200 7118 "http://dev.todocafe.pe/" "Mozilla/5.0 (X11; Linux x86_64; rv:134.0) Gecko/20100101 Firefox/134.0"
132.191.1.237 - - [15/Jun/2025:01:54:15 -0500] "GET /wp-content/themes/benous-child/style.css?ver=6.7 HTTP/1.1" 200 218 "http://dev.todocafe.pe/" "Mozilla/5.0 (X11; Linux x86_64; rv:134.0) Gecko/20100101 Firefox/134.0"
132.191.1.237 - - [15/Jun/2025:01:54:15 -0500] "GET /wp-content/themes/benous/style.css?ver=6.7 HTTP/1.1" 200 23145 "http://dev.todocafe.pe/" "Mozilla/5.0 (X11; Linux x86_64; rv:134.0) Gecko/20100101 Firefox/134.0"
132.191.1.237 - - [15/Jun/2025:01:54:15 -0500] "GET /wp-content/plugins/elementor/assets/css/admin-bar.min.css?ver=3.29.2 HTTP/1.1" 200 355 "http://dev.todocafe.pe/" "Mozilla/5.0 (X11; Linux x86_64; rv:134.0) Gecko/20100101 Firefox/134.0"
132.191.1.237 - - [15/Jun/2025:01:54:15 -0500] "GET /wp-content/uploads/elementor/css/post-6.css?ver=1749970423 HTTP/1.1" 200 389 "http://dev.todocafe.pe/" "Mozilla/5.0 (X11; Linux x86_64; rv:134.0) Gecko/20100101 Firefox/134.0"
132.191.1.237 - - [15/Jun/2025:01:54:15 -0500] "GET /wp-content/uploads/elementor/google-fonts/css/roboto.css?ver=1749969301 HTTP/1.1" 200 2875 "http://dev.todocafe.pe/" "Mozilla/5.0 (X11; Linux x86_64; rv:134.0) Gecko/20100101 Firefox/134.0"
132.191.1.237 - - [15/Jun/2025:01:54:15 -0500] "GET /wp-content/themes/benous/assets/css/libs.css?ver=6.7 HTTP/1.1" 200 50125 "http://dev.todocafe.pe/" "Mozilla/5.0 (X11; Linux x86_64; rv:134.0) Gecko/20100101 Firefox/134.0"
132.191.1.237 - - [15/Jun/2025:01:54:15 -0500] "GET /wp-content/uploads/wp-less-cache/benous-theme-styles.css?ver=1749970454 HTTP/1.1" 200 63970 "http://dev.todocafe.pe/" "Mozilla/5.0 (X11; Linux x86_64; rv:134.0) Gecko/20100101 Firefox/134.0"
132.191.1.237 - - [15/Jun/2025:01:54:15 -0500] "GET /wp-content/uploads/elementor/css/post-1908.css?ver=1749970423 HTTP/1.1" 200 1233 "http://dev.todocafe.pe/" "Mozilla/5.0 (X11; Linux x86_64; rv:134.0) Gecko/20100101 Firefox/134.0"
132.191.1.237 - - [15/Jun/2025:01:54:15 -0500] "GET /wp-content/uploads/elementor/google-fonts/css/robotoslab.css?ver=1749969304 HTTP/1.1" 200 969 "http://dev.todocafe.pe/" "Mozilla/5.0 (X11; Linux x86_64; rv:134.0) Gecko/20100101 Firefox/134.0"
132.191.1.237 - - [15/Jun/2025:01:54:15 -0500] "GET /wp-content/plugins/tlg_framework/assets/vendors/themify-icon/icons.css?ver=1.0.0 HTTP/1.1" 200 2842 "http://dev.todocafe.pe/" "Mozilla/5.0 (X11; Linux x86_64; rv:134.0) Gecko/20100101 Firefox/134.0"
132.191.1.237 - - [15/Jun/2025:01:54:15 -0500] "GET /wp-content/plugins/tlg_framework/assets/vendors/simple-line-icon/icons.css?ver=1.0.0 HTTP/1.1" 200 2119 "http://dev.todocafe.pe/" "Mozilla/5.0 (X11; Linux x86_64; rv:134.0) Gecko/20100101 Firefox/134.0"
132.191.1.237 - - [15/Jun/2025:01:54:15 -0500] "GET /wp-includes/js/jquery/jquery.min.js?ver=3.7.1 HTTP/1.1" 200 30432 "http://dev.todocafe.pe/" "Mozilla/5.0 (X11; Linux x86_64; rv:134.0) Gecko/20100101 Firefox/134.0"
132.191.1.237 - - [15/Jun/2025:01:54:15 -0500] "GET /wp-content/plugins/woocommerce/assets/js/jquery-blockui/jquery.blockUI.min.js?ver=2.7.0-wc.9.9.3 HTTP/1.1" 200 3549 "http://dev.todocafe.pe/" "Mozilla/5.0 (X11; Linux x86_64; rv:134.0) Gecko/20100101 Firefox/134.0"
132.191.1.237 - - [15/Jun/2025:01:54:15 -0500] "GET /wp-includes/js/jquery/jquery-migrate.min.js?ver=3.4.1 HTTP/1.1" 200 4885 "http://dev.todocafe.pe/" "Mozilla/5.0 (X11; Linux x86_64; rv:134.0) Gecko/20100101 Firefox/134.0"
132.191.1.237 - - [15/Jun/2025:01:54:15 -0500] "GET /wp-content/plugins/woocommerce/assets/js/frontend/add-to-cart.min.js?ver=9.9.3 HTTP/1.1" 200 1380 "http://dev.todocafe.pe/" "Mozilla/5.0 (X11; Linux x86_64; rv:134.0) Gecko/20100101 Firefox/134.0"
132.191.1.237 - - [15/Jun/2025:01:54:15 -0500] "GET /wp-content/plugins/woocommerce/assets/js/js-cookie/js.cookie.min.js?ver=2.1.4-wc.9.9.3 HTTP/1.1" 200 845 "http://dev.todocafe.pe/" "Mozilla/5.0 (X11; Linux x86_64; rv:134.0) Gecko/20100101 Firefox/134.0"
132.191.1.237 - - [15/Jun/2025:01:54:15 -0500] "GET /wp-content/plugins/woocommerce/assets/js/frontend/woocommerce.min.js?ver=9.9.3 HTTP/1.1" 200 1461 "http://dev.todocafe.pe/" "Mozilla/5.0 (X11; Linux x86_64; rv:134.0) Gecko/20100101 Firefox/134.0"
132.191.1.237 - - [15/Jun/2025:01:54:16 -0500] "GET /wp-content/plugins/woocommerce/assets/css/woocommerce-smallscreen.css?ver=9.9.3 HTTP/1.1" 200 1291 "http://dev.todocafe.pe/" "Mozilla/5.0 (X11; Linux x86_64; rv:134.0) Gecko/20100101 Firefox/134.0"
132.191.1.237 - - [15/Jun/2025:01:54:16 -0500] "GET /wp-content/plugins/tlg_framework/assets/vendors/themify-icon/fonts/themify.woff?-fvbane HTTP/1.1" 200 56108 "http://dev.todocafe.pe/wp-content/plugins/tlg_framework/assets/vendors/themify-icon/icons.css?ver=1.0.0" "Mozilla/5.0 (X11; Linux x86_64; rv:134.0) Gecko/20100101 Firefox/134.0"
132.191.1.237 - - [15/Jun/2025:01:54:16 -0500] "GET /wp-content/uploads/elementor/google-fonts/fonts/roboto-kfo7cnqeu92fr1me7ksn66agldtyluama3yuba.woff2 HTTP/1.1" 200 40128 "http://dev.todocafe.pe/wp-content/uploads/elementor/google-fonts/css/roboto.css?ver=1749969301" "Mozilla/5.0 (X11; Linux x86_64; rv:134.0) Gecko/20100101 Firefox/134.0"
132.191.1.237 - - [15/Jun/2025:01:54:16 -0500] "GET /wp-content/plugins/tlg_framework/assets/vendors/simple-line-icon/fonts/Simple-Line-Icons.woff HTTP/1.1" 200 59324 "http://dev.todocafe.pe/wp-content/plugins/tlg_framework/assets/vendors/simple-line-icon/icons.css?ver=1.0.0" "Mozilla/5.0 (X11; Linux x86_64; rv:134.0) Gecko/20100101 Firefox/134.0"
132.191.1.237 - - [15/Jun/2025:01:54:16 -0500] "GET /wp-includes/js/wp-emoji-release.min.js?ver=6.7 HTTP/1.1" 200 5069 "http://dev.todocafe.pe/" "Mozilla/5.0 (X11; Linux x86_64; rv:134.0) Gecko/20100101 Firefox/134.0"
132.191.1.237 - - [15/Jun/2025:01:54:16 -0500] "GET /wp-content/themes/benous/assets/fonts/Simple-Line-Icons.woff HTTP/1.1" 200 59324 "http://dev.todocafe.pe/wp-content/themes/benous/assets/css/libs.css?ver=6.7" "Mozilla/5.0 (X11; Linux x86_64; rv:134.0) Gecko/20100101 Firefox/134.0"
132.191.1.237 - - [15/Jun/2025:01:54:17 -0500] "GET /favicon.ico HTTP/1.1" 302 5 "http://dev.todocafe.pe/" "Mozilla/5.0 (X11; Linux x86_64; rv:134.0) Gecko/20100101 Firefox/134.0"
132.191.1.237 - - [15/Jun/2025:01:54:17 -0500] "GET /wp-includes/images/w-logo-blue-white-bg.png HTTP/1.1" 200 4157 "http://dev.todocafe.pe/" "Mozilla/5.0 (X11; Linux x86_64; rv:134.0) Gecko/20100101 Firefox/134.0"
132.191.1.237 - - [15/Jun/2025:01:54:38 -0500] "GET / HTTP/1.1" 200 31083 "http://dev.todocafe.pe/wp-admin/themes.php?page=one-click-demo" "Mozilla/5.0 (X11; Linux x86_64; rv:134.0) Gecko/20100101 Firefox/134.0"
132.191.1.237 - - [15/Jun/2025:01:54:38 -0500] "GET /wp-content/uploads/2021/12/41179586_l.jpg HTTP/1.1" 200 8483 "http://dev.todocafe.pe/" "Mozilla/5.0 (X11; Linux x86_64; rv:134.0) Gecko/20100101 Firefox/134.0"
132.191.1.237 - - [15/Jun/2025:01:54:38 -0500] "GET /wp-content/plugins/woocommerce/assets/client/blocks/wc-blocks.css?ver=wc-9.9.3 HTTP/1.1" 200 2587 "http://dev.todocafe.pe/" "Mozilla/5.0 (X11; Linux x86_64; rv:134.0) Gecko/20100101 Firefox/134.0"
132.191.1.237 - - [15/Jun/2025:01:54:38 -0500] "GET /wp-includes/js/jquery/ui/mouse.min.js?ver=1.13.3 HTTP/1.1" 200 1110 "http://dev.todocafe.pe/" "Mozilla/5.0 (X11; Linux x86_64; rv:134.0) Gecko/20100101 Firefox/134.0"
132.191.1.237 - - [15/Jun/2025:01:54:39 -0500] "GET /wp-includes/js/jquery/ui/core.min.js?ver=1.13.3 HTTP/1.1" 200 7119 "http://dev.todocafe.pe/" "Mozilla/5.0 (X11; Linux x86_64; rv:134.0) Gecko/20100101 Firefox/134.0"
132.191.1.237 - - [15/Jun/2025:01:54:39 -0500] "GET /wp-content/plugins/elementor/assets/css/widget-spacer.min.css?ver=3.29.2 HTTP/1.1" 200 381 "http://dev.todocafe.pe/" "Mozilla/5.0 (X11; Linux x86_64; rv:134.0) Gecko/20100101 Firefox/134.0"
132.191.1.237 - - [15/Jun/2025:01:54:39 -0500] "GET /wp-includes/js/jquery/ui/draggable.min.js?ver=1.13.3 HTTP/1.1" 200 4888 "http://dev.todocafe.pe/" "Mozilla/5.0 (X11; Linux x86_64; rv:134.0) Gecko/20100101 Firefox/134.0"
132.191.1.237 - - [15/Jun/2025:01:54:39 -0500] "GET /wp-includes/js/underscore.min.js?ver=1.13.7 HTTP/1.1" 200 7349 "http://dev.todocafe.pe/" "Mozilla/5.0 (X11; Linux x86_64; rv:134.0) Gecko/20100101 Firefox/134.0"
132.191.1.237 - - [15/Jun/2025:01:54:39 -0500] "GET /wp-includes/js/backbone.min.js?ver=1.6.0 HTTP/1.1" 200 8028 "http://dev.todocafe.pe/" "Mozilla/5.0 (X11; Linux x86_64; rv:134.0) Gecko/20100101 Firefox/134.0"
132.191.1.237 - - [15/Jun/2025:01:54:39 -0500] "GET /wp-content/plugins/elementor/assets/lib/backbone/backbone.marionette.min.js?ver=2.4.5.e1 HTTP/1.1" 200 11511 "http://dev.todocafe.pe/" "Mozilla/5.0 (X11; Linux x86_64; rv:134.0) Gecko/20100101 Firefox/134.0"
132.191.1.237 - - [15/Jun/2025:01:54:39 -0500] "GET /wp-content/plugins/elementor/assets/lib/backbone/backbone.radio.min.js?ver=1.0.4 HTTP/1.1" 200 1580 "http://dev.todocafe.pe/" "Mozilla/5.0 (X11; Linux x86_64; rv:134.0) Gecko/20100101 Firefox/134.0"
132.191.1.237 - - [15/Jun/2025:01:54:39 -0500] "GET /wp-content/plugins/elementor/assets/js/common-modules.min.js?ver=3.29.2 HTTP/1.1" 200 27021 "http://dev.todocafe.pe/" "Mozilla/5.0 (X11; Linux x86_64; rv:134.0) Gecko/20100101 Firefox/134.0"
132.191.1.237 - - [15/Jun/2025:01:54:39 -0500] "GET /wp-content/plugins/elementor/assets/lib/dialog/dialog.min.js?ver=4.9.4 HTTP/1.1" 200 3794 "http://dev.todocafe.pe/" "Mozilla/5.0 (X11; Linux x86_64; rv:134.0) Gecko/20100101 Firefox/134.0"
132.191.1.237 - - [15/Jun/2025:01:54:39 -0500] "GET /wp-content/plugins/elementor/assets/js/web-cli.min.js?ver=3.29.2 HTTP/1.1" 200 40531 "http://dev.todocafe.pe/" "Mozilla/5.0 (X11; Linux x86_64; rv:134.0) Gecko/20100101 Firefox/134.0"
132.191.1.237 - - [15/Jun/2025:01:54:39 -0500] "GET /wp-includes/js/api-request.min.js?ver=6.7 HTTP/1.1" 200 602 "http://dev.todocafe.pe/" "Mozilla/5.0 (X11; Linux x86_64; rv:134.0) Gecko/20100101 Firefox/134.0"
132.191.1.237 - - [15/Jun/2025:01:54:39 -0500] "GET /wp-content/plugins/elementor/assets/js/dev-tools.min.js?ver=3.29.2 HTTP/1.1" 200 2521 "http://dev.todocafe.pe/" "Mozilla/5.0 (X11; Linux x86_64; rv:134.0) Gecko/20100101 Firefox/134.0"
132.191.1.237 - - [15/Jun/2025:01:54:39 -0500] "GET /wp-includes/js/dist/hooks.min.js?ver=4d63a3d491d11ffd8ac6 HTTP/1.1" 200 1660 "http://dev.todocafe.pe/" "Mozilla/5.0 (X11; Linux x86_64; rv:134.0) Gecko/20100101 Firefox/134.0"
132.191.1.237 - - [15/Jun/2025:01:54:39 -0500] "GET /wp-includes/js/dist/i18n.min.js?ver=5e580eb46a90c2b997e6 HTTP/1.1" 200 3679 "http://dev.todocafe.pe/" "Mozilla/5.0 (X11; Linux x86_64; rv:134.0) Gecko/20100101 Firefox/134.0"
132.191.1.237 - - [15/Jun/2025:01:54:39 -0500] "GET /wp-content/plugins/elementor/assets/js/common.min.js?ver=3.29.2 HTTP/1.1" 200 36955 "http://dev.todocafe.pe/" "Mozilla/5.0 (X11; Linux x86_64; rv:134.0) Gecko/20100101 Firefox/134.0"
132.191.1.237 - - [15/Jun/2025:01:54:39 -0500] "GET /wp-content/plugins/elementor/assets/js/app-loader.min.js?ver=3.29.2 HTTP/1.1" 200 24367 "http://dev.todocafe.pe/" "Mozilla/5.0 (X11; Linux x86_64; rv:134.0) Gecko/20100101 Firefox/134.0"
132.191.1.237 - - [15/Jun/2025:01:54:39 -0500] "GET /wp-content/plugins/contact-form-7/includes/swv/js/index.js?ver=6.0.6 HTTP/1.1" 200 3515 "http://dev.todocafe.pe/" "Mozilla/5.0 (X11; Linux x86_64; rv:134.0) Gecko/20100101 Firefox/134.0"
132.191.1.237 - - [15/Jun/2025:01:54:39 -0500] "GET /wp-content/plugins/contact-form-7/includes/js/index.js?ver=6.0.6 HTTP/1.1" 200 4278 "http://dev.todocafe.pe/" "Mozilla/5.0 (X11; Linux x86_64; rv:134.0) Gecko/20100101 Firefox/134.0"
132.191.1.237 - - [15/Jun/2025:01:54:39 -0500] "GET /wp-content/plugins/woocommerce/assets/js/sourcebuster/sourcebuster.min.js?ver=9.9.3 HTTP/1.1" 200 4820 "http://dev.todocafe.pe/" "Mozilla/5.0 (X11; Linux x86_64; rv:134.0) Gecko/20100101 Firefox/134.0"
132.191.1.237 - - [15/Jun/2025:01:54:39 -0500] "GET /wp-content/plugins/woocommerce/assets/js/frontend/order-attribution.min.js?ver=9.9.3 HTTP/1.1" 200 1140 "http://dev.todocafe.pe/" "Mozilla/5.0 (X11; Linux x86_64; rv:134.0) Gecko/20100101 Firefox/134.0"
132.191.1.237 - - [15/Jun/2025:01:54:39 -0500] "GET /wp-content/themes/benous/assets/js/bootstrap.js?ver=6.7 HTTP/1.1" 200 9753 "http://dev.todocafe.pe/" "Mozilla/5.0 (X11; Linux x86_64; rv:134.0) Gecko/20100101 Firefox/134.0"
132.191.1.237 - - [15/Jun/2025:01:54:39 -0500] "GET /wp-includes/js/imagesloaded.min.js?ver=5.0.0 HTTP/1.1" 200 1815 "http://dev.todocafe.pe/" "Mozilla/5.0 (X11; Linux x86_64; rv:134.0) Gecko/20100101 Firefox/134.0"
132.191.1.237 - - [15/Jun/2025:01:54:39 -0500] "GET /wp-includes/js/masonry.min.js?ver=4.2.2 HTTP/1.1" 200 7395 "http://dev.todocafe.pe/" "Mozilla/5.0 (X11; Linux x86_64; rv:134.0) Gecko/20100101 Firefox/134.0"
132.191.1.237 - - [15/Jun/2025:01:54:39 -0500] "GET /wp-content/uploads/2022/01/41730354_l.jpg HTTP/1.1" 200 8677 "http://dev.todocafe.pe/" "Mozilla/5.0 (X11; Linux x86_64; rv:134.0) Gecko/20100101 Firefox/134.0"
132.191.1.237 - - [15/Jun/2025:01:54:39 -0500] "GET /wp-content/themes/benous/assets/js/lib/jquery.smooth-scroll.js?ver=6.7 HTTP/1.1" 200 1493 "http://dev.todocafe.pe/" "Mozilla/5.0 (X11; Linux x86_64; rv:134.0) Gecko/20100101 Firefox/134.0"
132.191.1.237 - - [15/Jun/2025:01:54:39 -0500] "GET /wp-content/themes/benous/assets/js/lib/jsparallax.js?ver=6.7 HTTP/1.1" 200 1335 "http://dev.todocafe.pe/" "Mozilla/5.0 (X11; Linux x86_64; rv:134.0) Gecko/20100101 Firefox/134.0"
132.191.1.237 - - [15/Jun/2025:01:54:39 -0500] "GET /wp-content/themes/benous/assets/js/lib/owl.carousel.js?ver=6.7 HTTP/1.1" 200 11428 "http://dev.todocafe.pe/" "Mozilla/5.0 (X11; Linux x86_64; rv:134.0) Gecko/20100101 Firefox/134.0"
132.191.1.237 - - [15/Jun/2025:01:54:39 -0500] "GET /wp-content/themes/benous/assets/js/lib/waypoint.js?ver=6.7 HTTP/1.1" 200 2606 "http://dev.todocafe.pe/" "Mozilla/5.0 (X11; Linux x86_64; rv:134.0) Gecko/20100101 Firefox/134.0"
132.191.1.237 - - [15/Jun/2025:01:54:39 -0500] "GET /wp-content/themes/benous/assets/js/lib/jquery.counterup.js?ver=6.7 HTTP/1.1" 200 591 "http://dev.todocafe.pe/" "Mozilla/5.0 (X11; Linux x86_64; rv:134.0) Gecko/20100101 Firefox/134.0"
132.191.1.237 - - [15/Jun/2025:01:54:39 -0500] "GET /wp-content/themes/benous/assets/js/lib/lightbox.js?ver=6.7 HTTP/1.1" 200 2377 "http://dev.todocafe.pe/" "Mozilla/5.0 (X11; Linux x86_64; rv:134.0) Gecko/20100101 Firefox/134.0"
132.191.1.237 - - [15/Jun/2025:01:54:39 -0500] "GET /wp-content/themes/benous/assets/js/lib/jquery.mb.YTPlayer.js?ver=6.7 HTTP/1.1" 200 8668 "http://dev.todocafe.pe/" "Mozilla/5.0 (X11; Linux x86_64; rv:134.0) Gecko/20100101 Firefox/134.0"
132.191.1.237 - - [15/Jun/2025:01:54:39 -0500] "GET /wp-content/themes/benous/assets/js/lib/fluidvids.js?ver=6.7 HTTP/1.1" 200 751 "http://dev.todocafe.pe/" "Mozilla/5.0 (X11; Linux x86_64; rv:134.0) Gecko/20100101 Firefox/134.0"
