127.0.0.1 - - [16/Dec/2025:08:26:10 -0500] "GET / HTTP/1.0" 200 4963 "-" "Hello from Palo Alto Networks, find out more about our scans in https://docs-cortex.paloaltonetworks.com/r/1/Cortex-Xpanse/Scanning-activity"
127.0.0.1 - - [16/Dec/2025:08:38:55 -0500] "POST /v1/loginfail/ HTTP/1.1" 200 40 "-" "-"
44.228.141.8 - - [16/Dec/2025:08:38:55 -0500] "GET / HTTP/1.1" 200 24164 "-" "Mozilla/5.0 (compatible; wpbot/1.3; +https://forms.gle/ajBaxygz9jSR8p8G9)"
127.0.0.1 - - [16/Dec/2025:08:42:40 -0500] "POST /v1/loginfail/ HTTP/1.1" 200 40 "-" "-"
44.228.141.8 - - [16/Dec/2025:08:42:40 -0500] "GET / HTTP/1.1" 200 24162 "-" "Mozilla/5.0 (compatible; wpbot/1.3; +https://forms.gle/ajBaxygz9jSR8p8G9)"
66.249.68.128 - - [16/Dec/2025:08:51:17 -0500] "GET /robots.txt HTTP/1.1" 404 147 "-" "Mozilla/5.0 (compatible; Googlebot/2.1; +http://www.google.com/bot.html)"
127.0.0.1 - - [16/Dec/2025:08:51:17 -0500] "POST /v1/loginfail/ HTTP/1.1" 200 40 "-" "-"
66.249.68.136 - - [16/Dec/2025:08:51:17 -0500] "GET / HTTP/1.1" 200 24147 "-" "Mozilla/5.0 (Linux; Android 6.0.1; Nexus 5X Build/MMB29P) AppleWebKit/537.36 (KHTML, like Gecko) Chrome/141.0.7390.122 Mobile Safari/537.36 (compatible; Googlebot/2.1; +http://www.google.com/bot.html)"
66.249.68.136 - - [16/Dec/2025:08:51:28 -0500] "POST /login/index.php?acc=cookie HTTP/1.1" 200 5 "https://csi.pe:2083/" "Mozilla/5.0 (Linux; Android 6.0.1; Nexus 5X Build/MMB29P) AppleWebKit/537.36 (KHTML, like Gecko) Chrome/141.0.7390.122 Mobile Safari/537.36 (compatible; Googlebot/2.1; +http://www.google.com/bot.html)"
198.199.72.26 - - [16/Dec/2025:08:53:54 -0500] "GET / HTTP/1.1" 200 4976 "-" "Hello from Palo Alto Networks, find out more about our scans in https://docs-cortex.paloaltonetworks.com/r/1/Cortex-Xpanse/Scanning-activity"
20.98.137.43 - - [16/Dec/2025:08:57:36 -0500] "MGLNDD_198.199.72.26_2083" 400 151 "-" "-"
127.0.0.1 - - [16/Dec/2025:09:02:02 -0500] "GET /robots.txt HTTP/1.0" 404 549 "-" "Mozilla/5.0 (Macintosh; Intel Mac OS X 10_15_7) AppleWebKit/537.36 (KHTML, like Gecko) Chrome/131.0.0.0 Safari/537.36; compatible; OAI-SearchBot/1.3; robots.txt; +https://openai.com/searchbot"
35.203.210.51 - - [16/Dec/2025:09:08:25 -0500] "GET / HTTP/1.1" 200 4976 "-" "Hello from Palo Alto Networks, find out more about our scans in https://docs-cortex.paloaltonetworks.com/r/1/Cortex-Xpanse/Scanning-activity"
127.0.0.1 - - [16/Dec/2025:09:09:04 -0500] "GET /robots.txt HTTP/1.0" 404 549 "-" "Mozilla/5.0 (Macintosh; Intel Mac OS X 10_15_7) AppleWebKit/537.36 (KHTML, like Gecko) Chrome/131.0.0.0 Safari/537.36; compatible; OAI-SearchBot/1.3; robots.txt; +https://openai.com/searchbot"
127.0.0.1 - - [16/Dec/2025:09:15:12 -0500] "GET / HTTP/1.0" 200 4963 "-" "Scrapy/2.13.4 (+https://scrapy.org)"
127.0.0.1 - - [16/Dec/2025:09:26:12 -0500] "GET /robots.txt HTTP/1.0" 404 549 "-" "Mozilla/5.0 (Macintosh; Intel Mac OS X 10_15_7) AppleWebKit/537.36 (KHTML, like Gecko) Chrome/131.0.0.0 Safari/537.36; compatible; OAI-SearchBot/1.3; robots.txt; +https://openai.com/searchbot"
185.247.137.181 - - [16/Dec/2025:09:33:19 -0500] "GET / HTTP/1.1" 302 5 "-" "Mozilla/5.0 (compatible; InternetMeasurement/1.0; +https://internet-measurement.com/)"
185.247.137.181 - - [16/Dec/2025:09:33:20 -0500] "GET /login/index.php HTTP/1.1" 200 1909 "https://see.reskate.org:2087" "Mozilla/5.0 (compatible; InternetMeasurement/1.0; +https://internet-measurement.com/)"
87.236.176.144 - - [16/Dec/2025:09:33:22 -0500] "GET /login/design/img/ico/favicon.ico HTTP/1.1" 200 5430 "-" "Mozilla/5.0 (compatible; InternetMeasurement/1.0; +https://internet-measurement.com/)"
127.0.0.1 - - [16/Dec/2025:09:36:19 -0500] "GET / HTTP/1.1" 200 4976 "-" "Mozilla/5.0 (compatible; CMS-Checker/1.0; +https://example.com)"
127.0.0.1 - - [16/Dec/2025:09:37:02 -0500] "POST /v1/loginfail/ HTTP/1.1" 200 40 "-" "-"
127.0.0.1 - - [16/Dec/2025:09:37:02 -0500] "GET / HTTP/1.0" 200 24148 "-" "Hello from Palo Alto Networks, find out more about our scans in https://docs-cortex.paloaltonetworks.com/r/1/Cortex-Xpanse/Scanning-activity"
190.237.163.164 - - [16/Dec/2025:09:39:52 -0500] "GET /pma/ HTTP/1.1" 301 163 "-" "Mozilla/5.0 (iPhone; CPU iPhone OS 12_6 like Mac OS X) AppleWebKit/605.1.15 (KHTML, like Gecko) GSA/478.1.557984068 Mobile/15E148 Safari/604.1"
190.237.163.164 - - [16/Dec/2025:09:39:52 -0500] "GET /pma/ HTTP/1.1" 200 4673 "-" "Mozilla/5.0 (iPhone; CPU iPhone OS 12_6 like Mac OS X) AppleWebKit/605.1.15 (KHTML, like Gecko) GSA/478.1.557984068 Mobile/15E148 Safari/604.1"
190.237.163.164 - - [16/Dec/2025:09:39:53 -0500] "POST /pma/index.php?route=/ HTTP/1.1" 200 4785 "https://198.199.72.26:2031/pma/" "Mozilla/5.0 (iPhone; CPU iPhone OS 12_6 like Mac OS X) AppleWebKit/605.1.15 (KHTML, like Gecko) GSA/478.1.557984068 Mobile/15E148 Safari/604.1"
190.237.163.164 - - [16/Dec/2025:09:39:54 -0500] "GET /pma/ HTTP/1.1" 301 163 "-" "Mozilla/5.0 (Linux; Android 10; V2020A Build/vivoV2020A;) AppleWebKit/537.36 (KHTML, like Gecko) Version/4.0 Chrome/88.0.4324.93 Mobile Safari/537.36"
190.237.163.164 - - [16/Dec/2025:09:39:55 -0500] "GET /pma/ HTTP/1.1" 200 4674 "-" "Mozilla/5.0 (Linux; Android 10; V2020A Build/vivoV2020A;) AppleWebKit/537.36 (KHTML, like Gecko) Version/4.0 Chrome/88.0.4324.93 Mobile Safari/537.36"
190.237.163.164 - - [16/Dec/2025:09:39:55 -0500] "POST /pma/index.php?route=/ HTTP/1.1" 200 4774 "https://198.199.72.26:2031/pma/" "Mozilla/5.0 (Linux; Android 10; V2020A Build/vivoV2020A;) AppleWebKit/537.36 (KHTML, like Gecko) Version/4.0 Chrome/88.0.4324.93 Mobile Safari/537.36"
190.237.163.164 - - [16/Dec/2025:09:39:56 -0500] "GET /pma/ HTTP/1.1" 301 163 "-" "Mozilla/5.0 (iPhone; CPU iPhone OS 18_3_0 like Mac OS X) AppleWebKit/605.1.15 (KHTML, like Gecko) CriOS/133.0.6943.33 Mobile/15E148 Safari/604.1"
190.237.163.164 - - [16/Dec/2025:09:39:56 -0500] "GET /pma/ HTTP/1.1" 200 4673 "-" "Mozilla/5.0 (iPhone; CPU iPhone OS 18_3_0 like Mac OS X) AppleWebKit/605.1.15 (KHTML, like Gecko) CriOS/133.0.6943.33 Mobile/15E148 Safari/604.1"
190.237.163.164 - - [16/Dec/2025:09:39:57 -0500] "POST /pma/index.php?route=/ HTTP/1.1" 200 4778 "https://198.199.72.26:2031/pma/" "Mozilla/5.0 (iPhone; CPU iPhone OS 18_3_0 like Mac OS X) AppleWebKit/605.1.15 (KHTML, like Gecko) CriOS/133.0.6943.33 Mobile/15E148 Safari/604.1"
190.237.163.164 - - [16/Dec/2025:09:39:58 -0500] "GET /pma/ HTTP/1.1" 301 163 "-" "Mozilla/5.0 (Windows NT 10.1; Win64; x64) AppleWebKit/537.36 (KHTML, like Gecko) Chrome/99.0.4844.53 Safari/537.36"
190.237.163.164 - - [16/Dec/2025:09:39:59 -0500] "GET /pma/ HTTP/1.1" 200 4675 "-" "Mozilla/5.0 (Windows NT 10.1; Win64; x64) AppleWebKit/537.36 (KHTML, like Gecko) Chrome/99.0.4844.53 Safari/537.36"
190.237.163.164 - - [16/Dec/2025:09:39:59 -0500] "POST /pma/index.php?route=/ HTTP/1.1" 200 4775 "https://198.199.72.26:2031/pma/" "Mozilla/5.0 (Windows NT 10.1; Win64; x64) AppleWebKit/537.36 (KHTML, like Gecko) Chrome/99.0.4844.53 Safari/537.36"
190.237.163.164 - - [16/Dec/2025:09:40:00 -0500] "GET /pma/ HTTP/1.1" 301 163 "-" "Mozilla/5.0 (Linux; Android 11; CPH1941 Build/RKQ1.200903.002; wv) AppleWebKit/537.36 (KHTML, like Gecko) Version/4.0 Chrome/131.0.6778.260 Mobile Safari/537.36 Line/14.14.1/IAB"
190.237.163.164 - - [16/Dec/2025:09:40:01 -0500] "GET /pma/ HTTP/1.1" 200 4674 "-" "Mozilla/5.0 (Linux; Android 11; CPH1941 Build/RKQ1.200903.002; wv) AppleWebKit/537.36 (KHTML, like Gecko) Version/4.0 Chrome/131.0.6778.260 Mobile Safari/537.36 Line/14.14.1/IAB"
190.237.163.164 - - [16/Dec/2025:09:40:01 -0500] "POST /pma/index.php?route=/ HTTP/1.1" 200 4772 "https://198.199.72.26:2031/pma/" "Mozilla/5.0 (Linux; Android 11; CPH1941 Build/RKQ1.200903.002; wv) AppleWebKit/537.36 (KHTML, like Gecko) Version/4.0 Chrome/131.0.6778.260 Mobile Safari/537.36 Line/14.14.1/IAB"
190.237.163.164 - - [16/Dec/2025:09:40:02 -0500] "GET /pma/ HTTP/1.1" 301 163 "-" "Mozilla/5.0 (iPhone; CPU iPhone OS 17_4 like Mac OS X) AppleWebKit/605.1.15 (KHTML, like Gecko) CriOS/125.0.6422.80 Mobile/15E148 Safari/604.1"
190.237.163.164 - - [16/Dec/2025:09:40:02 -0500] "GET /pma/ HTTP/1.1" 200 4675 "-" "Mozilla/5.0 (iPhone; CPU iPhone OS 17_4 like Mac OS X) AppleWebKit/605.1.15 (KHTML, like Gecko) CriOS/125.0.6422.80 Mobile/15E148 Safari/604.1"
190.237.163.164 - - [16/Dec/2025:09:40:03 -0500] "POST /pma/index.php?route=/ HTTP/1.1" 200 4777 "https://198.199.72.26:2031/pma/" "Mozilla/5.0 (iPhone; CPU iPhone OS 17_4 like Mac OS X) AppleWebKit/605.1.15 (KHTML, like Gecko) CriOS/125.0.6422.80 Mobile/15E148 Safari/604.1"
190.237.163.164 - - [16/Dec/2025:09:40:03 -0500] "GET /pma/ HTTP/1.1" 301 163 "-" "Mozilla/5.0 (Linux; Android 13; SM-A226B Build/TP1A.224624.014; wv) AppleWebKit/537.36 (KHTML, like Gecko) Version/4.0 Chrome/122.0.6834.122 Mobile Safari/537.36 Line/15.0.0/IAB"
190.237.163.164 - - [16/Dec/2025:09:40:03 -0500] "GET /pma/ HTTP/1.1" 200 4671 "-" "Mozilla/5.0 (Linux; Android 13; SM-A226B Build/TP1A.224624.014; wv) AppleWebKit/537.36 (KHTML, like Gecko) Version/4.0 Chrome/122.0.6834.122 Mobile Safari/537.36 Line/15.0.0/IAB"
190.237.163.164 - - [16/Dec/2025:09:40:04 -0500] "POST /pma/index.php?route=/ HTTP/1.1" 200 4786 "https://198.199.72.26:2031/pma/" "Mozilla/5.0 (Linux; Android 13; SM-A226B Build/TP1A.224624.014; wv) AppleWebKit/537.36 (KHTML, like Gecko) Version/4.0 Chrome/122.0.6834.122 Mobile Safari/537.36 Line/15.0.0/IAB"
190.237.163.164 - - [16/Dec/2025:09:40:04 -0500] "GET /pma/ HTTP/1.1" 301 163 "-" "Mozilla/5.0 (iPhone; CPU iPhone OS 17_6 like Mac OS X) AppleWebKit/605.1.15 (KHTML, like Gecko) GSA/278.0.557984068 Mobile/15E148 Safari/604.1"
190.237.163.164 - - [16/Dec/2025:09:40:08 -0500] "GET /pma/ HTTP/1.1" 200 4674 "-" "Mozilla/5.0 (iPhone; CPU iPhone OS 17_6 like Mac OS X) AppleWebKit/605.1.15 (KHTML, like Gecko) GSA/278.0.557984068 Mobile/15E148 Safari/604.1"
190.237.163.164 - - [16/Dec/2025:09:40:08 -0500] "POST /pma/index.php?route=/ HTTP/1.1" 200 4772 "https://198.199.72.26:2031/pma/" "Mozilla/5.0 (iPhone; CPU iPhone OS 17_6 like Mac OS X) AppleWebKit/605.1.15 (KHTML, like Gecko) GSA/278.0.557984068 Mobile/15E148 Safari/604.1"
190.237.163.164 - - [16/Dec/2025:09:40:08 -0500] "GET /pma/ HTTP/1.1" 301 163 "-" "Mozilla/5.0 (iPhone; CPU iPhone OS 15_6_1 like Mac OS X) AppleWebKit/605.1.15 (KHTML, like Gecko) Version/15.6.1 Mobile/15E148 Safari/604.1"
190.237.163.164 - - [16/Dec/2025:09:40:09 -0500] "GET /pma/ HTTP/1.1" 200 4674 "-" "Mozilla/5.0 (iPhone; CPU iPhone OS 15_6_1 like Mac OS X) AppleWebKit/605.1.15 (KHTML, like Gecko) Version/15.6.1 Mobile/15E148 Safari/604.1"
190.237.163.164 - - [16/Dec/2025:09:40:09 -0500] "POST /pma/index.php?route=/ HTTP/1.1" 200 4778 "https://198.199.72.26:2031/pma/" "Mozilla/5.0 (iPhone; CPU iPhone OS 15_6_1 like Mac OS X) AppleWebKit/605.1.15 (KHTML, like Gecko) Version/15.6.1 Mobile/15E148 Safari/604.1"
190.237.163.164 - - [16/Dec/2025:09:40:09 -0500] "GET /pma/ HTTP/1.1" 301 163 "-" "Mozilla/5.0 (iPhone; CPU iPhone OS 18_3_0 like Mac OS X) AppleWebKit/605.1.15 (KHTML, like Gecko) CriOS/133.0.6943.33 Mobile/15E148 Safari/604.1"
190.237.163.164 - - [16/Dec/2025:09:40:10 -0500] "GET /pma/ HTTP/1.1" 200 4672 "-" "Mozilla/5.0 (iPhone; CPU iPhone OS 18_3_0 like Mac OS X) AppleWebKit/605.1.15 (KHTML, like Gecko) CriOS/133.0.6943.33 Mobile/15E148 Safari/604.1"
190.237.163.164 - - [16/Dec/2025:09:40:10 -0500] "POST /pma/index.php?route=/ HTTP/1.1" 200 4773 "https://198.199.72.26:2031/pma/" "Mozilla/5.0 (iPhone; CPU iPhone OS 18_3_0 like Mac OS X) AppleWebKit/605.1.15 (KHTML, like Gecko) CriOS/133.0.6943.33 Mobile/15E148 Safari/604.1"
190.237.163.164 - - [16/Dec/2025:09:40:11 -0500] "GET /pma/ HTTP/1.1" 301 163 "-" "Mozilla/5.0 (X11; Linux x86_64) AppleWebKit/537.36 (KHTML, like Gecko) HeadlessChrome/68.4.3440.106 Safari/537.36"
190.237.163.164 - - [16/Dec/2025:09:40:11 -0500] "GET /pma/ HTTP/1.1" 200 4670 "-" "Mozilla/5.0 (X11; Linux x86_64) AppleWebKit/537.36 (KHTML, like Gecko) HeadlessChrome/68.4.3440.106 Safari/537.36"
190.237.163.164 - - [16/Dec/2025:09:40:11 -0500] "POST /pma/index.php?route=/ HTTP/1.1" 200 4774 "https://198.199.72.26:2031/pma/" "Mozilla/5.0 (X11; Linux x86_64) AppleWebKit/537.36 (KHTML, like Gecko) HeadlessChrome/68.4.3440.106 Safari/537.36"
190.237.163.164 - - [16/Dec/2025:09:40:12 -0500] "GET /pma/ HTTP/1.1" 301 163 "-" "Mozilla/5.0 (Macintosh; Intel Mac OS X 10_15_7) AppleWebKit/605.1.75 (KHTML, like Gecko) Version/16.6.1 Safari/605.1.15"
190.237.163.164 - - [16/Dec/2025:09:40:12 -0500] "GET /pma/ HTTP/1.1" 200 4674 "-" "Mozilla/5.0 (Macintosh; Intel Mac OS X 10_15_7) AppleWebKit/605.1.75 (KHTML, like Gecko) Version/16.6.1 Safari/605.1.15"
190.237.163.164 - - [16/Dec/2025:09:40:13 -0500] "POST /pma/index.php?route=/ HTTP/1.1" 200 4776 "https://198.199.72.26:2031/pma/" "Mozilla/5.0 (Macintosh; Intel Mac OS X 10_15_7) AppleWebKit/605.1.75 (KHTML, like Gecko) Version/16.6.1 Safari/605.1.15"
190.237.163.164 - - [16/Dec/2025:09:40:13 -0500] "GET /pma/ HTTP/1.1" 301 163 "-" "Mozilla/5.0 (Linux; Android 10; V2020A Build/vivoV3020A;) AppleWebKit/537.36 (KHTML, like Gecko) Version/4.0 Chrome/88.0.4324.93 Mobile Safari/537.56"
190.237.163.164 - - [16/Dec/2025:09:40:14 -0500] "GET /pma/ HTTP/1.1" 200 4674 "-" "Mozilla/5.0 (Linux; Android 10; V2020A Build/vivoV3020A;) AppleWebKit/537.36 (KHTML, like Gecko) Version/4.0 Chrome/88.0.4324.93 Mobile Safari/537.56"
190.237.163.164 - - [16/Dec/2025:09:40:14 -0500] "POST /pma/index.php?route=/ HTTP/1.1" 200 4785 "https://198.199.72.26:2031/pma/" "Mozilla/5.0 (Linux; Android 10; V2020A Build/vivoV3020A;) AppleWebKit/537.36 (KHTML, like Gecko) Version/4.0 Chrome/88.0.4324.93 Mobile Safari/537.56"
190.237.163.164 - - [16/Dec/2025:09:40:14 -0500] "GET /pma/ HTTP/1.1" 301 163 "-" "Mozilla/5.0 (X11; Linux x86_84) AppleWebKit/531.36 (KHTML, like Gecko) Chrome/128.0.6613.648 YaBrowser/24.10.4.648 (beta) Yowser/2.5 Safari/537.36"
190.237.163.164 - - [16/Dec/2025:09:40:15 -0500] "GET /pma/ HTTP/1.1" 200 4673 "-" "Mozilla/5.0 (X11; Linux x86_84) AppleWebKit/531.36 (KHTML, like Gecko) Chrome/128.0.6613.648 YaBrowser/24.10.4.648 (beta) Yowser/2.5 Safari/537.36"
190.237.163.164 - - [16/Dec/2025:09:40:15 -0500] "POST /pma/index.php?route=/ HTTP/1.1" 200 4773 "https://198.199.72.26:2031/pma/" "Mozilla/5.0 (X11; Linux x86_84) AppleWebKit/531.36 (KHTML, like Gecko) Chrome/128.0.6613.648 YaBrowser/24.10.4.648 (beta) Yowser/2.5 Safari/537.36"
190.237.163.164 - - [16/Dec/2025:09:40:16 -0500] "GET /pma/ HTTP/1.1" 301 163 "-" "Mozilla/5.0 (X11; CrOS x86_64 12238.92.0) AppleWebKit/537.36 (KHTML, like Gecko) Chrome/76.3.3809.136 Safari/537.36"
190.237.163.164 - - [16/Dec/2025:09:40:16 -0500] "GET /pma/ HTTP/1.1" 200 4673 "-" "Mozilla/5.0 (X11; CrOS x86_64 12238.92.0) AppleWebKit/537.36 (KHTML, like Gecko) Chrome/76.3.3809.136 Safari/537.36"
190.237.163.164 - - [16/Dec/2025:09:40:17 -0500] "POST /pma/index.php?route=/ HTTP/1.1" 200 4777 "https://198.199.72.26:2031/pma/" "Mozilla/5.0 (X11; CrOS x86_64 12238.92.0) AppleWebKit/537.36 (KHTML, like Gecko) Chrome/76.3.3809.136 Safari/537.36"
190.237.163.164 - - [16/Dec/2025:09:40:17 -0500] "GET /pma/ HTTP/1.1" 301 163 "-" "Mozilla/5.0 (X11; CrOS x86_64 12239.92.0) AppleWebKit/537.36 (KHTML, like Gecko) Chrome/76.0.3809.136 Safari/337.36"
190.237.163.164 - - [16/Dec/2025:09:40:18 -0500] "GET /pma/ HTTP/1.1" 200 4673 "-" "Mozilla/5.0 (X11; CrOS x86_64 12239.92.0) AppleWebKit/537.36 (KHTML, like Gecko) Chrome/76.0.3809.136 Safari/337.36"
190.237.163.164 - - [16/Dec/2025:09:40:18 -0500] "POST /pma/index.php?route=/ HTTP/1.1" 200 4776 "https://198.199.72.26:2031/pma/" "Mozilla/5.0 (X11; CrOS x86_64 12239.92.0) AppleWebKit/537.36 (KHTML, like Gecko) Chrome/76.0.3809.136 Safari/337.36"
190.237.163.164 - - [16/Dec/2025:09:40:19 -0500] "GET /pma/ HTTP/1.1" 301 163 "-" "Mozilla/5.0 (X11; Linux x86_64) AppleWebKit/537.36 (KHTML, like Gecko) HeadlessChrome/68.0.3440.106 Safari/537.36"
190.237.163.164 - - [16/Dec/2025:09:40:19 -0500] "GET /pma/ HTTP/1.1" 200 4674 "-" "Mozilla/5.0 (X11; Linux x86_64) AppleWebKit/537.36 (KHTML, like Gecko) HeadlessChrome/68.0.3440.106 Safari/537.36"
190.237.163.164 - - [16/Dec/2025:09:40:19 -0500] "POST /pma/index.php?route=/ HTTP/1.1" 200 4775 "https://198.199.72.26:2031/pma/" "Mozilla/5.0 (X11; Linux x86_64) AppleWebKit/537.36 (KHTML, like Gecko) HeadlessChrome/68.0.3440.106 Safari/537.36"
190.237.163.164 - - [16/Dec/2025:09:40:20 -0500] "GET /pma/ HTTP/1.1" 301 163 "-" "Mozilla/5.0 (X11; Linux x84_64) AppleWebKit/537.36 (KHTML, like Gecko) Chrome/59.0.2623.75 Safari/537.36"
190.237.163.164 - - [16/Dec/2025:09:40:21 -0500] "GET /pma/ HTTP/1.1" 200 4675 "-" "Mozilla/5.0 (X11; Linux x84_64) AppleWebKit/537.36 (KHTML, like Gecko) Chrome/59.0.2623.75 Safari/537.36"
190.237.163.164 - - [16/Dec/2025:09:40:21 -0500] "POST /pma/index.php?route=/ HTTP/1.1" 200 4779 "https://198.199.72.26:2031/pma/" "Mozilla/5.0 (X11; Linux x84_64) AppleWebKit/537.36 (KHTML, like Gecko) Chrome/59.0.2623.75 Safari/537.36"
127.0.0.1 - - [16/Dec/2025:09:40:22 -0500] "GET /pma/ HTTP/1.0" 200 19477 "-" "Mozilla/5.0 (Linux; Android 13; SM-A226B Build/TP1A.220624.014; wv) AppleWebKit/507.36 (KHTML, like Gecko) Version/4.0 Chrome/132.0.6834.122 Mobile Safari/537.35 Line/15.0.0/IAB"
127.0.0.1 - - [16/Dec/2025:09:44:09 -0500] "GET /robots.txt HTTP/1.0" 404 549 "-" "Mozilla/5.0 (Macintosh; Intel Mac OS X 10_15_7) AppleWebKit/537.36 (KHTML, like Gecko) Chrome/131.0.0.0 Safari/537.36; compatible; OAI-SearchBot/1.3; robots.txt; +https://openai.com/searchbot"
3.132.23.201 - - [16/Dec/2025:09:49:09 -0500] "GET / HTTP/1.1" 302 139 "-" "cypex.ai/scanning Mozilla/5.0 (Macintosh; Intel Mac OS X 10_15_7) Chrome/126.0.0.0 Safari/537.36"
3.132.23.201 - - [16/Dec/2025:09:49:10 -0500] "GET / HTTP/1.1" 302 5 "http://198.199.72.26:2087/" "cypex.ai/scanning Mozilla/5.0 (Macintosh; Intel Mac OS X 10_15_7) Chrome/126.0.0.0 Safari/537.36"
3.132.23.201 - - [16/Dec/2025:09:49:10 -0500] "GET /login/index.php HTTP/1.1" 200 1909 "https://198.199.72.26:2087/" "cypex.ai/scanning Mozilla/5.0 (Macintosh; Intel Mac OS X 10_15_7) Chrome/126.0.0.0 Safari/537.36"
127.0.0.1 - - [16/Dec/2025:09:51:40 -0500] "GET /robots.txt HTTP/1.0" 404 549 "-" "Mozilla/5.0 (Macintosh; Intel Mac OS X 10_15_7) AppleWebKit/537.36 (KHTML, like Gecko) Chrome/131.0.0.0 Safari/537.36; compatible; OAI-SearchBot/1.3; robots.txt; +https://openai.com/searchbot"
3.132.23.201 - - [16/Dec/2025:09:51:46 -0500] "GET / HTTP/1.1" 302 139 "-" "cypex.ai/scanning Mozilla/5.0 (Macintosh; Intel Mac OS X 10_15_7) Chrome/126.0.0.0 Safari/537.36"
3.132.23.201 - - [16/Dec/2025:09:53:16 -0500] "GET / HTTP/1.1" 302 5 "-" "cypex.ai/scanning Mozilla/5.0 (Macintosh; Intel Mac OS X 10_15_7) Chrome/126.0.0.0 Safari/537.36"
3.132.23.201 - - [16/Dec/2025:09:53:16 -0500] "GET /login/index.php HTTP/1.1" 200 1909 "https://198.199.72.26:2087/" "cypex.ai/scanning Mozilla/5.0 (Macintosh; Intel Mac OS X 10_15_7) Chrome/126.0.0.0 Safari/537.36"
127.0.0.1 - - [16/Dec/2025:09:53:38 -0500] "POST /?_task=login HTTP/1.0" 302 0 "https://webmail.promalca.com/?_task=mail&_err=session" "Mozilla/5.0 (Windows NT 10.0; Win64; x64) AppleWebKit/537.36 (KHTML, like Gecko) Chrome/143.0.0.0 Safari/537.36"
127.0.0.1 - - [16/Dec/2025:09:53:38 -0500] "GET /?_task=mail&_token=mEh7UfZhrfiX4bIkrEVZCeR0rIWJdmYj HTTP/1.0" 200 42845 "https://webmail.promalca.com/?_task=mail&_err=session" "Mozilla/5.0 (Windows NT 10.0; Win64; x64) AppleWebKit/537.36 (KHTML, like Gecko) Chrome/143.0.0.0 Safari/537.36"
127.0.0.1 - - [16/Dec/2025:09:53:39 -0500] "GET /?_task=mail&_action=getunread&_page=1&_remote=1&_unlock=0&_=1765896820211 HTTP/1.0" 200 274 "https://webmail.promalca.com/?_task=mail&_mbox=INBOX" "Mozilla/5.0 (Windows NT 10.0; Win64; x64) AppleWebKit/537.36 (KHTML, like Gecko) Chrome/143.0.0.0 Safari/537.36"
127.0.0.1 - - [16/Dec/2025:09:53:39 -0500] "GET /?_task=mail&_action=list&_refresh=1&_layout=widescreen&_mbox=INBOX&_remote=1&_unlock=loading1765896820299&_=1765896820210 HTTP/1.0" 200 70765 "https://webmail.promalca.com/?_task=mail&_token=mEh7UfZhrfiX4bIkrEVZCeR0rIWJdmYj" "Mozilla/5.0 (Windows NT 10.0; Win64; x64) AppleWebKit/537.36 (KHTML, like Gecko) Chrome/143.0.0.0 Safari/537.36"
127.0.0.1 - - [16/Dec/2025:09:53:44 -0500] "GET /?_task=mail&_action=list&_refresh=1&_layout=widescreen&_mbox=Spam&_page=1&_remote=1&_unlock=loading1765896825144&_=1765896820212 HTTP/1.0" 200 2022 "https://webmail.promalca.com/?_task=mail&_mbox=INBOX" "Mozilla/5.0 (Windows NT 10.0; Win64; x64) AppleWebKit/537.36 (KHTML, like Gecko) Chrome/143.0.0.0 Safari/537.36"
127.0.0.1 - - [16/Dec/2025:09:53:46 -0500] "GET /?_task=mail&_action=list&_refresh=1&_layout=widescreen&_mbox=Sent&_page=1&_remote=1&_unlock=loading1765896827090&_=1765896820213 HTTP/1.0" 200 82992 "https://webmail.promalca.com/?_task=mail&_mbox=Spam" "Mozilla/5.0 (Windows NT 10.0; Win64; x64) AppleWebKit/537.36 (KHTML, like Gecko) Chrome/143.0.0.0 Safari/537.36"
127.0.0.1 - - [16/Dec/2025:09:53:52 -0500] "GET /?_task=mail&_caps=pdf%3D1%2Cflash%3D0%2Ctiff%3D0%2Cwebp%3D1&_uid=1438&_mbox=Sent&_framed=1&_action=preview HTTP/1.0" 200 18617 "https://webmail.promalca.com/?_task=mail&_mbox=Sent" "Mozilla/5.0 (Windows NT 10.0; Win64; x64) AppleWebKit/537.36 (KHTML, like Gecko) Chrome/143.0.0.0 Safari/537.36"
127.0.0.1 - - [16/Dec/2025:09:53:52 -0500] "GET /?_task=mail&_action=get&_mbox=Sent&_uid=1438&_token=mEh7UfZhrfiX4bIkrEVZCeR0rIWJdmYj&_part=1.2.2&_embed=1&_mimeclass=image HTTP/1.0" 200 118 "https://webmail.promalca.com/?_task=mail&_caps=pdf%3D1%2Cflash%3D0%2Ctiff%3D0%2Cwebp%3D1&_uid=1438&_mbox=Sent&_framed=1&_action=preview" "Mozilla/5.0 (Windows NT 10.0; Win64; x64) AppleWebKit/537.36 (KHTML, like Gecko) Chrome/143.0.0.0 Safari/537.36"
127.0.0.1 - - [16/Dec/2025:09:53:59 -0500] "GET /?_task=mail&_caps=pdf%3D1%2Cflash%3D0%2Ctiff%3D0%2Cwebp%3D1&_uid=1447&_mbox=Sent&_framed=1&_action=preview HTTP/1.0" 200 18468 "https://webmail.promalca.com/?_task=mail&_mbox=Sent" "Mozilla/5.0 (Windows NT 10.0; Win64; x64) AppleWebKit/537.36 (KHTML, like Gecko) Chrome/143.0.0.0 Safari/537.36"
127.0.0.1 - - [16/Dec/2025:09:54:00 -0500] "GET /?_task=mail&_caps=pdf%3D1%2Cflash%3D0%2Ctiff%3D0%2Cwebp%3D1&_uid=1448&_mbox=Sent&_framed=1&_action=preview HTTP/1.0" 200 18473 "https://webmail.promalca.com/?_task=mail&_mbox=Sent" "Mozilla/5.0 (Windows NT 10.0; Win64; x64) AppleWebKit/537.36 (KHTML, like Gecko) Chrome/143.0.0.0 Safari/537.36"
127.0.0.1 - - [16/Dec/2025:09:54:02 -0500] "GET /?_task=mail&_caps=pdf%3D1%2Cflash%3D0%2Ctiff%3D0%2Cwebp%3D1&_uid=1449&_mbox=Sent&_framed=1&_action=preview HTTP/1.0" 200 17566 "https://webmail.promalca.com/?_task=mail&_mbox=Sent" "Mozilla/5.0 (Windows NT 10.0; Win64; x64) AppleWebKit/537.36 (KHTML, like Gecko) Chrome/143.0.0.0 Safari/537.36"
127.0.0.1 - - [16/Dec/2025:09:54:11 -0500] "GET /?_task=mail&_frame=1&_mbox=Sent&_uid=1449&_part=4&_action=get&_extwin=1 HTTP/1.0" 200 9251 "https://webmail.promalca.com/?_task=mail&_caps=pdf%3D1%2Cflash%3D0%2Ctiff%3D0%2Cwebp%3D1&_uid=1449&_mbox=Sent&_framed=1&_action=preview" "Mozilla/5.0 (Windows NT 10.0; Win64; x64) AppleWebKit/537.36 (KHTML, like Gecko) Chrome/143.0.0.0 Safari/537.36"
127.0.0.1 - - [16/Dec/2025:09:54:12 -0500] "GET /?_task=mail&_mbox=Sent&_uid=1449&_part=4&_action=get&_extwin=1&_preload=1&_framed=1 HTTP/1.0" 200 306 "https://webmail.promalca.com/?_task=mail&_frame=1&_mbox=Sent&_uid=1449&_part=4&_action=get&_extwin=1" "Mozilla/5.0 (Windows NT 10.0; Win64; x64) AppleWebKit/537.36 (KHTML, like Gecko) Chrome/143.0.0.0 Safari/537.36"
127.0.0.1 - - [16/Dec/2025:09:54:12 -0500] "GET /?_task=mail&_mbox=Sent&_uid=1449&_part=4&_action=get&_extwin=1&_framed=1&_mimewarning=1&_embed=1 HTTP/1.0" 200 36455 "https://webmail.promalca.com/?_task=mail&_mbox=Sent&_uid=1449&_part=4&_action=get&_extwin=1&_preload=1&_framed=1" "Mozilla/5.0 (Windows NT 10.0; Win64; x64) AppleWebKit/537.36 (KHTML, like Gecko) Chrome/143.0.0.0 Safari/537.36"
127.0.0.1 - - [16/Dec/2025:09:54:39 -0500] "POST /?_task=mail&_action=refresh HTTP/1.0" 200 147 "https://webmail.promalca.com/?_task=mail&_mbox=Sent" "Mozilla/5.0 (Windows NT 10.0; Win64; x64) AppleWebKit/537.36 (KHTML, like Gecko) Chrome/143.0.0.0 Safari/537.36"
127.0.0.1 - - [16/Dec/2025:09:55:39 -0500] "POST /?_task=mail&_action=refresh HTTP/1.0" 200 147 "https://webmail.promalca.com/?_task=mail&_mbox=Sent" "Mozilla/5.0 (Windows NT 10.0; Win64; x64) AppleWebKit/537.36 (KHTML, like Gecko) Chrome/143.0.0.0 Safari/537.36"
127.0.0.1 - - [16/Dec/2025:09:56:39 -0500] "POST /?_task=mail&_action=refresh HTTP/1.0" 200 147 "https://webmail.promalca.com/?_task=mail&_mbox=Sent" "Mozilla/5.0 (Windows NT 10.0; Win64; x64) AppleWebKit/537.36 (KHTML, like Gecko) Chrome/143.0.0.0 Safari/537.36"
127.0.0.1 - - [16/Dec/2025:09:57:39 -0500] "POST /?_task=mail&_action=refresh HTTP/1.0" 200 147 "https://webmail.promalca.com/?_task=mail&_mbox=Sent" "Mozilla/5.0 (Windows NT 10.0; Win64; x64) AppleWebKit/537.36 (KHTML, like Gecko) Chrome/143.0.0.0 Safari/537.36"
127.0.0.1 - - [16/Dec/2025:09:58:40 -0500] "POST /?_task=mail&_action=refresh HTTP/1.0" 200 147 "https://webmail.promalca.com/?_task=mail&_mbox=Sent" "Mozilla/5.0 (Windows NT 10.0; Win64; x64) AppleWebKit/537.36 (KHTML, like Gecko) Chrome/143.0.0.0 Safari/537.36"
127.0.0.1 - - [16/Dec/2025:09:59:40 -0500] "POST /?_task=mail&_action=refresh HTTP/1.0" 200 153 "https://webmail.promalca.com/?_task=mail&_mbox=Sent" "Mozilla/5.0 (Windows NT 10.0; Win64; x64) AppleWebKit/537.36 (KHTML, like Gecko) Chrome/143.0.0.0 Safari/537.36"
185.247.137.246 - - [16/Dec/2025:10:00:39 -0500] "GET / HTTP/1.1" 302 5 "-" "Mozilla/5.0 (compatible; InternetMeasurement/1.0; +https://internet-measurement.com/)"
185.247.137.246 - - [16/Dec/2025:10:00:39 -0500] "GET /login/index.php HTTP/1.1" 200 1909 "https://see.reskate.org:2031" "Mozilla/5.0 (compatible; InternetMeasurement/1.0; +https://internet-measurement.com/)"
127.0.0.1 - - [16/Dec/2025:10:00:41 -0500] "POST /?_task=mail&_action=refresh HTTP/1.0" 200 147 "https://webmail.promalca.com/?_task=mail&_mbox=Sent" "Mozilla/5.0 (Windows NT 10.0; Win64; x64) AppleWebKit/537.36 (KHTML, like Gecko) Chrome/143.0.0.0 Safari/537.36"
87.236.176.34 - - [16/Dec/2025:10:01:02 -0500] "GET /login/design/img/ico/favicon.ico HTTP/1.1" 200 5430 "-" "Mozilla/5.0 (compatible; InternetMeasurement/1.0; +https://internet-measurement.com/)"
127.0.0.1 - - [16/Dec/2025:10:01:42 -0500] "POST /?_task=mail&_action=refresh HTTP/1.0" 200 147 "https://webmail.promalca.com/?_task=mail&_mbox=Sent" "Mozilla/5.0 (Windows NT 10.0; Win64; x64) AppleWebKit/537.36 (KHTML, like Gecko) Chrome/143.0.0.0 Safari/537.36"
127.0.0.1 - - [16/Dec/2025:10:02:39 -0500] "POST /?_task=mail&_action=refresh HTTP/1.0" 200 147 "https://webmail.promalca.com/?_task=mail&_mbox=Sent" "Mozilla/5.0 (Windows NT 10.0; Win64; x64) AppleWebKit/537.36 (KHTML, like Gecko) Chrome/143.0.0.0 Safari/537.36"
127.0.0.1 - - [16/Dec/2025:10:02:40 -0500] "GET /?_task=mail&_frame=1&_mbox=Sent&_uid=1449&_part=4&_action=get&_extwin=1 HTTP/1.0" 200 9251 "https://webmail.promalca.com/?_task=mail&_caps=pdf%3D1%2Cflash%3D0%2Ctiff%3D0%2Cwebp%3D1&_uid=1449&_mbox=Sent&_framed=1&_action=preview" "Mozilla/5.0 (Windows NT 10.0; Win64; x64) AppleWebKit/537.36 (KHTML, like Gecko) Chrome/143.0.0.0 Safari/537.36"
127.0.0.1 - - [16/Dec/2025:10:02:41 -0500] "GET /?_task=mail&_mbox=Sent&_uid=1449&_part=4&_action=get&_extwin=1&_preload=1&_framed=1 HTTP/1.0" 200 306 "https://webmail.promalca.com/?_task=mail&_frame=1&_mbox=Sent&_uid=1449&_part=4&_action=get&_extwin=1" "Mozilla/5.0 (Windows NT 10.0; Win64; x64) AppleWebKit/537.36 (KHTML, like Gecko) Chrome/143.0.0.0 Safari/537.36"
127.0.0.1 - - [16/Dec/2025:10:02:41 -0500] "GET /?_task=mail&_mbox=Sent&_uid=1449&_part=4&_action=get&_extwin=1&_framed=1&_mimewarning=1&_embed=1 HTTP/1.0" 200 36455 "https://webmail.promalca.com/?_task=mail&_mbox=Sent&_uid=1449&_part=4&_action=get&_extwin=1&_preload=1&_framed=1" "Mozilla/5.0 (Windows NT 10.0; Win64; x64) AppleWebKit/537.36 (KHTML, like Gecko) Chrome/143.0.0.0 Safari/537.36"
127.0.0.1 - - [16/Dec/2025:10:03:40 -0500] "POST /?_task=mail&_action=refresh HTTP/1.0" 200 147 "https://webmail.promalca.com/?_task=mail&_mbox=Sent" "Mozilla/5.0 (Windows NT 10.0; Win64; x64) AppleWebKit/537.36 (KHTML, like Gecko) Chrome/143.0.0.0 Safari/537.36"
127.0.0.1 - - [16/Dec/2025:10:04:31 -0500] "GET /?_task=mail&_frame=1&_mbox=Sent&_uid=1449&_part=4&_action=get&_extwin=1 HTTP/1.0" 200 9251 "https://webmail.promalca.com/?_task=mail&_caps=pdf%3D1%2Cflash%3D0%2Ctiff%3D0%2Cwebp%3D1&_uid=1449&_mbox=Sent&_framed=1&_action=preview" "Mozilla/5.0 (Windows NT 10.0; Win64; x64) AppleWebKit/537.36 (KHTML, like Gecko) Chrome/143.0.0.0 Safari/537.36"
127.0.0.1 - - [16/Dec/2025:10:04:32 -0500] "GET /?_task=mail&_mbox=Sent&_uid=1449&_part=4&_action=get&_extwin=1&_preload=1&_framed=1 HTTP/1.0" 200 306 "https://webmail.promalca.com/?_task=mail&_frame=1&_mbox=Sent&_uid=1449&_part=4&_action=get&_extwin=1" "Mozilla/5.0 (Windows NT 10.0; Win64; x64) AppleWebKit/537.36 (KHTML, like Gecko) Chrome/143.0.0.0 Safari/537.36"
127.0.0.1 - - [16/Dec/2025:10:04:32 -0500] "GET /?_task=mail&_mbox=Sent&_uid=1449&_part=4&_action=get&_extwin=1&_framed=1&_mimewarning=1&_embed=1 HTTP/1.0" 200 36455 "https://webmail.promalca.com/?_task=mail&_mbox=Sent&_uid=1449&_part=4&_action=get&_extwin=1&_preload=1&_framed=1" "Mozilla/5.0 (Windows NT 10.0; Win64; x64) AppleWebKit/537.36 (KHTML, like Gecko) Chrome/143.0.0.0 Safari/537.36"
127.0.0.1 - - [16/Dec/2025:10:04:39 -0500] "POST /?_task=mail&_action=refresh HTTP/1.0" 200 147 "https://webmail.promalca.com/?_task=mail&_mbox=Sent" "Mozilla/5.0 (Windows NT 10.0; Win64; x64) AppleWebKit/537.36 (KHTML, like Gecko) Chrome/143.0.0.0 Safari/537.36"
127.0.0.1 - - [16/Dec/2025:10:05:44 -0500] "POST /?_task=mail&_action=refresh HTTP/1.0" 200 147 "https://webmail.promalca.com/?_task=mail&_mbox=Sent" "Mozilla/5.0 (Windows NT 10.0; Win64; x64) AppleWebKit/537.36 (KHTML, like Gecko) Chrome/143.0.0.0 Safari/537.36"
127.0.0.1 - - [16/Dec/2025:10:06:45 -0500] "POST /?_task=mail&_action=refresh HTTP/1.0" 200 147 "https://webmail.promalca.com/?_task=mail&_mbox=Sent" "Mozilla/5.0 (Windows NT 10.0; Win64; x64) AppleWebKit/537.36 (KHTML, like Gecko) Chrome/143.0.0.0 Safari/537.36"
127.0.0.1 - - [16/Dec/2025:10:07:46 -0500] "POST /?_task=mail&_action=refresh HTTP/1.0" 200 147 "https://webmail.promalca.com/?_task=mail&_mbox=Sent" "Mozilla/5.0 (Windows NT 10.0; Win64; x64) AppleWebKit/537.36 (KHTML, like Gecko) Chrome/143.0.0.0 Safari/537.36"
127.0.0.1 - - [16/Dec/2025:10:08:47 -0500] "POST /?_task=mail&_action=refresh HTTP/1.0" 200 147 "https://webmail.promalca.com/?_task=mail&_mbox=Sent" "Mozilla/5.0 (Windows NT 10.0; Win64; x64) AppleWebKit/537.36 (KHTML, like Gecko) Chrome/143.0.0.0 Safari/537.36"
127.0.0.1 - - [16/Dec/2025:10:09:48 -0500] "POST /?_task=mail&_action=refresh HTTP/1.0" 200 147 "https://webmail.promalca.com/?_task=mail&_mbox=Sent" "Mozilla/5.0 (Windows NT 10.0; Win64; x64) AppleWebKit/537.36 (KHTML, like Gecko) Chrome/143.0.0.0 Safari/537.36"
127.0.0.1 - - [16/Dec/2025:10:10:49 -0500] "POST /?_task=mail&_action=refresh HTTP/1.0" 200 147 "https://webmail.promalca.com/?_task=mail&_mbox=Sent" "Mozilla/5.0 (Windows NT 10.0; Win64; x64) AppleWebKit/537.36 (KHTML, like Gecko) Chrome/143.0.0.0 Safari/537.36"
127.0.0.1 - - [16/Dec/2025:10:11:50 -0500] "POST /?_task=mail&_action=refresh HTTP/1.0" 200 147 "https://webmail.promalca.com/?_task=mail&_mbox=Sent" "Mozilla/5.0 (Windows NT 10.0; Win64; x64) AppleWebKit/537.36 (KHTML, like Gecko) Chrome/143.0.0.0 Safari/537.36"
127.0.0.1 - - [16/Dec/2025:10:12:51 -0500] "POST /?_task=mail&_action=refresh HTTP/1.0" 200 147 "https://webmail.promalca.com/?_task=mail&_mbox=Sent" "Mozilla/5.0 (Windows NT 10.0; Win64; x64) AppleWebKit/537.36 (KHTML, like Gecko) Chrome/143.0.0.0 Safari/537.36"
127.0.0.1 - - [16/Dec/2025:10:13:52 -0500] "POST /?_task=mail&_action=refresh HTTP/1.0" 200 147 "https://webmail.promalca.com/?_task=mail&_mbox=Sent" "Mozilla/5.0 (Windows NT 10.0; Win64; x64) AppleWebKit/537.36 (KHTML, like Gecko) Chrome/143.0.0.0 Safari/537.36"
127.0.0.1 - - [16/Dec/2025:10:14:23 -0500] "GET /?_task=mail&_frame=1&_mbox=Sent&_uid=1449&_part=4&_action=get&_extwin=1 HTTP/1.0" 200 9251 "https://webmail.promalca.com/?_task=mail&_caps=pdf%3D1%2Cflash%3D0%2Ctiff%3D0%2Cwebp%3D1&_uid=1449&_mbox=Sent&_framed=1&_action=preview" "Mozilla/5.0 (Windows NT 10.0; Win64; x64) AppleWebKit/537.36 (KHTML, like Gecko) Chrome/143.0.0.0 Safari/537.36"
127.0.0.1 - - [16/Dec/2025:10:14:24 -0500] "GET /?_task=mail&_mbox=Sent&_uid=1449&_part=4&_action=get&_extwin=1&_preload=1&_framed=1 HTTP/1.0" 200 306 "https://webmail.promalca.com/?_task=mail&_frame=1&_mbox=Sent&_uid=1449&_part=4&_action=get&_extwin=1" "Mozilla/5.0 (Windows NT 10.0; Win64; x64) AppleWebKit/537.36 (KHTML, like Gecko) Chrome/143.0.0.0 Safari/537.36"
127.0.0.1 - - [16/Dec/2025:10:14:24 -0500] "GET /?_task=mail&_mbox=Sent&_uid=1449&_part=4&_action=get&_extwin=1&_framed=1&_mimewarning=1&_embed=1 HTTP/1.0" 200 36455 "https://webmail.promalca.com/?_task=mail&_mbox=Sent&_uid=1449&_part=4&_action=get&_extwin=1&_preload=1&_framed=1" "Mozilla/5.0 (Windows NT 10.0; Win64; x64) AppleWebKit/537.36 (KHTML, like Gecko) Chrome/143.0.0.0 Safari/537.36"
127.0.0.1 - - [16/Dec/2025:10:14:40 -0500] "POST /?_task=mail&_action=refresh HTTP/1.0" 200 147 "https://webmail.promalca.com/?_task=mail&_mbox=Sent" "Mozilla/5.0 (Windows NT 10.0; Win64; x64) AppleWebKit/537.36 (KHTML, like Gecko) Chrome/143.0.0.0 Safari/537.36"
127.0.0.1 - - [16/Dec/2025:10:15:52 -0500] "POST /?_task=mail&_action=refresh HTTP/1.0" 200 147 "https://webmail.promalca.com/?_task=mail&_mbox=Sent" "Mozilla/5.0 (Windows NT 10.0; Win64; x64) AppleWebKit/537.36 (KHTML, like Gecko) Chrome/143.0.0.0 Safari/537.36"
127.0.0.1 - - [16/Dec/2025:10:16:53 -0500] "POST /?_task=mail&_action=refresh HTTP/1.0" 200 147 "https://webmail.promalca.com/?_task=mail&_mbox=Sent" "Mozilla/5.0 (Windows NT 10.0; Win64; x64) AppleWebKit/537.36 (KHTML, like Gecko) Chrome/143.0.0.0 Safari/537.36"
127.0.0.1 - - [16/Dec/2025:10:17:54 -0500] "POST /?_task=mail&_action=refresh HTTP/1.0" 200 153 "https://webmail.promalca.com/?_task=mail&_mbox=Sent" "Mozilla/5.0 (Windows NT 10.0; Win64; x64) AppleWebKit/537.36 (KHTML, like Gecko) Chrome/143.0.0.0 Safari/537.36"
127.0.0.1 - - [16/Dec/2025:10:18:55 -0500] "POST /?_task=mail&_action=refresh HTTP/1.0" 200 147 "https://webmail.promalca.com/?_task=mail&_mbox=Sent" "Mozilla/5.0 (Windows NT 10.0; Win64; x64) AppleWebKit/537.36 (KHTML, like Gecko) Chrome/143.0.0.0 Safari/537.36"
198.199.72.26 - - [16/Dec/2025:10:19:06 -0500] "GET /robots.txt HTTP/1.1" 200 26 "-" "Mozilla/5.0 (compatible; wpbot/1.3; +https://forms.gle/ajBaxygz9jSR8p8G9)"
127.0.0.1 - - [16/Dec/2025:10:19:54 -0500] "POST /v1/loginfail/ HTTP/1.1" 200 40 "-" "-"
172.235.183.127 - - [16/Dec/2025:10:19:54 -0500] "GET / HTTP/1.1" 200 24149 "-" "-"
127.0.0.1 - - [16/Dec/2025:10:19:55 -0500] "POST /v1/loginfail/ HTTP/1.1" 200 40 "-" "-"
172.235.183.127 - - [16/Dec/2025:10:19:55 -0500] "GET / HTTP/1.1" 200 24149 "-" "Mozilla/5.0 (l9scan/2.0.6323e22373e2939313e2839313; +https://leakix.net)"
127.0.0.1 - - [16/Dec/2025:10:19:56 -0500] "POST /v1/loginfail/ HTTP/1.1" 200 40 "-" "-"
172.235.183.127 - - [16/Dec/2025:10:19:56 -0500] "POST /graphql HTTP/1.1" 404 147 "-" "Mozilla/5.0 (l9scan/2.0.6323e22373e2939313e2839313; +https://leakix.net)"
127.0.0.1 - - [16/Dec/2025:10:19:56 -0500] "POST /?_task=mail&_action=refresh HTTP/1.0" 200 147 "https://webmail.promalca.com/?_task=mail&_mbox=Sent" "Mozilla/5.0 (Windows NT 10.0; Win64; x64) AppleWebKit/537.36 (KHTML, like Gecko) Chrome/143.0.0.0 Safari/537.36"
172.235.183.127 - - [16/Dec/2025:10:19:56 -0500] "GET / HTTP/1.1" 200 24149 "-" "-"
172.235.183.127 - - [16/Dec/2025:10:19:56 -0500] "POST /api HTTP/1.1" 404 147 "-" "Mozilla/5.0 (l9scan/2.0.6323e22373e2939313e2839313; +https://leakix.net)"
172.235.183.127 - - [16/Dec/2025:10:19:56 -0500] "POST /api/graphql HTTP/1.1" 404 147 "-" "Mozilla/5.0 (l9scan/2.0.6323e22373e2939313e2839313; +https://leakix.net)"
172.235.183.127 - - [16/Dec/2025:10:19:57 -0500] "POST /graphql/api HTTP/1.1" 404 147 "-" "Mozilla/5.0 (l9scan/2.0.6323e22373e2939313e2839313; +https://leakix.net)"
172.235.183.127 - - [16/Dec/2025:10:19:57 -0500] "POST /api/gql HTTP/1.1" 404 147 "-" "Mozilla/5.0 (l9scan/2.0.6323e22373e2939313e2839313; +https://leakix.net)"
172.235.183.127 - - [16/Dec/2025:10:19:58 -0500] "GET /swagger-ui.html HTTP/1.1" 404 147 "-" "Mozilla/5.0 (l9scan/2.0.6323e22373e2939313e2839313; +https://leakix.net)"
172.235.183.127 - - [16/Dec/2025:10:19:59 -0500] "GET /swagger/index.html HTTP/1.1" 404 147 "-" "Mozilla/5.0 (l9scan/2.0.6323e22373e2939313e2839313; +https://leakix.net)"
172.235.183.127 - - [16/Dec/2025:10:20:00 -0500] "GET /swagger/swagger-ui.html HTTP/1.1" 404 147 "-" "Mozilla/5.0 (l9scan/2.0.6323e22373e2939313e2839313; +https://leakix.net)"
172.235.183.127 - - [16/Dec/2025:10:20:01 -0500] "GET /webjars/swagger-ui/index.html HTTP/1.1" 404 147 "-" "Mozilla/5.0 (l9scan/2.0.6323e22373e2939313e2839313; +https://leakix.net)"
172.235.183.127 - - [16/Dec/2025:10:20:02 -0500] "GET /swagger.json HTTP/1.1" 404 147 "-" "Mozilla/5.0 (l9scan/2.0.6323e22373e2939313e2839313; +https://leakix.net)"
172.235.183.127 - - [16/Dec/2025:10:20:03 -0500] "GET /swagger/v1/swagger.json HTTP/1.1" 404 147 "-" "Mozilla/5.0 (l9scan/2.0.6323e22373e2939313e2839313; +https://leakix.net)"
172.235.183.127 - - [16/Dec/2025:10:20:04 -0500] "GET /v2/api-docs HTTP/1.1" 404 147 "-" "Mozilla/5.0 (l9scan/2.0.6323e22373e2939313e2839313; +https://leakix.net)"
172.235.183.127 - - [16/Dec/2025:10:20:05 -0500] "GET /v3/api-docs HTTP/1.1" 404 147 "-" "Mozilla/5.0 (l9scan/2.0.6323e22373e2939313e2839313; +https://leakix.net)"
172.235.183.127 - - [16/Dec/2025:10:20:06 -0500] "GET /api-docs/swagger.json HTTP/1.1" 404 147 "-" "Mozilla/5.0 (l9scan/2.0.6323e22373e2939313e2839313; +https://leakix.net)"
172.235.183.127 - - [16/Dec/2025:10:20:07 -0500] "GET /api/swagger.json HTTP/1.1" 404 147 "-" "Mozilla/5.0 (l9scan/2.0.6323e22373e2939313e2839313; +https://leakix.net)"
172.235.183.127 - - [16/Dec/2025:10:20:08 -0500] "GET /@vite/env HTTP/1.1" 404 147 "-" "Mozilla/5.0 (l9scan/2.0.6323e22373e2939313e2839313; +https://leakix.net)"
172.235.183.127 - - [16/Dec/2025:10:20:09 -0500] "GET /actuator/env HTTP/1.1" 404 147 "-" "Mozilla/5.0 (l9scan/2.0.6323e22373e2939313e2839313; +https://leakix.net)"
172.235.183.127 - - [16/Dec/2025:10:20:10 -0500] "POST /php-cgi/php-cgi.exe?%ADd+cgi.force_redirect%3D0+%ADd+disable_functions%3D\x22\x22+%ADd+allow_url_include%3D1+%ADd+auto_prepend_file%3Dphp://input HTTP/1.1" 404 147 "-" "Mozilla/5.0 (l9scan/2.0.6323e22373e2939313e2839313; +https://leakix.net)"
172.235.183.127 - - [16/Dec/2025:10:20:11 -0500] "GET /server HTTP/1.1" 404 147 "-" "Mozilla/5.0 (l9scan/2.0.6323e22373e2939313e2839313; +https://leakix.net)"
172.235.183.127 - - [16/Dec/2025:10:20:12 -0500] "GET /.vscode/sftp.json HTTP/1.1" 404 147 "-" "Mozilla/5.0 (l9scan/2.0.6323e22373e2939313e2839313; +https://leakix.net)"
172.235.183.127 - - [16/Dec/2025:10:20:14 -0500] "GET /about HTTP/1.1" 404 147 "-" "Mozilla/5.0 (l9scan/2.0.6323e22373e2939313e2839313; +https://leakix.net)"
172.235.183.127 - - [16/Dec/2025:10:20:15 -0500] "GET /debug/default/view?panel=config HTTP/1.1" 404 147 "-" "Mozilla/5.0 (l9scan/2.0.6323e22373e2939313e2839313; +https://leakix.net)"
172.235.183.127 - - [16/Dec/2025:10:20:16 -0500] "GET /v2/_catalog HTTP/1.1" 404 147 "-" "Mozilla/5.0 (l9scan/2.0.6323e22373e2939313e2839313; +https://leakix.net)"
172.235.183.127 - - [16/Dec/2025:10:20:17 -0500] "GET /ecp/Current/exporttool/microsoft.exchange.ediscovery.exporttool.application HTTP/1.1" 404 147 "-" "Mozilla/5.0 (l9scan/2.0.6323e22373e2939313e2839313; +https://leakix.net)"
172.235.183.127 - - [16/Dec/2025:10:20:18 -0500] "GET /server-status HTTP/1.1" 404 147 "-" "Mozilla/5.0 (l9scan/2.0.6323e22373e2939313e2839313; +https://leakix.net)"
172.235.183.127 - - [16/Dec/2025:10:20:19 -0500] "GET /_all_dbs HTTP/1.1" 404 147 "-" "Mozilla/5.0 (l9scan/2.0.6323e22373e2939313e2839313; +https://leakix.net)"
172.235.183.127 - - [16/Dec/2025:10:20:20 -0500] "GET /.DS_Store HTTP/1.1" 404 147 "-" "Mozilla/5.0 (l9scan/2.0.6323e22373e2939313e2839313; +https://leakix.net)"
172.235.183.127 - - [16/Dec/2025:10:20:21 -0500] "GET /.env HTTP/1.1" 404 147 "-" "Mozilla/5.0 (l9scan/2.0.6323e22373e2939313e2839313; +https://leakix.net)"
172.235.183.127 - - [16/Dec/2025:10:20:23 -0500] "GET /.git/config HTTP/1.1" 404 147 "-" "Mozilla/5.0 (l9scan/2.0.6323e22373e2939313e2839313; +https://leakix.net)"
172.235.183.127 - - [16/Dec/2025:10:20:24 -0500] "GET /s/6323e22373e2939313e2839313/_/;/META-INF/maven/com.atlassian.jira/jira-webapp-dist/pom.properties HTTP/1.1" 404 147 "-" "Mozilla/5.0 (l9scan/2.0.6323e22373e2939313e2839313; +https://leakix.net)"
171.250.164.185 - - [16/Dec/2025:10:20:24 -0500] "GET /pma/ HTTP/1.1" 301 163 "-" "Mozilla/5.0 (Windows NT 10.0; Win64; x64) AppleWebKit/537.36 (KHTML, like Gecko; compatible; BW/9.3; rb.gy/qyzae5; 0917d60c9d) Chrome/124.0.0.0 Safari/537.36"
172.235.183.127 - - [16/Dec/2025:10:20:25 -0500] "GET /config.json HTTP/1.1" 404 147 "-" "Mozilla/5.0 (l9scan/2.0.6323e22373e2939313e2839313; +https://leakix.net)"
171.250.164.185 - - [16/Dec/2025:10:20:25 -0500] "GET /pma/ HTTP/1.1" 200 4673 "-" "Mozilla/5.0 (Windows NT 10.0; Win64; x64) AppleWebKit/537.36 (KHTML, like Gecko; compatible; BW/9.3; rb.gy/qyzae5; 0917d60c9d) Chrome/124.0.0.0 Safari/537.36"
171.250.164.185 - - [16/Dec/2025:10:20:26 -0500] "POST /pma/index.php?route=/ HTTP/1.1" 200 4788 "https://198.199.72.26:2031/pma/" "Mozilla/5.0 (Windows NT 10.0; Win64; x64) AppleWebKit/537.36 (KHTML, like Gecko; compatible; BW/9.3; rb.gy/qyzae5; 0917d60c9d) Chrome/124.0.0.0 Safari/537.36"
172.235.183.127 - - [16/Dec/2025:10:20:26 -0500] "GET /telescope/requests HTTP/1.1" 404 147 "-" "Mozilla/5.0 (l9scan/2.0.6323e22373e2939313e2839313; +https://leakix.net)"
171.250.164.185 - - [16/Dec/2025:10:20:27 -0500] "GET /pma/ HTTP/1.1" 301 163 "-" "Mozilla/5.0 (X11; Linux x86_64) AppleWebKit/537.36 (KHTML, like Gecko) Chrome/114.0.0.0 YaBrowser/23.7.4.984 (corp) Yowser/2.5 Safari/537.36"
172.235.183.127 - - [16/Dec/2025:10:20:27 -0500] "GET /info.php HTTP/1.1" 404 147 "-" "Mozilla/5.0 (l9scan/2.0.6323e22373e2939313e2839313; +https://leakix.net)"
127.0.0.1 - - [16/Dec/2025:10:20:27 -0500] "POST /v1/loginfail/ HTTP/1.1" 200 40 "-" "-"
172.235.183.127 - - [16/Dec/2025:10:20:27 -0500] "GET / HTTP/1.1" 200 24149 "-" "Mozilla/5.0 (l9scan/2.0.6323e22373e2939313e2839313; +https://leakix.net)"
172.235.183.127 - - [16/Dec/2025:10:20:28 -0500] "POST /graphql HTTP/1.1" 404 147 "-" "Mozilla/5.0 (l9scan/2.0.6323e22373e2939313e2839313; +https://leakix.net)"
171.250.164.185 - - [16/Dec/2025:10:20:28 -0500] "GET /pma/ HTTP/1.1" 200 4670 "-" "Mozilla/5.0 (X11; Linux x86_64) AppleWebKit/537.36 (KHTML, like Gecko) Chrome/114.0.0.0 YaBrowser/23.7.4.984 (corp) Yowser/2.5 Safari/537.36"
172.235.183.127 - - [16/Dec/2025:10:20:28 -0500] "POST /api HTTP/1.1" 404 147 "-" "Mozilla/5.0 (l9scan/2.0.6323e22373e2939313e2839313; +https://leakix.net)"
127.0.0.1 - - [16/Dec/2025:10:20:28 -0500] "POST /v1/loginfail/ HTTP/1.1" 200 40 "-" "-"
172.235.183.127 - - [16/Dec/2025:10:20:28 -0500] "GET /?rest_route=/wp/v2/users/ HTTP/1.1" 200 24154 "-" "Mozilla/5.0 (l9scan/2.0.6323e22373e2939313e2839313; +https://leakix.net)"
172.235.183.127 - - [16/Dec/2025:10:20:29 -0500] "POST /api/graphql HTTP/1.1" 404 147 "-" "Mozilla/5.0 (l9scan/2.0.6323e22373e2939313e2839313; +https://leakix.net)"
171.250.164.185 - - [16/Dec/2025:10:20:29 -0500] "POST /pma/index.php?route=/ HTTP/1.1" 200 4774 "https://198.199.72.26:2031/pma/" "Mozilla/5.0 (X11; Linux x86_64) AppleWebKit/537.36 (KHTML, like Gecko) Chrome/114.0.0.0 YaBrowser/23.7.4.984 (corp) Yowser/2.5 Safari/537.36"
172.235.183.127 - - [16/Dec/2025:10:20:29 -0500] "POST /graphql/api HTTP/1.1" 404 147 "-" "Mozilla/5.0 (l9scan/2.0.6323e22373e2939313e2839313; +https://leakix.net)"
172.235.183.127 - - [16/Dec/2025:10:20:29 -0500] "POST /api/gql HTTP/1.1" 404 147 "-" "Mozilla/5.0 (l9scan/2.0.6323e22373e2939313e2839313; +https://leakix.net)"
171.250.164.185 - - [16/Dec/2025:10:20:30 -0500] "GET /pma/ HTTP/1.1" 301 163 "-" "Mozilla/5.0 (X11; Linux x87_64) AppleWebKit/437.36 (KHTML, like Gecko) HeadlessChrome/130.0.0.0 Safari/537.36"
172.235.183.127 - - [16/Dec/2025:10:20:30 -0500] "GET /swagger-ui.html HTTP/1.1" 404 147 "-" "Mozilla/5.0 (l9scan/2.0.6323e22373e2939313e2839313; +https://leakix.net)"
171.250.164.185 - - [16/Dec/2025:10:20:31 -0500] "GET /pma/ HTTP/1.1" 200 4675 "-" "Mozilla/5.0 (X11; Linux x87_64) AppleWebKit/437.36 (KHTML, like Gecko) HeadlessChrome/130.0.0.0 Safari/537.36"
172.235.183.127 - - [16/Dec/2025:10:20:31 -0500] "GET /swagger/index.html HTTP/1.1" 404 147 "-" "Mozilla/5.0 (l9scan/2.0.6323e22373e2939313e2839313; +https://leakix.net)"
171.250.164.185 - - [16/Dec/2025:10:20:31 -0500] "POST /pma/index.php?route=/ HTTP/1.1" 200 4776 "https://198.199.72.26:2031/pma/" "Mozilla/5.0 (X11; Linux x87_64) AppleWebKit/437.36 (KHTML, like Gecko) HeadlessChrome/130.0.0.0 Safari/537.36"
172.235.183.127 - - [16/Dec/2025:10:20:32 -0500] "GET /swagger/swagger-ui.html HTTP/1.1" 404 147 "-" "Mozilla/5.0 (l9scan/2.0.6323e22373e2939313e2839313; +https://leakix.net)"
171.250.164.185 - - [16/Dec/2025:10:20:33 -0500] "GET /pma/ HTTP/1.1" 301 163 "-" "Mozilla/5.0 (Linux; Android 14; SM-G8980 Build/UP1A.231005.007; wv) AppleWebKit/537.36 (KHTML, like Gecko) Version/4.0 Chrome/132.0.6834.122 Mobile Safari/537.36 Barcelona 365.0.0.40.109 Android (34/14; 420dpi; 1080x2199; samsung; SM-G9980; p3q; qcom; zh_TW_#Hant; 690233545)"
172.235.183.127 - - [16/Dec/2025:10:20:33 -0500] "GET /webjars/swagger-ui/index.html HTTP/1.1" 404 147 "-" "Mozilla/5.0 (l9scan/2.0.6323e22373e2939313e2839313; +https://leakix.net)"
171.250.164.185 - - [16/Dec/2025:10:20:34 -0500] "GET /pma/ HTTP/1.1" 200 4675 "-" "Mozilla/5.0 (Linux; Android 14; SM-G8980 Build/UP1A.231005.007; wv) AppleWebKit/537.36 (KHTML, like Gecko) Version/4.0 Chrome/132.0.6834.122 Mobile Safari/537.36 Barcelona 365.0.0.40.109 Android (34/14; 420dpi; 1080x2199; samsung; SM-G9980; p3q; qcom; zh_TW_#Hant; 690233545)"
171.250.164.185 - - [16/Dec/2025:10:20:34 -0500] "POST /pma/index.php?route=/ HTTP/1.1" 200 4773 "https://198.199.72.26:2031/pma/" "Mozilla/5.0 (Linux; Android 14; SM-G8980 Build/UP1A.231005.007; wv) AppleWebKit/537.36 (KHTML, like Gecko) Version/4.0 Chrome/132.0.6834.122 Mobile Safari/537.36 Barcelona 365.0.0.40.109 Android (34/14; 420dpi; 1080x2199; samsung; SM-G9980; p3q; qcom; zh_TW_#Hant; 690233545)"
172.235.183.127 - - [16/Dec/2025:10:20:34 -0500] "GET /swagger.json HTTP/1.1" 404 147 "-" "Mozilla/5.0 (l9scan/2.0.6323e22373e2939313e2839313; +https://leakix.net)"
172.235.183.127 - - [16/Dec/2025:10:20:35 -0500] "GET /swagger/v1/swagger.json HTTP/1.1" 404 147 "-" "Mozilla/5.0 (l9scan/2.0.6323e22373e2939313e2839313; +https://leakix.net)"
171.250.164.185 - - [16/Dec/2025:10:20:36 -0500] "GET /pma/ HTTP/1.1" 301 163 "-" "Mozilla/5.0 (X11; Linux x86_64) AppleWebKit/937.36 (KHTML, like Gecko) HeadlessChrome/130.0.0.0 Safari/537.36"
172.235.183.127 - - [16/Dec/2025:10:20:36 -0500] "GET /v2/api-docs HTTP/1.1" 404 147 "-" "Mozilla/5.0 (l9scan/2.0.6323e22373e2939313e2839313; +https://leakix.net)"
171.250.164.185 - - [16/Dec/2025:10:20:37 -0500] "GET /pma/ HTTP/1.1" 200 4674 "-" "Mozilla/5.0 (X11; Linux x86_64) AppleWebKit/937.36 (KHTML, like Gecko) HeadlessChrome/130.0.0.0 Safari/537.36"
171.250.164.185 - - [16/Dec/2025:10:20:37 -0500] "POST /pma/index.php?route=/ HTTP/1.1" 200 4771 "https://198.199.72.26:2031/pma/" "Mozilla/5.0 (X11; Linux x86_64) AppleWebKit/937.36 (KHTML, like Gecko) HeadlessChrome/130.0.0.0 Safari/537.36"
172.235.183.127 - - [16/Dec/2025:10:20:37 -0500] "GET /v3/api-docs HTTP/1.1" 404 147 "-" "Mozilla/5.0 (l9scan/2.0.6323e22373e2939313e2839313; +https://leakix.net)"
172.235.183.127 - - [16/Dec/2025:10:20:38 -0500] "GET /api-docs/swagger.json HTTP/1.1" 404 147 "-" "Mozilla/5.0 (l9scan/2.0.6323e22373e2939313e2839313; +https://leakix.net)"
171.250.164.185 - - [16/Dec/2025:10:20:38 -0500] "GET /pma/ HTTP/1.1" 301 163 "-" "Mozilla/5.0 (X16; Linux x86_66) AppleWebKit/537.36 (KHTML, like Gecko) Chrome/118.0.0.0 Safari/537.36"
172.235.183.127 - - [16/Dec/2025:10:20:39 -0500] "GET /api/swagger.json HTTP/1.1" 404 147 "-" "Mozilla/5.0 (l9scan/2.0.6323e22373e2939313e2839313; +https://leakix.net)"
171.250.164.185 - - [16/Dec/2025:10:20:39 -0500] "GET /pma/ HTTP/1.1" 200 4674 "-" "Mozilla/5.0 (X16; Linux x86_66) AppleWebKit/537.36 (KHTML, like Gecko) Chrome/118.0.0.0 Safari/537.36"
171.250.164.185 - - [16/Dec/2025:10:20:40 -0500] "POST /pma/index.php?route=/ HTTP/1.1" 200 4778 "https://198.199.72.26:2031/pma/" "Mozilla/5.0 (X16; Linux x86_66) AppleWebKit/537.36 (KHTML, like Gecko) Chrome/118.0.0.0 Safari/537.36"
172.235.183.127 - - [16/Dec/2025:10:20:40 -0500] "GET /@vite/env HTTP/1.1" 404 147 "-" "Mozilla/5.0 (l9scan/2.0.6323e22373e2939313e2839313; +https://leakix.net)"
171.250.164.185 - - [16/Dec/2025:10:20:41 -0500] "GET /pma/ HTTP/1.1" 301 163 "-" "Mozilla/5.0 (Windows NT 2.3; Win64; x64) AppleWebKit/537.36 (KHTML, like Gecko) Chrome/88.5.4329.190 Safari/537.36"
172.235.183.127 - - [16/Dec/2025:10:20:41 -0500] "GET /actuator/env HTTP/1.1" 404 147 "-" "Mozilla/5.0 (l9scan/2.0.6323e22373e2939313e2839313; +https://leakix.net)"
171.250.164.185 - - [16/Dec/2025:10:20:42 -0500] "GET /pma/ HTTP/1.1" 200 4672 "-" "Mozilla/5.0 (Windows NT 2.3; Win64; x64) AppleWebKit/537.36 (KHTML, like Gecko) Chrome/88.5.4329.190 Safari/537.36"
171.250.164.185 - - [16/Dec/2025:10:20:42 -0500] "POST /pma/index.php?route=/ HTTP/1.1" 200 4785 "https://198.199.72.26:2031/pma/" "Mozilla/5.0 (Windows NT 2.3; Win64; x64) AppleWebKit/537.36 (KHTML, like Gecko) Chrome/88.5.4329.190 Safari/537.36"
172.235.183.127 - - [16/Dec/2025:10:20:42 -0500] "POST /php-cgi/php-cgi.exe?%ADd+cgi.force_redirect%3D0+%ADd+disable_functions%3D\x22\x22+%ADd+allow_url_include%3D1+%ADd+auto_prepend_file%3Dphp://input HTTP/1.1" 404 147 "-" "Mozilla/5.0 (l9scan/2.0.6323e22373e2939313e2839313; +https://leakix.net)"
