171.250.164.185 - - [16/Dec/2025:10:20:43 -0500] "GET /pma/ HTTP/1.1" 301 163 "-" "Mozilla/5.0 (Windows NT 10.0; Win64; x64) AppleWebKit/537.36 (KHTML, like Gecko; compatible; BW/1.3; rb.gy/qyzae5; 0917d60c9d) Chrome/124.0.0.0 Safari/527.36"
172.235.183.127 - - [16/Dec/2025:10:20:43 -0500] "GET /server HTTP/1.1" 404 147 "-" "Mozilla/5.0 (l9scan/2.0.6323e22373e2939313e2839313; +https://leakix.net)"
171.250.164.185 - - [16/Dec/2025:10:20:44 -0500] "GET /pma/ HTTP/1.1" 200 4675 "-" "Mozilla/5.0 (Windows NT 10.0; Win64; x64) AppleWebKit/537.36 (KHTML, like Gecko; compatible; BW/1.3; rb.gy/qyzae5; 0917d60c9d) Chrome/124.0.0.0 Safari/527.36"
172.235.183.127 - - [16/Dec/2025:10:20:44 -0500] "GET /.vscode/sftp.json HTTP/1.1" 404 147 "-" "Mozilla/5.0 (l9scan/2.0.6323e22373e2939313e2839313; +https://leakix.net)"
171.250.164.185 - - [16/Dec/2025:10:20:44 -0500] "POST /pma/index.php?route=/ HTTP/1.1" 200 4771 "https://198.199.72.26:2031/pma/" "Mozilla/5.0 (Windows NT 10.0; Win64; x64) AppleWebKit/537.36 (KHTML, like Gecko; compatible; BW/1.3; rb.gy/qyzae5; 0917d60c9d) Chrome/124.0.0.0 Safari/527.36"
171.250.164.185 - - [16/Dec/2025:10:20:45 -0500] "GET /pma/ HTTP/1.1" 301 163 "-" "Mozilla/5.0 (Android 10; Mobile; rv:134.0) Gecko/134.3 Firefox/134.7"
172.235.183.127 - - [16/Dec/2025:10:20:46 -0500] "GET /about HTTP/1.1" 404 147 "-" "Mozilla/5.0 (l9scan/2.0.6323e22373e2939313e2839313; +https://leakix.net)"
171.250.164.185 - - [16/Dec/2025:10:20:46 -0500] "GET /pma/ HTTP/1.1" 200 4675 "-" "Mozilla/5.0 (Android 10; Mobile; rv:134.0) Gecko/134.3 Firefox/134.7"
171.250.164.185 - - [16/Dec/2025:10:20:47 -0500] "POST /pma/index.php?route=/ HTTP/1.1" 200 4777 "https://198.199.72.26:2031/pma/" "Mozilla/5.0 (Android 10; Mobile; rv:134.0) Gecko/134.3 Firefox/134.7"
172.235.183.127 - - [16/Dec/2025:10:20:47 -0500] "GET /debug/default/view?panel=config HTTP/1.1" 404 147 "-" "Mozilla/5.0 (l9scan/2.0.6323e22373e2939313e2839313; +https://leakix.net)"
171.250.164.185 - - [16/Dec/2025:10:20:48 -0500] "GET /pma/ HTTP/1.1" 301 163 "-" "Mozilla/5.0 (Android 11; Mobile; rv:134.0) Gecko/134.0 Firefox/134.7"
172.235.183.127 - - [16/Dec/2025:10:20:48 -0500] "GET /v2/_catalog HTTP/1.1" 404 147 "-" "Mozilla/5.0 (l9scan/2.0.6323e22373e2939313e2839313; +https://leakix.net)"
171.250.164.185 - - [16/Dec/2025:10:20:49 -0500] "GET /pma/ HTTP/1.1" 200 4673 "-" "Mozilla/5.0 (Android 11; Mobile; rv:134.0) Gecko/134.0 Firefox/134.7"
171.250.164.185 - - [16/Dec/2025:10:20:49 -0500] "POST /pma/index.php?route=/ HTTP/1.1" 200 4772 "https://198.199.72.26:2031/pma/" "Mozilla/5.0 (Android 11; Mobile; rv:134.0) Gecko/134.0 Firefox/134.7"
172.235.183.127 - - [16/Dec/2025:10:20:49 -0500] "GET /ecp/Current/exporttool/microsoft.exchange.ediscovery.exporttool.application HTTP/1.1" 404 147 "-" "Mozilla/5.0 (l9scan/2.0.6323e22373e2939313e2839313; +https://leakix.net)"
171.250.164.185 - - [16/Dec/2025:10:20:50 -0500] "GET /pma/ HTTP/1.1" 301 163 "-" "Mozilla/5.0 (X11; Linux x86_64; rv:102.0) Gecko/20100101 Firefox/502.0"
172.235.183.127 - - [16/Dec/2025:10:20:50 -0500] "GET /server-status HTTP/1.1" 404 147 "-" "Mozilla/5.0 (l9scan/2.0.6323e22373e2939313e2839313; +https://leakix.net)"
171.250.164.185 - - [16/Dec/2025:10:20:51 -0500] "GET /pma/ HTTP/1.1" 200 4675 "-" "Mozilla/5.0 (X11; Linux x86_64; rv:102.0) Gecko/20100101 Firefox/502.0"
172.235.183.127 - - [16/Dec/2025:10:20:51 -0500] "GET /_all_dbs HTTP/1.1" 404 147 "-" "Mozilla/5.0 (l9scan/2.0.6323e22373e2939313e2839313; +https://leakix.net)"
171.250.164.185 - - [16/Dec/2025:10:20:51 -0500] "POST /pma/index.php?route=/ HTTP/1.1" 200 4775 "https://198.199.72.26:2031/pma/" "Mozilla/5.0 (X11; Linux x86_64; rv:102.0) Gecko/20100101 Firefox/502.0"
172.235.183.127 - - [16/Dec/2025:10:20:52 -0500] "GET /.DS_Store HTTP/1.1" 404 147 "-" "Mozilla/5.0 (l9scan/2.0.6323e22373e2939313e2839313; +https://leakix.net)"
171.250.164.185 - - [16/Dec/2025:10:20:52 -0500] "GET /pma/ HTTP/1.1" 301 163 "-" "Mozilla/5.0 (Windows NT 6.3; Win64; x64) AppleWebKit/537.36 (KHTML, like Gecko) Chrome/88.0.4124.190 Safari/537.36"
172.235.183.127 - - [16/Dec/2025:10:20:53 -0500] "GET /.env HTTP/1.1" 404 147 "-" "Mozilla/5.0 (l9scan/2.0.6323e22373e2939313e2839313; +https://leakix.net)"
171.250.164.185 - - [16/Dec/2025:10:20:53 -0500] "GET /pma/ HTTP/1.1" 200 4673 "-" "Mozilla/5.0 (Windows NT 6.3; Win64; x64) AppleWebKit/537.36 (KHTML, like Gecko) Chrome/88.0.4124.190 Safari/537.36"
171.250.164.185 - - [16/Dec/2025:10:20:54 -0500] "POST /pma/index.php?route=/ HTTP/1.1" 200 4776 "https://198.199.72.26:2031/pma/" "Mozilla/5.0 (Windows NT 6.3; Win64; x64) AppleWebKit/537.36 (KHTML, like Gecko) Chrome/88.0.4124.190 Safari/537.36"
171.250.164.185 - - [16/Dec/2025:10:20:55 -0500] "GET /pma/ HTTP/1.1" 301 163 "-" "Mozilla/5.0 (Android 11; Mobile; rv:134.0) Gecko/134.0 Firefox/134.0"
172.235.183.127 - - [16/Dec/2025:10:20:55 -0500] "GET /.git/config HTTP/1.1" 404 147 "-" "Mozilla/5.0 (l9scan/2.0.6323e22373e2939313e2839313; +https://leakix.net)"
171.250.164.185 - - [16/Dec/2025:10:20:56 -0500] "GET /pma/ HTTP/1.1" 200 4674 "-" "Mozilla/5.0 (Android 11; Mobile; rv:134.0) Gecko/134.0 Firefox/134.0"
171.250.164.185 - - [16/Dec/2025:10:20:56 -0500] "POST /pma/index.php?route=/ HTTP/1.1" 200 4786 "https://198.199.72.26:2031/pma/" "Mozilla/5.0 (Android 11; Mobile; rv:134.0) Gecko/134.0 Firefox/134.0"
172.235.183.127 - - [16/Dec/2025:10:20:56 -0500] "GET /s/6323e22373e2939313e2839313/_/;/META-INF/maven/com.atlassian.jira/jira-webapp-dist/pom.properties HTTP/1.1" 404 147 "-" "Mozilla/5.0 (l9scan/2.0.6323e22373e2939313e2839313; +https://leakix.net)"
127.0.0.1 - - [16/Dec/2025:10:20:57 -0500] "POST /?_task=mail&_action=refresh HTTP/1.0" 200 147 "https://webmail.promalca.com/?_task=mail&_mbox=Sent" "Mozilla/5.0 (Windows NT 10.0; Win64; x64) AppleWebKit/537.36 (KHTML, like Gecko) Chrome/143.0.0.0 Safari/537.36"
171.250.164.185 - - [16/Dec/2025:10:20:57 -0500] "GET /pma/ HTTP/1.1" 301 163 "-" "Mozilla/5.0 (Windows NT 6.1; WOW64) AppleWebKit/537.36 (KHTML, like Gecko) Chrome/93.5.3739.132 AOL/11.0 AOLBUILD/11.0.1839 Safari/537.36"
172.235.183.127 - - [16/Dec/2025:10:20:57 -0500] "GET /config.json HTTP/1.1" 404 147 "-" "Mozilla/5.0 (l9scan/2.0.6323e22373e2939313e2839313; +https://leakix.net)"
171.250.164.185 - - [16/Dec/2025:10:20:58 -0500] "GET /pma/ HTTP/1.1" 200 4673 "-" "Mozilla/5.0 (Windows NT 6.1; WOW64) AppleWebKit/537.36 (KHTML, like Gecko) Chrome/93.5.3739.132 AOL/11.0 AOLBUILD/11.0.1839 Safari/537.36"
172.235.183.127 - - [16/Dec/2025:10:20:58 -0500] "GET /telescope/requests HTTP/1.1" 404 147 "-" "Mozilla/5.0 (l9scan/2.0.6323e22373e2939313e2839313; +https://leakix.net)"
171.250.164.185 - - [16/Dec/2025:10:20:58 -0500] "POST /pma/index.php?route=/ HTTP/1.1" 200 4775 "https://198.199.72.26:2031/pma/" "Mozilla/5.0 (Windows NT 6.1; WOW64) AppleWebKit/537.36 (KHTML, like Gecko) Chrome/93.5.3739.132 AOL/11.0 AOLBUILD/11.0.1839 Safari/537.36"
171.250.164.185 - - [16/Dec/2025:10:20:59 -0500] "GET /pma/ HTTP/1.1" 301 163 "-" "Mozilla/5.0 (X11; Linux x86_62; rv:101.0) Gecko/26100101 Firefox/102.0"
172.235.183.127 - - [16/Dec/2025:10:20:59 -0500] "GET /info.php HTTP/1.1" 404 147 "-" "Mozilla/5.0 (l9scan/2.0.6323e22373e2939313e2839313; +https://leakix.net)"
171.250.164.185 - - [16/Dec/2025:10:21:00 -0500] "GET /pma/ HTTP/1.1" 200 4671 "-" "Mozilla/5.0 (X11; Linux x86_62; rv:101.0) Gecko/26100101 Firefox/102.0"
127.0.0.1 - - [16/Dec/2025:10:21:01 -0500] "POST /v1/loginfail/ HTTP/1.1" 200 40 "-" "-"
172.235.183.127 - - [16/Dec/2025:10:21:01 -0500] "GET /?rest_route=/wp/v2/users/ HTTP/1.1" 200 24154 "-" "Mozilla/5.0 (l9scan/2.0.6323e22373e2939313e2839313; +https://leakix.net)"
171.250.164.185 - - [16/Dec/2025:10:21:01 -0500] "POST /pma/index.php?route=/ HTTP/1.1" 200 4779 "https://198.199.72.26:2031/pma/" "Mozilla/5.0 (X11; Linux x86_62; rv:101.0) Gecko/26100101 Firefox/102.0"
171.250.164.185 - - [16/Dec/2025:10:21:02 -0500] "GET /pma/ HTTP/1.1" 301 163 "-" "Mozilla/5.0 (iPhone; CPU iPhone OS 17_9_0 like Mac OS X) AppleWebKit/695.5.15 (KHTML, like Gecko) GSA/354.0.720749604 Mobile/15E148 Safari/604.1"
171.250.164.185 - - [16/Dec/2025:10:21:03 -0500] "GET /pma/ HTTP/1.1" 200 4674 "-" "Mozilla/5.0 (iPhone; CPU iPhone OS 17_9_0 like Mac OS X) AppleWebKit/695.5.15 (KHTML, like Gecko) GSA/354.0.720749604 Mobile/15E148 Safari/604.1"
171.250.164.185 - - [16/Dec/2025:10:21:03 -0500] "POST /pma/index.php?route=/ HTTP/1.1" 200 4773 "https://198.199.72.26:2031/pma/" "Mozilla/5.0 (iPhone; CPU iPhone OS 17_9_0 like Mac OS X) AppleWebKit/695.5.15 (KHTML, like Gecko) GSA/354.0.720749604 Mobile/15E148 Safari/604.1"
171.250.164.185 - - [16/Dec/2025:10:21:04 -0500] "GET /pma/ HTTP/1.1" 301 163 "-" "Mozilla/5.0 (iPhone; CPU iPhone OS 18_8 like Mac OS X) AppleWebKit/605.1.15 (KHTML, like Gecko) Mobile/22D63 [FBAN/FBIOS;FBAV/498.0.0.35.105;FBBV/691089627;FBDV/iPhone15,2;FBMD/iPhone;FBSN/iOS;FBSV/18.3;FBSS/3;FBID/phone;FBLC/es_LA;FBOP/5;FBRV/693806513;IABMV/1]"
171.250.164.185 - - [16/Dec/2025:10:21:05 -0500] "GET /pma/ HTTP/1.1" 200 4674 "-" "Mozilla/5.0 (iPhone; CPU iPhone OS 18_8 like Mac OS X) AppleWebKit/605.1.15 (KHTML, like Gecko) Mobile/22D63 [FBAN/FBIOS;FBAV/498.0.0.35.105;FBBV/691089627;FBDV/iPhone15,2;FBMD/iPhone;FBSN/iOS;FBSV/18.3;FBSS/3;FBID/phone;FBLC/es_LA;FBOP/5;FBRV/693806513;IABMV/1]"
171.250.164.185 - - [16/Dec/2025:10:21:05 -0500] "POST /pma/index.php?route=/ HTTP/1.1" 200 4771 "https://198.199.72.26:2031/pma/" "Mozilla/5.0 (iPhone; CPU iPhone OS 18_8 like Mac OS X) AppleWebKit/605.1.15 (KHTML, like Gecko) Mobile/22D63 [FBAN/FBIOS;FBAV/498.0.0.35.105;FBBV/691089627;FBDV/iPhone15,2;FBMD/iPhone;FBSN/iOS;FBSV/18.3;FBSS/3;FBID/phone;FBLC/es_LA;FBOP/5;FBRV/693806513;IABMV/1]"
171.250.164.185 - - [16/Dec/2025:10:21:06 -0500] "GET /pma/ HTTP/1.1" 301 163 "-" "Mozilla/5.0 (Android 31; Mobile; rv:134.0) Gecko/154.0 Firefox/134.0"
171.250.164.185 - - [16/Dec/2025:10:21:08 -0500] "GET /pma/ HTTP/1.1" 200 4671 "-" "Mozilla/5.0 (Android 31; Mobile; rv:134.0) Gecko/154.0 Firefox/134.0"
171.250.164.185 - - [16/Dec/2025:10:21:08 -0500] "POST /pma/index.php?route=/ HTTP/1.1" 200 4777 "https://198.199.72.26:2031/pma/" "Mozilla/5.0 (Android 31; Mobile; rv:134.0) Gecko/154.0 Firefox/134.0"
127.0.0.1 - - [16/Dec/2025:10:21:09 -0500] "GET /pma/ HTTP/1.0" 200 19477 "-" "Mozilla/5.0 (Android 14; Mobile; rv:135.0) Gecko/835.0 Firefox/131.0"
127.0.0.1 - - [16/Dec/2025:10:21:58 -0500] "POST /?_task=mail&_action=refresh HTTP/1.0" 200 147 "https://webmail.promalca.com/?_task=mail&_mbox=Sent" "Mozilla/5.0 (Windows NT 10.0; Win64; x64) AppleWebKit/537.36 (KHTML, like Gecko) Chrome/143.0.0.0 Safari/537.36"
127.0.0.1 - - [16/Dec/2025:10:22:59 -0500] "POST /?_task=mail&_action=refresh HTTP/1.0" 200 147 "https://webmail.promalca.com/?_task=mail&_mbox=Sent" "Mozilla/5.0 (Windows NT 10.0; Win64; x64) AppleWebKit/537.36 (KHTML, like Gecko) Chrome/143.0.0.0 Safari/537.36"
127.0.0.1 - - [16/Dec/2025:10:23:47 -0500] "POST /v1/loginfail/ HTTP/1.1" 200 40 "-" "-"
172.235.183.127 - - [16/Dec/2025:10:23:47 -0500] "GET / HTTP/1.1" 200 24149 "-" "-"
127.0.0.1 - - [16/Dec/2025:10:23:48 -0500] "POST /v1/loginfail/ HTTP/1.1" 200 40 "-" "-"
172.235.183.127 - - [16/Dec/2025:10:23:48 -0500] "GET / HTTP/1.1" 200 24149 "-" "Mozilla/5.0 (l9scan/2.0.6323e22373e2939313e2839313; +https://leakix.net)"
127.0.0.1 - - [16/Dec/2025:10:23:49 -0500] "POST /v1/loginfail/ HTTP/1.1" 200 40 "-" "-"
172.235.183.127 - - [16/Dec/2025:10:23:49 -0500] "GET / HTTP/1.1" 200 24149 "-" "-"
172.235.183.127 - - [16/Dec/2025:10:23:49 -0500] "POST /graphql HTTP/1.1" 404 147 "-" "Mozilla/5.0 (l9scan/2.0.6323e22373e2939313e2839313; +https://leakix.net)"
172.235.183.127 - - [16/Dec/2025:10:23:50 -0500] "POST /api HTTP/1.1" 404 147 "-" "Mozilla/5.0 (l9scan/2.0.6323e22373e2939313e2839313; +https://leakix.net)"
172.235.183.127 - - [16/Dec/2025:10:23:50 -0500] "POST /api/graphql HTTP/1.1" 404 147 "-" "Mozilla/5.0 (l9scan/2.0.6323e22373e2939313e2839313; +https://leakix.net)"
172.235.183.127 - - [16/Dec/2025:10:23:50 -0500] "POST /graphql/api HTTP/1.1" 404 147 "-" "Mozilla/5.0 (l9scan/2.0.6323e22373e2939313e2839313; +https://leakix.net)"
172.235.183.127 - - [16/Dec/2025:10:23:50 -0500] "POST /api/gql HTTP/1.1" 404 147 "-" "Mozilla/5.0 (l9scan/2.0.6323e22373e2939313e2839313; +https://leakix.net)"
172.235.183.127 - - [16/Dec/2025:10:23:51 -0500] "GET /swagger-ui.html HTTP/1.1" 404 147 "-" "Mozilla/5.0 (l9scan/2.0.6323e22373e2939313e2839313; +https://leakix.net)"
172.235.183.127 - - [16/Dec/2025:10:23:52 -0500] "GET /swagger/index.html HTTP/1.1" 404 147 "-" "Mozilla/5.0 (l9scan/2.0.6323e22373e2939313e2839313; +https://leakix.net)"
172.235.183.127 - - [16/Dec/2025:10:23:53 -0500] "GET /swagger/swagger-ui.html HTTP/1.1" 404 147 "-" "Mozilla/5.0 (l9scan/2.0.6323e22373e2939313e2839313; +https://leakix.net)"
172.235.183.127 - - [16/Dec/2025:10:23:54 -0500] "GET /webjars/swagger-ui/index.html HTTP/1.1" 404 147 "-" "Mozilla/5.0 (l9scan/2.0.6323e22373e2939313e2839313; +https://leakix.net)"
172.235.183.127 - - [16/Dec/2025:10:23:55 -0500] "GET /swagger.json HTTP/1.1" 404 147 "-" "Mozilla/5.0 (l9scan/2.0.6323e22373e2939313e2839313; +https://leakix.net)"
172.235.183.127 - - [16/Dec/2025:10:23:56 -0500] "GET /swagger/v1/swagger.json HTTP/1.1" 404 147 "-" "Mozilla/5.0 (l9scan/2.0.6323e22373e2939313e2839313; +https://leakix.net)"
172.235.183.127 - - [16/Dec/2025:10:23:57 -0500] "GET /v2/api-docs HTTP/1.1" 404 147 "-" "Mozilla/5.0 (l9scan/2.0.6323e22373e2939313e2839313; +https://leakix.net)"
172.235.183.127 - - [16/Dec/2025:10:23:58 -0500] "GET /v3/api-docs HTTP/1.1" 404 147 "-" "Mozilla/5.0 (l9scan/2.0.6323e22373e2939313e2839313; +https://leakix.net)"
172.235.183.127 - - [16/Dec/2025:10:23:59 -0500] "GET /api-docs/swagger.json HTTP/1.1" 404 147 "-" "Mozilla/5.0 (l9scan/2.0.6323e22373e2939313e2839313; +https://leakix.net)"
127.0.0.1 - - [16/Dec/2025:10:24:00 -0500] "POST /?_task=mail&_action=refresh HTTP/1.0" 200 147 "https://webmail.promalca.com/?_task=mail&_mbox=Sent" "Mozilla/5.0 (Windows NT 10.0; Win64; x64) AppleWebKit/537.36 (KHTML, like Gecko) Chrome/143.0.0.0 Safari/537.36"
172.235.183.127 - - [16/Dec/2025:10:24:00 -0500] "GET /api/swagger.json HTTP/1.1" 404 147 "-" "Mozilla/5.0 (l9scan/2.0.6323e22373e2939313e2839313; +https://leakix.net)"
172.235.183.127 - - [16/Dec/2025:10:24:01 -0500] "GET /@vite/env HTTP/1.1" 404 147 "-" "Mozilla/5.0 (l9scan/2.0.6323e22373e2939313e2839313; +https://leakix.net)"
172.235.183.127 - - [16/Dec/2025:10:24:02 -0500] "GET /actuator/env HTTP/1.1" 404 147 "-" "Mozilla/5.0 (l9scan/2.0.6323e22373e2939313e2839313; +https://leakix.net)"
172.235.183.127 - - [16/Dec/2025:10:24:03 -0500] "POST /php-cgi/php-cgi.exe?%ADd+cgi.force_redirect%3D0+%ADd+disable_functions%3D\x22\x22+%ADd+allow_url_include%3D1+%ADd+auto_prepend_file%3Dphp://input HTTP/1.1" 404 147 "-" "Mozilla/5.0 (l9scan/2.0.6323e22373e2939313e2839313; +https://leakix.net)"
172.235.183.127 - - [16/Dec/2025:10:24:04 -0500] "GET /server HTTP/1.1" 404 147 "-" "Mozilla/5.0 (l9scan/2.0.6323e22373e2939313e2839313; +https://leakix.net)"
172.235.183.127 - - [16/Dec/2025:10:24:05 -0500] "GET /.vscode/sftp.json HTTP/1.1" 404 147 "-" "Mozilla/5.0 (l9scan/2.0.6323e22373e2939313e2839313; +https://leakix.net)"
172.235.183.127 - - [16/Dec/2025:10:24:07 -0500] "GET /about HTTP/1.1" 404 147 "-" "Mozilla/5.0 (l9scan/2.0.6323e22373e2939313e2839313; +https://leakix.net)"
172.235.183.127 - - [16/Dec/2025:10:24:08 -0500] "GET /debug/default/view?panel=config HTTP/1.1" 404 147 "-" "Mozilla/5.0 (l9scan/2.0.6323e22373e2939313e2839313; +https://leakix.net)"
172.235.183.127 - - [16/Dec/2025:10:24:09 -0500] "GET /v2/_catalog HTTP/1.1" 404 147 "-" "Mozilla/5.0 (l9scan/2.0.6323e22373e2939313e2839313; +https://leakix.net)"
172.235.183.127 - - [16/Dec/2025:10:24:10 -0500] "GET /ecp/Current/exporttool/microsoft.exchange.ediscovery.exporttool.application HTTP/1.1" 404 147 "-" "Mozilla/5.0 (l9scan/2.0.6323e22373e2939313e2839313; +https://leakix.net)"
172.235.183.127 - - [16/Dec/2025:10:24:11 -0500] "GET /server-status HTTP/1.1" 404 147 "-" "Mozilla/5.0 (l9scan/2.0.6323e22373e2939313e2839313; +https://leakix.net)"
172.235.183.127 - - [16/Dec/2025:10:24:12 -0500] "GET /_all_dbs HTTP/1.1" 404 147 "-" "Mozilla/5.0 (l9scan/2.0.6323e22373e2939313e2839313; +https://leakix.net)"
172.235.183.127 - - [16/Dec/2025:10:24:13 -0500] "GET /.DS_Store HTTP/1.1" 404 147 "-" "Mozilla/5.0 (l9scan/2.0.6323e22373e2939313e2839313; +https://leakix.net)"
172.235.183.127 - - [16/Dec/2025:10:24:14 -0500] "GET /.env HTTP/1.1" 404 147 "-" "Mozilla/5.0 (l9scan/2.0.6323e22373e2939313e2839313; +https://leakix.net)"
172.235.183.127 - - [16/Dec/2025:10:24:16 -0500] "GET /.git/config HTTP/1.1" 404 147 "-" "Mozilla/5.0 (l9scan/2.0.6323e22373e2939313e2839313; +https://leakix.net)"
172.235.183.127 - - [16/Dec/2025:10:24:17 -0500] "GET /s/6323e22373e2939313e2839313/_/;/META-INF/maven/com.atlassian.jira/jira-webapp-dist/pom.properties HTTP/1.1" 404 147 "-" "Mozilla/5.0 (l9scan/2.0.6323e22373e2939313e2839313; +https://leakix.net)"
172.235.183.127 - - [16/Dec/2025:10:24:18 -0500] "GET /config.json HTTP/1.1" 404 147 "-" "Mozilla/5.0 (l9scan/2.0.6323e22373e2939313e2839313; +https://leakix.net)"
127.0.0.1 - - [16/Dec/2025:10:24:19 -0500] "GET /.env HTTP/1.0" 404 147 "-" "Mozilla/5.0 (X11; Linux x86_64; rv:83.0) Gecko/20100101 Firefox/83.0"
172.235.183.127 - - [16/Dec/2025:10:24:19 -0500] "GET /telescope/requests HTTP/1.1" 404 147 "-" "Mozilla/5.0 (l9scan/2.0.6323e22373e2939313e2839313; +https://leakix.net)"
127.0.0.1 - - [16/Dec/2025:10:24:19 -0500] "POST / HTTP/1.0" 200 4963 "-" "Mozilla/5.0 (X11; Linux x86_64; rv:83.0) Gecko/20100101 Firefox/83.0"
127.0.0.1 - - [16/Dec/2025:10:24:20 -0500] "POST /v1/loginfail/ HTTP/1.1" 200 40 "-" "-"
172.235.183.127 - - [16/Dec/2025:10:24:20 -0500] "GET /info.php HTTP/1.1" 404 147 "-" "Mozilla/5.0 (l9scan/2.0.6323e22373e2939313e2839313; +https://leakix.net)"
172.235.183.127 - - [16/Dec/2025:10:24:20 -0500] "GET / HTTP/1.1" 200 24149 "-" "Mozilla/5.0 (l9scan/2.0.6323e22373e2939313e2839313; +https://leakix.net)"
172.235.183.127 - - [16/Dec/2025:10:24:21 -0500] "POST /graphql HTTP/1.1" 404 147 "-" "Mozilla/5.0 (l9scan/2.0.6323e22373e2939313e2839313; +https://leakix.net)"
172.235.183.127 - - [16/Dec/2025:10:24:21 -0500] "POST /api HTTP/1.1" 404 147 "-" "Mozilla/5.0 (l9scan/2.0.6323e22373e2939313e2839313; +https://leakix.net)"
172.235.183.127 - - [16/Dec/2025:10:24:22 -0500] "POST /api/graphql HTTP/1.1" 404 147 "-" "Mozilla/5.0 (l9scan/2.0.6323e22373e2939313e2839313; +https://leakix.net)"
127.0.0.1 - - [16/Dec/2025:10:24:22 -0500] "POST /v1/loginfail/ HTTP/1.1" 200 40 "-" "-"
172.235.183.127 - - [16/Dec/2025:10:24:22 -0500] "GET /?rest_route=/wp/v2/users/ HTTP/1.1" 200 24154 "-" "Mozilla/5.0 (l9scan/2.0.6323e22373e2939313e2839313; +https://leakix.net)"
172.235.183.127 - - [16/Dec/2025:10:24:22 -0500] "POST /graphql/api HTTP/1.1" 404 147 "-" "Mozilla/5.0 (l9scan/2.0.6323e22373e2939313e2839313; +https://leakix.net)"
172.235.183.127 - - [16/Dec/2025:10:24:22 -0500] "POST /api/gql HTTP/1.1" 404 147 "-" "Mozilla/5.0 (l9scan/2.0.6323e22373e2939313e2839313; +https://leakix.net)"
172.235.183.127 - - [16/Dec/2025:10:24:23 -0500] "GET /swagger-ui.html HTTP/1.1" 404 147 "-" "Mozilla/5.0 (l9scan/2.0.6323e22373e2939313e2839313; +https://leakix.net)"
172.235.183.127 - - [16/Dec/2025:10:24:24 -0500] "GET /swagger/index.html HTTP/1.1" 404 147 "-" "Mozilla/5.0 (l9scan/2.0.6323e22373e2939313e2839313; +https://leakix.net)"
172.235.183.127 - - [16/Dec/2025:10:24:25 -0500] "GET /swagger/swagger-ui.html HTTP/1.1" 404 147 "-" "Mozilla/5.0 (l9scan/2.0.6323e22373e2939313e2839313; +https://leakix.net)"
172.235.183.127 - - [16/Dec/2025:10:24:26 -0500] "GET /webjars/swagger-ui/index.html HTTP/1.1" 404 147 "-" "Mozilla/5.0 (l9scan/2.0.6323e22373e2939313e2839313; +https://leakix.net)"
172.235.183.127 - - [16/Dec/2025:10:24:27 -0500] "GET /swagger.json HTTP/1.1" 404 147 "-" "Mozilla/5.0 (l9scan/2.0.6323e22373e2939313e2839313; +https://leakix.net)"
172.235.183.127 - - [16/Dec/2025:10:24:28 -0500] "GET /swagger/v1/swagger.json HTTP/1.1" 404 147 "-" "Mozilla/5.0 (l9scan/2.0.6323e22373e2939313e2839313; +https://leakix.net)"
172.235.183.127 - - [16/Dec/2025:10:24:29 -0500] "GET /v2/api-docs HTTP/1.1" 404 147 "-" "Mozilla/5.0 (l9scan/2.0.6323e22373e2939313e2839313; +https://leakix.net)"
172.235.183.127 - - [16/Dec/2025:10:24:30 -0500] "GET /v3/api-docs HTTP/1.1" 404 147 "-" "Mozilla/5.0 (l9scan/2.0.6323e22373e2939313e2839313; +https://leakix.net)"
172.235.183.127 - - [16/Dec/2025:10:24:31 -0500] "GET /api-docs/swagger.json HTTP/1.1" 404 147 "-" "Mozilla/5.0 (l9scan/2.0.6323e22373e2939313e2839313; +https://leakix.net)"
127.0.0.1 - - [16/Dec/2025:10:24:32 -0500] "GET /robots.txt HTTP/1.0" 404 549 "-" "Mozilla/5.0 (Macintosh; Intel Mac OS X 10_15_7) AppleWebKit/537.36 (KHTML, like Gecko) Chrome/131.0.0.0 Safari/537.36; compatible; OAI-SearchBot/1.3; robots.txt; +https://openai.com/searchbot"
172.235.183.127 - - [16/Dec/2025:10:24:32 -0500] "GET /api/swagger.json HTTP/1.1" 404 147 "-" "Mozilla/5.0 (l9scan/2.0.6323e22373e2939313e2839313; +https://leakix.net)"
172.235.183.127 - - [16/Dec/2025:10:24:33 -0500] "GET /@vite/env HTTP/1.1" 404 147 "-" "Mozilla/5.0 (l9scan/2.0.6323e22373e2939313e2839313; +https://leakix.net)"
172.235.183.127 - - [16/Dec/2025:10:24:34 -0500] "GET /actuator/env HTTP/1.1" 404 147 "-" "Mozilla/5.0 (l9scan/2.0.6323e22373e2939313e2839313; +https://leakix.net)"
172.235.183.127 - - [16/Dec/2025:10:24:35 -0500] "POST /php-cgi/php-cgi.exe?%ADd+cgi.force_redirect%3D0+%ADd+disable_functions%3D\x22\x22+%ADd+allow_url_include%3D1+%ADd+auto_prepend_file%3Dphp://input HTTP/1.1" 404 147 "-" "Mozilla/5.0 (l9scan/2.0.6323e22373e2939313e2839313; +https://leakix.net)"
172.235.183.127 - - [16/Dec/2025:10:24:36 -0500] "GET /server HTTP/1.1" 404 147 "-" "Mozilla/5.0 (l9scan/2.0.6323e22373e2939313e2839313; +https://leakix.net)"
172.235.183.127 - - [16/Dec/2025:10:24:37 -0500] "GET /.vscode/sftp.json HTTP/1.1" 404 147 "-" "Mozilla/5.0 (l9scan/2.0.6323e22373e2939313e2839313; +https://leakix.net)"
172.235.183.127 - - [16/Dec/2025:10:24:39 -0500] "GET /about HTTP/1.1" 404 147 "-" "Mozilla/5.0 (l9scan/2.0.6323e22373e2939313e2839313; +https://leakix.net)"
172.235.183.127 - - [16/Dec/2025:10:24:40 -0500] "GET /debug/default/view?panel=config HTTP/1.1" 404 147 "-" "Mozilla/5.0 (l9scan/2.0.6323e22373e2939313e2839313; +https://leakix.net)"
172.235.183.127 - - [16/Dec/2025:10:24:41 -0500] "GET /v2/_catalog HTTP/1.1" 404 147 "-" "Mozilla/5.0 (l9scan/2.0.6323e22373e2939313e2839313; +https://leakix.net)"
172.235.183.127 - - [16/Dec/2025:10:24:42 -0500] "GET /ecp/Current/exporttool/microsoft.exchange.ediscovery.exporttool.application HTTP/1.1" 404 147 "-" "Mozilla/5.0 (l9scan/2.0.6323e22373e2939313e2839313; +https://leakix.net)"
172.235.183.127 - - [16/Dec/2025:10:24:43 -0500] "GET /server-status HTTP/1.1" 404 147 "-" "Mozilla/5.0 (l9scan/2.0.6323e22373e2939313e2839313; +https://leakix.net)"
172.235.183.127 - - [16/Dec/2025:10:24:44 -0500] "GET /_all_dbs HTTP/1.1" 404 147 "-" "Mozilla/5.0 (l9scan/2.0.6323e22373e2939313e2839313; +https://leakix.net)"
172.235.183.127 - - [16/Dec/2025:10:24:45 -0500] "GET /.DS_Store HTTP/1.1" 404 147 "-" "Mozilla/5.0 (l9scan/2.0.6323e22373e2939313e2839313; +https://leakix.net)"
172.235.183.127 - - [16/Dec/2025:10:24:46 -0500] "GET /.env HTTP/1.1" 404 147 "-" "Mozilla/5.0 (l9scan/2.0.6323e22373e2939313e2839313; +https://leakix.net)"
172.235.183.127 - - [16/Dec/2025:10:24:48 -0500] "GET /.git/config HTTP/1.1" 404 147 "-" "Mozilla/5.0 (l9scan/2.0.6323e22373e2939313e2839313; +https://leakix.net)"
172.235.183.127 - - [16/Dec/2025:10:24:49 -0500] "GET /s/6323e22373e2939313e2839313/_/;/META-INF/maven/com.atlassian.jira/jira-webapp-dist/pom.properties HTTP/1.1" 404 147 "-" "Mozilla/5.0 (l9scan/2.0.6323e22373e2939313e2839313; +https://leakix.net)"
172.235.183.127 - - [16/Dec/2025:10:24:50 -0500] "GET /config.json HTTP/1.1" 404 147 "-" "Mozilla/5.0 (l9scan/2.0.6323e22373e2939313e2839313; +https://leakix.net)"
172.235.183.127 - - [16/Dec/2025:10:24:51 -0500] "GET /telescope/requests HTTP/1.1" 404 147 "-" "Mozilla/5.0 (l9scan/2.0.6323e22373e2939313e2839313; +https://leakix.net)"
172.235.183.127 - - [16/Dec/2025:10:24:52 -0500] "GET /info.php HTTP/1.1" 404 147 "-" "Mozilla/5.0 (l9scan/2.0.6323e22373e2939313e2839313; +https://leakix.net)"
127.0.0.1 - - [16/Dec/2025:10:24:54 -0500] "POST /v1/loginfail/ HTTP/1.1" 200 40 "-" "-"
172.235.183.127 - - [16/Dec/2025:10:24:54 -0500] "GET /?rest_route=/wp/v2/users/ HTTP/1.1" 200 24154 "-" "Mozilla/5.0 (l9scan/2.0.6323e22373e2939313e2839313; +https://leakix.net)"
127.0.0.1 - - [16/Dec/2025:10:25:01 -0500] "POST /?_task=mail&_action=refresh HTTP/1.0" 200 147 "https://webmail.promalca.com/?_task=mail&_mbox=Sent" "Mozilla/5.0 (Windows NT 10.0; Win64; x64) AppleWebKit/537.36 (KHTML, like Gecko) Chrome/143.0.0.0 Safari/537.36"
127.0.0.1 - - [16/Dec/2025:10:25:04 -0500] "GET /.env HTTP/1.0" 404 147 "-" "Mozilla/5.0 (X11; Linux x86_64; rv:83.0) Gecko/20100101 Firefox/83.0"
127.0.0.1 - - [16/Dec/2025:10:25:05 -0500] "POST / HTTP/1.0" 200 4963 "-" "Mozilla/5.0 (X11; Linux x86_64; rv:83.0) Gecko/20100101 Firefox/83.0"
127.0.0.1 - - [16/Dec/2025:10:26:02 -0500] "POST /?_task=mail&_action=refresh HTTP/1.0" 200 147 "https://webmail.promalca.com/?_task=mail&_mbox=Sent" "Mozilla/5.0 (Windows NT 10.0; Win64; x64) AppleWebKit/537.36 (KHTML, like Gecko) Chrome/143.0.0.0 Safari/537.36"
20.65.194.40 - - [16/Dec/2025:10:26:23 -0500] "GET / HTTP/1.1" 301 163 "-" "Mozilla/5.0 zgrab/0.x"
127.0.0.1 - - [16/Dec/2025:10:26:29 -0500] "POST /v1/loginfail/ HTTP/1.1" 200 40 "-" "-"
20.65.194.40 - - [16/Dec/2025:10:26:29 -0500] "GET / HTTP/1.1" 200 24154 "http://198.199.72.26:2082/" "Mozilla/5.0 zgrab/0.x"
20.65.194.40 - - [16/Dec/2025:10:26:29 -0500] "MGLNDD_198.199.72.26_2082" 400 151 "-" "-"
127.0.0.1 - - [16/Dec/2025:10:27:03 -0500] "POST /?_task=mail&_action=refresh HTTP/1.0" 200 147 "https://webmail.promalca.com/?_task=mail&_mbox=Sent" "Mozilla/5.0 (Windows NT 10.0; Win64; x64) AppleWebKit/537.36 (KHTML, like Gecko) Chrome/143.0.0.0 Safari/537.36"
127.0.0.1 - - [16/Dec/2025:10:27:17 -0500] "GET /robots.txt HTTP/1.0" 404 549 "-" "Mozilla/5.0 (Macintosh; Intel Mac OS X 10_15_7) AppleWebKit/537.36 (KHTML, like Gecko) Chrome/131.0.0.0 Safari/537.36; compatible; OAI-SearchBot/1.3; robots.txt; +https://openai.com/searchbot"
127.0.0.1 - - [16/Dec/2025:10:28:04 -0500] "POST /?_task=mail&_action=refresh HTTP/1.0" 200 147 "https://webmail.promalca.com/?_task=mail&_mbox=Sent" "Mozilla/5.0 (Windows NT 10.0; Win64; x64) AppleWebKit/537.36 (KHTML, like Gecko) Chrome/143.0.0.0 Safari/537.36"
127.0.0.1 - - [16/Dec/2025:10:28:39 -0500] "POST /?_task=mail&_action=refresh HTTP/1.0" 200 147 "https://webmail.promalca.com/?_task=mail&_mbox=Sent" "Mozilla/5.0 (Windows NT 10.0; Win64; x64) AppleWebKit/537.36 (KHTML, like Gecko) Chrome/143.0.0.0 Safari/537.36"
127.0.0.1 - - [16/Dec/2025:10:28:39 -0500] "GET /?_task=mail&_mbox=Sent&_action=compose HTTP/1.0" 302 0 "https://webmail.promalca.com/?_task=mail&_mbox=Sent" "Mozilla/5.0 (Windows NT 10.0; Win64; x64) AppleWebKit/537.36 (KHTML, like Gecko) Chrome/143.0.0.0 Safari/537.36"
127.0.0.1 - - [16/Dec/2025:10:28:39 -0500] "GET /?_task=mail&_action=compose&_id=141696845569417aa769ae5 HTTP/1.0" 200 38517 "https://webmail.promalca.com/?_task=mail&_mbox=Sent" "Mozilla/5.0 (Windows NT 10.0; Win64; x64) AppleWebKit/537.36 (KHTML, like Gecko) Chrome/143.0.0.0 Safari/537.36"
127.0.0.1 - - [16/Dec/2025:10:28:42 -0500] "GET /?_task=mail&_refresh=1&_mbox=Sent&_page= HTTP/1.0" 200 42934 "https://webmail.promalca.com/?_task=mail&_action=compose&_id=141696845569417aa769ae5" "Mozilla/5.0 (Windows NT 10.0; Win64; x64) AppleWebKit/537.36 (KHTML, like Gecko) Chrome/143.0.0.0 Safari/537.36"
127.0.0.1 - - [16/Dec/2025:10:28:42 -0500] "GET /?_task=mail&_action=list&_refresh=1&_layout=widescreen&_mbox=Sent&_remote=1&_unlock=loading1765898923863&_=1765898923807 HTTP/1.0" 200 81765 "https://webmail.promalca.com/?_task=mail&_refresh=1&_mbox=Sent&_page=" "Mozilla/5.0 (Windows NT 10.0; Win64; x64) AppleWebKit/537.36 (KHTML, like Gecko) Chrome/143.0.0.0 Safari/537.36"
127.0.0.1 - - [16/Dec/2025:10:28:42 -0500] "GET /?_task=mail&_action=getunread&_page=1&_remote=1&_unlock=0&_=1765898923808 HTTP/1.0" 200 232 "https://webmail.promalca.com/?_task=mail&_mbox=Sent" "Mozilla/5.0 (Windows NT 10.0; Win64; x64) AppleWebKit/537.36 (KHTML, like Gecko) Chrome/143.0.0.0 Safari/537.36"
127.0.0.1 - - [16/Dec/2025:10:28:44 -0500] "GET /?_task=mail&_action=list&_refresh=1&_layout=widescreen&_mbox=INBOX&_page=1&_remote=1&_unlock=loading1765898925996&_=1765898923809 HTTP/1.0" 200 70764 "https://webmail.promalca.com/?_task=mail&_mbox=Sent" "Mozilla/5.0 (Windows NT 10.0; Win64; x64) AppleWebKit/537.36 (KHTML, like Gecko) Chrome/143.0.0.0 Safari/537.36"
127.0.0.1 - - [16/Dec/2025:10:28:46 -0500] "GET /?_task=mail&_caps=pdf%3D1%2Cflash%3D0%2Ctiff%3D0%2Cwebp%3D1&_uid=6694&_mbox=INBOX&_framed=1&_action=preview HTTP/1.0" 200 22196 "https://webmail.promalca.com/?_task=mail&_mbox=INBOX" "Mozilla/5.0 (Windows NT 10.0; Win64; x64) AppleWebKit/537.36 (KHTML, like Gecko) Chrome/143.0.0.0 Safari/537.36"
127.0.0.1 - - [16/Dec/2025:10:28:46 -0500] "GET /?_task=addressbook&_action=photo&_email=falconerio.martinez%40realplaza.com.pe&_error=1 HTTP/1.0" 404 0 "https://webmail.promalca.com/?_task=mail&_caps=pdf%3D1%2Cflash%3D0%2Ctiff%3D0%2Cwebp%3D1&_uid=6694&_mbox=INBOX&_framed=1&_action=preview" "Mozilla/5.0 (Windows NT 10.0; Win64; x64) AppleWebKit/537.36 (KHTML, like Gecko) Chrome/143.0.0.0 Safari/537.36"
127.0.0.1 - - [16/Dec/2025:10:28:46 -0500] "GET /?_task=mail&_action=get&_mbox=INBOX&_uid=6694&_token=mEh7UfZhrfiX4bIkrEVZCeR0rIWJdmYj&_part=1.2&_embed=1&_mimeclass=image HTTP/1.0" 200 21144 "https://webmail.promalca.com/?_task=mail&_caps=pdf%3D1%2Cflash%3D0%2Ctiff%3D0%2Cwebp%3D1&_uid=6694&_mbox=INBOX&_framed=1&_action=preview" "Mozilla/5.0 (Windows NT 10.0; Win64; x64) AppleWebKit/537.36 (KHTML, like Gecko) Chrome/143.0.0.0 Safari/537.36"
127.0.0.1 - - [16/Dec/2025:10:28:46 -0500] "GET /?_task=mail&_action=get&_mbox=INBOX&_uid=6694&_token=mEh7UfZhrfiX4bIkrEVZCeR0rIWJdmYj&_part=1.3&_embed=1&_mimeclass=image HTTP/1.0" 200 5760 "https://webmail.promalca.com/?_task=mail&_caps=pdf%3D1%2Cflash%3D0%2Ctiff%3D0%2Cwebp%3D1&_uid=6694&_mbox=INBOX&_framed=1&_action=preview" "Mozilla/5.0 (Windows NT 10.0; Win64; x64) AppleWebKit/537.36 (KHTML, like Gecko) Chrome/143.0.0.0 Safari/537.36"
127.0.0.1 - - [16/Dec/2025:10:29:16 -0500] "GET /program/js/app.js HTTP/1.0" 200 319007 "-" "Mozilla/5.0 (X11; Ubuntu; Linux x86_64; rv:134.0) Gecko/20100101 Firefox/134.0"
127.0.0.1 - - [16/Dec/2025:10:29:31 -0500] "GET /installer/index.php HTTP/1.0" 404 147 "-" "Mozilla/5.0 (X11; Ubuntu; Linux x86_64; rv:134.0) Gecko/20100101 Firefox/134.0"
127.0.0.1 - - [16/Dec/2025:10:29:43 -0500] "POST /?_task=mail&_action=refresh HTTP/1.0" 200 182 "https://webmail.promalca.com/?_task=mail&_mbox=INBOX" "Mozilla/5.0 (Windows NT 10.0; Win64; x64) AppleWebKit/537.36 (KHTML, like Gecko) Chrome/143.0.0.0 Safari/537.36"
127.0.0.1 - - [16/Dec/2025:10:30:43 -0500] "POST /?_task=mail&_action=refresh HTTP/1.0" 200 147 "https://webmail.promalca.com/?_task=mail&_mbox=INBOX" "Mozilla/5.0 (Windows NT 10.0; Win64; x64) AppleWebKit/537.36 (KHTML, like Gecko) Chrome/143.0.0.0 Safari/537.36"
127.0.0.1 - - [16/Dec/2025:10:31:43 -0500] "POST /?_task=mail&_action=refresh HTTP/1.0" 200 147 "https://webmail.promalca.com/?_task=mail&_mbox=INBOX" "Mozilla/5.0 (Windows NT 10.0; Win64; x64) AppleWebKit/537.36 (KHTML, like Gecko) Chrome/143.0.0.0 Safari/537.36"
127.0.0.1 - - [16/Dec/2025:10:32:43 -0500] "POST /?_task=mail&_action=refresh HTTP/1.0" 200 147 "https://webmail.promalca.com/?_task=mail&_mbox=INBOX" "Mozilla/5.0 (Windows NT 10.0; Win64; x64) AppleWebKit/537.36 (KHTML, like Gecko) Chrome/143.0.0.0 Safari/537.36"
127.0.0.1 - - [16/Dec/2025:10:33:43 -0500] "POST /?_task=mail&_action=refresh HTTP/1.0" 200 147 "https://webmail.promalca.com/?_task=mail&_mbox=INBOX" "Mozilla/5.0 (Windows NT 10.0; Win64; x64) AppleWebKit/537.36 (KHTML, like Gecko) Chrome/143.0.0.0 Safari/537.36"
127.0.0.1 - - [16/Dec/2025:10:34:43 -0500] "POST /?_task=mail&_action=refresh HTTP/1.0" 200 147 "https://webmail.promalca.com/?_task=mail&_mbox=INBOX" "Mozilla/5.0 (Windows NT 10.0; Win64; x64) AppleWebKit/537.36 (KHTML, like Gecko) Chrome/143.0.0.0 Safari/537.36"
127.0.0.1 - - [16/Dec/2025:10:35:44 -0500] "POST /?_task=mail&_action=refresh HTTP/1.0" 200 147 "https://webmail.promalca.com/?_task=mail&_mbox=INBOX" "Mozilla/5.0 (Windows NT 10.0; Win64; x64) AppleWebKit/537.36 (KHTML, like Gecko) Chrome/143.0.0.0 Safari/537.36"
127.0.0.1 - - [16/Dec/2025:10:36:45 -0500] "POST /?_task=mail&_action=refresh HTTP/1.0" 200 147 "https://webmail.promalca.com/?_task=mail&_mbox=INBOX" "Mozilla/5.0 (Windows NT 10.0; Win64; x64) AppleWebKit/537.36 (KHTML, like Gecko) Chrome/143.0.0.0 Safari/537.36"
127.0.0.1 - - [16/Dec/2025:10:37:46 -0500] "POST /?_task=mail&_action=refresh HTTP/1.0" 200 147 "https://webmail.promalca.com/?_task=mail&_mbox=INBOX" "Mozilla/5.0 (Windows NT 10.0; Win64; x64) AppleWebKit/537.36 (KHTML, like Gecko) Chrome/143.0.0.0 Safari/537.36"
127.0.0.1 - - [16/Dec/2025:10:38:10 -0500] "GET /.env HTTP/1.0" 404 147 "-" "Mozilla/5.0 (X11; Linux x86_64; rv:83.0) Gecko/20100101 Firefox/83.0"
127.0.0.1 - - [16/Dec/2025:10:38:11 -0500] "POST / HTTP/1.0" 200 4963 "-" "Mozilla/5.0 (X11; Linux x86_64; rv:83.0) Gecko/20100101 Firefox/83.0"
127.0.0.1 - - [16/Dec/2025:10:38:47 -0500] "POST /?_task=mail&_action=refresh HTTP/1.0" 200 147 "https://webmail.promalca.com/?_task=mail&_mbox=INBOX" "Mozilla/5.0 (Windows NT 10.0; Win64; x64) AppleWebKit/537.36 (KHTML, like Gecko) Chrome/143.0.0.0 Safari/537.36"
127.0.0.1 - - [16/Dec/2025:10:38:48 -0500] "GET /program/js/app.js HTTP/1.0" 200 319007 "-" "Mozilla/5.0 (X11; Ubuntu; Linux x86_64; rv:134.0) Gecko/20100101 Firefox/134.0"
127.0.0.1 - - [16/Dec/2025:10:39:07 -0500] "GET /installer/index.php HTTP/1.0" 404 147 "-" "Mozilla/5.0 (X11; Ubuntu; Linux x86_64; rv:134.0) Gecko/20100101 Firefox/134.0"
127.0.0.1 - - [16/Dec/2025:10:39:48 -0500] "POST /?_task=mail&_action=refresh HTTP/1.0" 200 147 "https://webmail.promalca.com/?_task=mail&_mbox=INBOX" "Mozilla/5.0 (Windows NT 10.0; Win64; x64) AppleWebKit/537.36 (KHTML, like Gecko) Chrome/143.0.0.0 Safari/537.36"
127.0.0.1 - - [16/Dec/2025:10:40:49 -0500] "POST /?_task=mail&_action=refresh HTTP/1.0" 200 147 "https://webmail.promalca.com/?_task=mail&_mbox=INBOX" "Mozilla/5.0 (Windows NT 10.0; Win64; x64) AppleWebKit/537.36 (KHTML, like Gecko) Chrome/143.0.0.0 Safari/537.36"
127.0.0.1 - - [16/Dec/2025:10:41:50 -0500] "POST /?_task=mail&_action=refresh HTTP/1.0" 200 147 "https://webmail.promalca.com/?_task=mail&_mbox=INBOX" "Mozilla/5.0 (Windows NT 10.0; Win64; x64) AppleWebKit/537.36 (KHTML, like Gecko) Chrome/143.0.0.0 Safari/537.36"
127.0.0.1 - - [16/Dec/2025:10:42:51 -0500] "POST /?_task=mail&_action=refresh HTTP/1.0" 200 147 "https://webmail.promalca.com/?_task=mail&_mbox=INBOX" "Mozilla/5.0 (Windows NT 10.0; Win64; x64) AppleWebKit/537.36 (KHTML, like Gecko) Chrome/143.0.0.0 Safari/537.36"
127.0.0.1 - - [16/Dec/2025:10:43:52 -0500] "POST /?_task=mail&_action=refresh HTTP/1.0" 200 147 "https://webmail.promalca.com/?_task=mail&_mbox=INBOX" "Mozilla/5.0 (Windows NT 10.0; Win64; x64) AppleWebKit/537.36 (KHTML, like Gecko) Chrome/143.0.0.0 Safari/537.36"
127.0.0.1 - - [16/Dec/2025:10:44:53 -0500] "POST /?_task=mail&_action=refresh HTTP/1.0" 200 147 "https://webmail.promalca.com/?_task=mail&_mbox=INBOX" "Mozilla/5.0 (Windows NT 10.0; Win64; x64) AppleWebKit/537.36 (KHTML, like Gecko) Chrome/143.0.0.0 Safari/537.36"
127.0.0.1 - - [16/Dec/2025:10:45:54 -0500] "POST /?_task=mail&_action=refresh HTTP/1.0" 200 147 "https://webmail.promalca.com/?_task=mail&_mbox=INBOX" "Mozilla/5.0 (Windows NT 10.0; Win64; x64) AppleWebKit/537.36 (KHTML, like Gecko) Chrome/143.0.0.0 Safari/537.36"
127.0.0.1 - - [16/Dec/2025:10:46:55 -0500] "POST /?_task=mail&_action=refresh HTTP/1.0" 200 147 "https://webmail.promalca.com/?_task=mail&_mbox=INBOX" "Mozilla/5.0 (Windows NT 10.0; Win64; x64) AppleWebKit/537.36 (KHTML, like Gecko) Chrome/143.0.0.0 Safari/537.36"
127.0.0.1 - - [16/Dec/2025:10:47:56 -0500] "POST /?_task=mail&_action=refresh HTTP/1.0" 200 147 "https://webmail.promalca.com/?_task=mail&_mbox=INBOX" "Mozilla/5.0 (Windows NT 10.0; Win64; x64) AppleWebKit/537.36 (KHTML, like Gecko) Chrome/143.0.0.0 Safari/537.36"
127.0.0.1 - - [16/Dec/2025:10:48:57 -0500] "POST /?_task=mail&_action=refresh HTTP/1.0" 200 147 "https://webmail.promalca.com/?_task=mail&_mbox=INBOX" "Mozilla/5.0 (Windows NT 10.0; Win64; x64) AppleWebKit/537.36 (KHTML, like Gecko) Chrome/143.0.0.0 Safari/537.36"
127.0.0.1 - - [16/Dec/2025:10:49:58 -0500] "POST /?_task=mail&_action=refresh HTTP/1.0" 200 147 "https://webmail.promalca.com/?_task=mail&_mbox=INBOX" "Mozilla/5.0 (Windows NT 10.0; Win64; x64) AppleWebKit/537.36 (KHTML, like Gecko) Chrome/143.0.0.0 Safari/537.36"
127.0.0.1 - - [16/Dec/2025:10:50:59 -0500] "POST /?_task=mail&_action=refresh HTTP/1.0" 200 147 "https://webmail.promalca.com/?_task=mail&_mbox=INBOX" "Mozilla/5.0 (Windows NT 10.0; Win64; x64) AppleWebKit/537.36 (KHTML, like Gecko) Chrome/143.0.0.0 Safari/537.36"
127.0.0.1 - - [16/Dec/2025:10:52:00 -0500] "POST /?_task=mail&_action=refresh HTTP/1.0" 200 147 "https://webmail.promalca.com/?_task=mail&_mbox=INBOX" "Mozilla/5.0 (Windows NT 10.0; Win64; x64) AppleWebKit/537.36 (KHTML, like Gecko) Chrome/143.0.0.0 Safari/537.36"
127.0.0.1 - - [16/Dec/2025:10:53:01 -0500] "POST /?_task=mail&_action=refresh HTTP/1.0" 200 147 "https://webmail.promalca.com/?_task=mail&_mbox=INBOX" "Mozilla/5.0 (Windows NT 10.0; Win64; x64) AppleWebKit/537.36 (KHTML, like Gecko) Chrome/143.0.0.0 Safari/537.36"
154.160.23.70 - - [16/Dec/2025:10:53:51 -0500] "GET /pma/ HTTP/1.1" 301 163 "-" "Mozilla/5.0 (X11; Linux x86_64) AppleWebKit/537.36 (KHTML, like Gecko; Google Web Preview) Chrome/131.0.6768.264 Safari/537.36"
127.0.0.1 - - [16/Dec/2025:10:54:02 -0500] "POST /?_task=mail&_action=refresh HTTP/1.0" 200 147 "https://webmail.promalca.com/?_task=mail&_mbox=INBOX" "Mozilla/5.0 (Windows NT 10.0; Win64; x64) AppleWebKit/537.36 (KHTML, like Gecko) Chrome/143.0.0.0 Safari/537.36"
66.249.66.3 - - [16/Dec/2025:10:54:04 -0500] "GET /robots.txt HTTP/1.1" 404 147 "-" "Mozilla/5.0 (compatible; Googlebot/2.1; +http://www.google.com/bot.html)"
127.0.0.1 - - [16/Dec/2025:10:54:19 -0500] "GET /?_task=mail&_action=list&_refresh=1&_layout=widescreen&_mbox=Sent&_page=1&_remote=1&_unlock=loading1765900460510&_=1765898923810 HTTP/1.0" 200 82945 "https://webmail.promalca.com/?_task=mail&_mbox=INBOX" "Mozilla/5.0 (Windows NT 10.0; Win64; x64) AppleWebKit/537.36 (KHTML, like Gecko) Chrome/143.0.0.0 Safari/537.36"
127.0.0.1 - - [16/Dec/2025:10:54:22 -0500] "GET /?_task=mail&_caps=pdf%3D1%2Cflash%3D0%2Ctiff%3D0%2Cwebp%3D1&_uid=1449&_mbox=Sent&_framed=1&_action=preview HTTP/1.0" 200 17566 "https://webmail.promalca.com/?_task=mail&_mbox=Sent" "Mozilla/5.0 (Windows NT 10.0; Win64; x64) AppleWebKit/537.36 (KHTML, like Gecko) Chrome/143.0.0.0 Safari/537.36"
127.0.0.1 - - [16/Dec/2025:10:54:22 -0500] "GET /?_task=addressbook&_action=photo&_email=proyectos%40promalca.com&_error=1 HTTP/1.0" 404 0 "https://webmail.promalca.com/?_task=mail&_caps=pdf%3D1%2Cflash%3D0%2Ctiff%3D0%2Cwebp%3D1&_uid=1449&_mbox=Sent&_framed=1&_action=preview" "Mozilla/5.0 (Windows NT 10.0; Win64; x64) AppleWebKit/537.36 (KHTML, like Gecko) Chrome/143.0.0.0 Safari/537.36"
127.0.0.1 - - [16/Dec/2025:10:54:25 -0500] "GET /?_task=mail&_frame=1&_mbox=Sent&_uid=1449&_part=4&_action=get&_extwin=1 HTTP/1.0" 200 9251 "https://webmail.promalca.com/?_task=mail&_caps=pdf%3D1%2Cflash%3D0%2Ctiff%3D0%2Cwebp%3D1&_uid=1449&_mbox=Sent&_framed=1&_action=preview" "Mozilla/5.0 (Windows NT 10.0; Win64; x64) AppleWebKit/537.36 (KHTML, like Gecko) Chrome/143.0.0.0 Safari/537.36"
127.0.0.1 - - [16/Dec/2025:10:54:25 -0500] "GET /?_task=mail&_mbox=Sent&_uid=1449&_part=4&_action=get&_extwin=1&_preload=1&_framed=1 HTTP/1.0" 200 306 "https://webmail.promalca.com/?_task=mail&_frame=1&_mbox=Sent&_uid=1449&_part=4&_action=get&_extwin=1" "Mozilla/5.0 (Windows NT 10.0; Win64; x64) AppleWebKit/537.36 (KHTML, like Gecko) Chrome/143.0.0.0 Safari/537.36"
127.0.0.1 - - [16/Dec/2025:10:54:25 -0500] "GET /?_task=mail&_mbox=Sent&_uid=1449&_part=4&_action=get&_extwin=1&_framed=1&_mimewarning=1&_embed=1 HTTP/1.0" 200 36455 "https://webmail.promalca.com/?_task=mail&_mbox=Sent&_uid=1449&_part=4&_action=get&_extwin=1&_preload=1&_framed=1" "Mozilla/5.0 (Windows NT 10.0; Win64; x64) AppleWebKit/537.36 (KHTML, like Gecko) Chrome/143.0.0.0 Safari/537.36"
127.0.0.1 - - [16/Dec/2025:10:54:42 -0500] "POST /?_task=mail&_action=refresh HTTP/1.0" 200 147 "https://webmail.promalca.com/?_task=mail&_mbox=Sent" "Mozilla/5.0 (Windows NT 10.0; Win64; x64) AppleWebKit/537.36 (KHTML, like Gecko) Chrome/143.0.0.0 Safari/537.36"
127.0.0.1 - - [16/Dec/2025:10:55:04 -0500] "GET /program/js/app.js HTTP/1.0" 200 319007 "-" "Mozilla/5.0 (X11; Ubuntu; Linux x86_64; rv:134.0) Gecko/20100101 Firefox/134.0"
127.0.0.1 - - [16/Dec/2025:10:55:20 -0500] "GET /installer/index.php HTTP/1.0" 404 147 "-" "Mozilla/5.0 (X11; Ubuntu; Linux x86_64; rv:134.0) Gecko/20100101 Firefox/134.0"
127.0.0.1 - - [16/Dec/2025:10:55:44 -0500] "GET /program/js/app.js HTTP/1.0" 200 319007 "-" "Mozilla/5.0 (X11; Ubuntu; Linux x86_64; rv:134.0) Gecko/20100101 Firefox/134.0"
127.0.0.1 - - [16/Dec/2025:10:55:53 -0500] "GET /installer/index.php HTTP/1.0" 404 147 "-" "Mozilla/5.0 (X11; Ubuntu; Linux x86_64; rv:134.0) Gecko/20100101 Firefox/134.0"
127.0.0.1 - - [16/Dec/2025:10:56:02 -0500] "POST /?_task=mail&_action=refresh HTTP/1.0" 200 147 "https://webmail.promalca.com/?_task=mail&_mbox=Sent" "Mozilla/5.0 (Windows NT 10.0; Win64; x64) AppleWebKit/537.36 (KHTML, like Gecko) Chrome/143.0.0.0 Safari/537.36"
127.0.0.1 - - [16/Dec/2025:10:57:03 -0500] "POST /?_task=mail&_action=refresh HTTP/1.0" 200 147 "https://webmail.promalca.com/?_task=mail&_mbox=Sent" "Mozilla/5.0 (Windows NT 10.0; Win64; x64) AppleWebKit/537.36 (KHTML, like Gecko) Chrome/143.0.0.0 Safari/537.36"
127.0.0.1 - - [16/Dec/2025:10:58:04 -0500] "POST /?_task=mail&_action=refresh HTTP/1.0" 200 153 "https://webmail.promalca.com/?_task=mail&_mbox=Sent" "Mozilla/5.0 (Windows NT 10.0; Win64; x64) AppleWebKit/537.36 (KHTML, like Gecko) Chrome/143.0.0.0 Safari/537.36"
127.0.0.1 - - [16/Dec/2025:10:59:05 -0500] "POST /?_task=mail&_action=refresh HTTP/1.0" 200 147 "https://webmail.promalca.com/?_task=mail&_mbox=Sent" "Mozilla/5.0 (Windows NT 10.0; Win64; x64) AppleWebKit/537.36 (KHTML, like Gecko) Chrome/143.0.0.0 Safari/537.36"
127.0.0.1 - - [16/Dec/2025:10:59:42 -0500] "POST /?_task=mail&_action=refresh HTTP/1.0" 200 147 "https://webmail.promalca.com/?_task=mail&_mbox=Sent" "Mozilla/5.0 (Windows NT 10.0; Win64; x64) AppleWebKit/537.36 (KHTML, like Gecko) Chrome/143.0.0.0 Safari/537.36"
127.0.0.1 - - [16/Dec/2025:10:59:42 -0500] "GET /?_task=mail&_frame=1&_mbox=Sent&_uid=1449&_part=4&_action=get&_extwin=1 HTTP/1.0" 200 9251 "https://webmail.promalca.com/?_task=mail&_caps=pdf%3D1%2Cflash%3D0%2Ctiff%3D0%2Cwebp%3D1&_uid=1449&_mbox=Sent&_framed=1&_action=preview" "Mozilla/5.0 (Windows NT 10.0; Win64; x64) AppleWebKit/537.36 (KHTML, like Gecko) Chrome/143.0.0.0 Safari/537.36"
127.0.0.1 - - [16/Dec/2025:10:59:42 -0500] "GET /?_task=mail&_mbox=Sent&_uid=1449&_part=4&_action=get&_extwin=1&_preload=1&_framed=1 HTTP/1.0" 200 306 "https://webmail.promalca.com/?_task=mail&_frame=1&_mbox=Sent&_uid=1449&_part=4&_action=get&_extwin=1" "Mozilla/5.0 (Windows NT 10.0; Win64; x64) AppleWebKit/537.36 (KHTML, like Gecko) Chrome/143.0.0.0 Safari/537.36"
127.0.0.1 - - [16/Dec/2025:10:59:43 -0500] "GET /?_task=mail&_mbox=Sent&_uid=1449&_part=4&_action=get&_extwin=1&_framed=1&_mimewarning=1&_embed=1 HTTP/1.0" 200 36455 "https://webmail.promalca.com/?_task=mail&_mbox=Sent&_uid=1449&_part=4&_action=get&_extwin=1&_preload=1&_framed=1" "Mozilla/5.0 (Windows NT 10.0; Win64; x64) AppleWebKit/537.36 (KHTML, like Gecko) Chrome/143.0.0.0 Safari/537.36"
127.0.0.1 - - [16/Dec/2025:11:00:04 -0500] "POST /v1/loginfail/ HTTP/1.1" 200 40 "-" "-"
44.229.34.165 - - [16/Dec/2025:11:00:04 -0500] "GET / HTTP/1.1" 200 24166 "-" "Mozilla/5.0 (compatible; wpbot/1.3; +https://forms.gle/ajBaxygz9jSR8p8G9)"
127.0.0.1 - - [16/Dec/2025:11:00:42 -0500] "POST /?_task=mail&_action=refresh HTTP/1.0" 200 147 "https://webmail.promalca.com/?_task=mail&_mbox=Sent" "Mozilla/5.0 (Windows NT 10.0; Win64; x64) AppleWebKit/537.36 (KHTML, like Gecko) Chrome/143.0.0.0 Safari/537.36"
127.0.0.1 - - [16/Dec/2025:11:02:06 -0500] "POST /?_task=mail&_action=refresh HTTP/1.0" 200 147 "https://webmail.promalca.com/?_task=mail&_mbox=Sent" "Mozilla/5.0 (Windows NT 10.0; Win64; x64) AppleWebKit/537.36 (KHTML, like Gecko) Chrome/143.0.0.0 Safari/537.36"
127.0.0.1 - - [16/Dec/2025:11:03:07 -0500] "POST /?_task=mail&_action=refresh HTTP/1.0" 200 147 "https://webmail.promalca.com/?_task=mail&_mbox=Sent" "Mozilla/5.0 (Windows NT 10.0; Win64; x64) AppleWebKit/537.36 (KHTML, like Gecko) Chrome/143.0.0.0 Safari/537.36"
127.0.0.1 - - [16/Dec/2025:11:04:08 -0500] "POST /?_task=mail&_action=refresh HTTP/1.0" 200 147 "https://webmail.promalca.com/?_task=mail&_mbox=Sent" "Mozilla/5.0 (Windows NT 10.0; Win64; x64) AppleWebKit/537.36 (KHTML, like Gecko) Chrome/143.0.0.0 Safari/537.36"
127.0.0.1 - - [16/Dec/2025:11:05:09 -0500] "POST /?_task=mail&_action=refresh HTTP/1.0" 200 147 "https://webmail.promalca.com/?_task=mail&_mbox=Sent" "Mozilla/5.0 (Windows NT 10.0; Win64; x64) AppleWebKit/537.36 (KHTML, like Gecko) Chrome/143.0.0.0 Safari/537.36"
127.0.0.1 - - [16/Dec/2025:11:06:10 -0500] "POST /?_task=mail&_action=refresh HTTP/1.0" 200 147 "https://webmail.promalca.com/?_task=mail&_mbox=Sent" "Mozilla/5.0 (Windows NT 10.0; Win64; x64) AppleWebKit/537.36 (KHTML, like Gecko) Chrome/143.0.0.0 Safari/537.36"
127.0.0.1 - - [16/Dec/2025:11:06:33 -0500] "GET /program/js/app.js HTTP/1.0" 200 319007 "-" "Mozilla/5.0 (X11; Ubuntu; Linux x86_64; rv:134.0) Gecko/20100101 Firefox/134.0"
127.0.0.1 - - [16/Dec/2025:11:06:37 -0500] "GET /installer/index.php HTTP/1.0" 404 147 "-" "Mozilla/5.0 (X11; Ubuntu; Linux x86_64; rv:134.0) Gecko/20100101 Firefox/134.0"
127.0.0.1 - - [16/Dec/2025:11:07:11 -0500] "POST /?_task=mail&_action=refresh HTTP/1.0" 200 147 "https://webmail.promalca.com/?_task=mail&_mbox=Sent" "Mozilla/5.0 (Windows NT 10.0; Win64; x64) AppleWebKit/537.36 (KHTML, like Gecko) Chrome/143.0.0.0 Safari/537.36"
127.0.0.1 - - [16/Dec/2025:11:08:11 -0500] "POST /?_task=mail&_action=refresh HTTP/1.0" 200 147 "https://webmail.promalca.com/?_task=mail&_mbox=Sent" "Mozilla/5.0 (Windows NT 10.0; Win64; x64) AppleWebKit/537.36 (KHTML, like Gecko) Chrome/143.0.0.0 Safari/537.36"
127.0.0.1 - - [16/Dec/2025:11:09:13 -0500] "POST /?_task=mail&_action=refresh HTTP/1.0" 200 147 "https://webmail.promalca.com/?_task=mail&_mbox=Sent" "Mozilla/5.0 (Windows NT 10.0; Win64; x64) AppleWebKit/537.36 (KHTML, like Gecko) Chrome/143.0.0.0 Safari/537.36"
127.0.0.1 - - [16/Dec/2025:11:10:14 -0500] "POST /?_task=mail&_action=refresh HTTP/1.0" 200 147 "https://webmail.promalca.com/?_task=mail&_mbox=Sent" "Mozilla/5.0 (Windows NT 10.0; Win64; x64) AppleWebKit/537.36 (KHTML, like Gecko) Chrome/143.0.0.0 Safari/537.36"
127.0.0.1 - - [16/Dec/2025:11:11:15 -0500] "POST /?_task=mail&_action=refresh HTTP/1.0" 200 147 "https://webmail.promalca.com/?_task=mail&_mbox=Sent" "Mozilla/5.0 (Windows NT 10.0; Win64; x64) AppleWebKit/537.36 (KHTML, like Gecko) Chrome/143.0.0.0 Safari/537.36"
127.0.0.1 - - [16/Dec/2025:11:12:16 -0500] "POST /?_task=mail&_action=refresh HTTP/1.0" 200 147 "https://webmail.promalca.com/?_task=mail&_mbox=Sent" "Mozilla/5.0 (Windows NT 10.0; Win64; x64) AppleWebKit/537.36 (KHTML, like Gecko) Chrome/143.0.0.0 Safari/537.36"
127.0.0.1 - - [16/Dec/2025:11:12:39 -0500] "POST /v1/loginfail/ HTTP/1.1" 200 40 "-" "-"
127.0.0.1 - - [16/Dec/2025:11:12:39 -0500] "GET / HTTP/1.0" 200 24145 "-" "Hello from Palo Alto Networks, find out more about our scans in https://docs-cortex.paloaltonetworks.com/r/1/Cortex-Xpanse/Scanning-activity"
127.0.0.1 - - [16/Dec/2025:11:13:17 -0500] "POST /?_task=mail&_action=refresh HTTP/1.0" 200 147 "https://webmail.promalca.com/?_task=mail&_mbox=Sent" "Mozilla/5.0 (Windows NT 10.0; Win64; x64) AppleWebKit/537.36 (KHTML, like Gecko) Chrome/143.0.0.0 Safari/537.36"
127.0.0.1 - - [16/Dec/2025:11:14:18 -0500] "POST /?_task=mail&_action=refresh HTTP/1.0" 200 147 "https://webmail.promalca.com/?_task=mail&_mbox=Sent" "Mozilla/5.0 (Windows NT 10.0; Win64; x64) AppleWebKit/537.36 (KHTML, like Gecko) Chrome/143.0.0.0 Safari/537.36"
127.0.0.1 - - [16/Dec/2025:11:15:18 -0500] "POST /?_task=mail&_action=refresh HTTP/1.0" 200 147 "https://webmail.promalca.com/?_task=mail&_mbox=Sent" "Mozilla/5.0 (Windows NT 10.0; Win64; x64) AppleWebKit/537.36 (KHTML, like Gecko) Chrome/143.0.0.0 Safari/537.36"
127.0.0.1 - - [16/Dec/2025:11:16:20 -0500] "POST /?_task=mail&_action=refresh HTTP/1.0" 200 147 "https://webmail.promalca.com/?_task=mail&_mbox=Sent" "Mozilla/5.0 (Windows NT 10.0; Win64; x64) AppleWebKit/537.36 (KHTML, like Gecko) Chrome/143.0.0.0 Safari/537.36"
127.0.0.1 - - [16/Dec/2025:11:17:21 -0500] "POST /?_task=mail&_action=refresh HTTP/1.0" 200 147 "https://webmail.promalca.com/?_task=mail&_mbox=Sent" "Mozilla/5.0 (Windows NT 10.0; Win64; x64) AppleWebKit/537.36 (KHTML, like Gecko) Chrome/143.0.0.0 Safari/537.36"
127.0.0.1 - - [16/Dec/2025:11:18:21 -0500] "POST /?_task=mail&_action=refresh HTTP/1.0" 200 147 "https://webmail.promalca.com/?_task=mail&_mbox=Sent" "Mozilla/5.0 (Windows NT 10.0; Win64; x64) AppleWebKit/537.36 (KHTML, like Gecko) Chrome/143.0.0.0 Safari/537.36"
